000
CXUS55 KEAX 220736
CF6IRK
PRELIMINARY LOCAL CLIMATOLOGICAL DATA (WS FORM: F-6)

                                          STATION:   KIRKSVILLE MO
                                          MONTH:     AUGUST
                                          YEAR:      2017
                                          LATITUDE:   40  5 N
                                          LONGITUDE:  92 33 W

  TEMPERATURE IN F:       :PCPN:    SNOW:  WIND      :SUNSHINE: SKY     :PK WND
================================================================================
1   2   3   4   5  6A  6B    7    8   9   10  11  12  13   14  15   16   17  18
                                     12Z  AVG MX 2MIN
DY MAX MIN AVG DEP HDD CDD  WTR  SNW DPTH SPD SPD DIR MIN PSBL S-S WX    SPD DR
================================================================================

 1  88  60  74  -2   0   9 0.00    M    M  3.0 10 260   M    M   1 1      12 260
 2  89  60  75  -1   0  10 0.14    M    M  4.3 24 300   M    M   2 13     33 290
 3  84  60  72  -4   0   7 0.00    M    M  8.8 21 310   M    M   2 13     27 310
 4  80  51  66  -9   0   1 0.00    M    M  8.0 18 360   M    M   1        25 360
 5  77  51  64 -11   1   0 0.05    M    M  6.4 18 140   M    M   2        23 160
 6  75  63  69  -6   0   4 0.13    M    M  4.4  9  80   M    M  10 1      12 130
 7  81  59  70  -5   0   5 0.00    M    M  7.0 15  40   M    M   5 12     21  60
 8  83  55  69  -6   0   4 0.00    M    M  4.1 12 130   M    M   2 8      17  80
 9  85  50  68  -7   0   3 0.00    M    M  5.0 14 180   M    M   1        19 210
10  90  61  76   1   0  11 0.00    M    M  5.0 15 220   M    M   4 38     21 300
11  86  56  71  -4   0   6 0.00    M    M  7.3 16 360   M    M   1        26  10
12  83  51  67  -8   0   2 0.00    M    M  4.8 14  30   M    M   1        25  80
13  83  53  68  -7   0   3 0.00    M    M  6.1 18  70   M    M   1 1      43 330
14  87  56  72  -2   0   7 0.00    M    M  5.8 15 150   M    M   2 1      19 140
15  92  67  80   6   0  15 0.00    M    M  5.6 23 340   M    M   2 13     30 340
16  84  67  76   2   0  11 0.14    M    M  9.9 24 140   M    M   4 13     29 140
17  84  64  74   0   0   9 0.00    M    M  9.3 22 280   M    M   3        29 290
18  90  58  74   0   0   9 0.00    M    M  5.9 18 210   M    M   0 1      24 210
19  92  60  76   2   0  11 0.00    M    M  4.0 14 280   M    M   1 12     18 280
20  89  61  75   2   0  10 0.30    M    M  7.0 25 310   M    M   1 13     35 280
21  79  67  73   0   0   8 3.20    M    M  7.0 23 360   M    M   4 138    30 360
================================================================================
SM 1781 1230         1 145  3.96    M    128.7          M       50
================================================================================
AV 84.8 58.6                               6.1 FASTST   M    M   2    MAX(MPH)
                                 MISC ---->  # 25 310               # 43  330
================================================================================
NOTES:
# LAST OF SEVERAL OCCURRENCES

COLUMN 17 PEAK WIND IN M.P.H.

PRELIMINARY LOCAL CLIMATOLOGICAL DATA (WS FORM: F-6) , PAGE 2

                                          STATION:  KIRKSVILLE MO
                                          MONTH:    AUGUST
                                          YEAR:     2017
                                          LATITUDE:   40  5 N
                                          LONGITUDE:  92 33 W

[TEMPERATURE DATA]      [PRECIPITATION DATA]       SYMBOLS USED IN COLUMN 16

AVERAGE MONTHLY: 71.7   TOTAL FOR MONTH:   3.96    1 = FOG OR MIST
DPTR FM NORMAL:  -3.0   DPTR FM NORMAL:    1.55    2 = FOG REDUCING VISIBILITY
HIGHEST:    92 ON 19,15 GRTST 24HR  3.20 ON 21-21      TO 1/4 MILE OR LESS
LOWEST:     50 ON  9                               3 = THUNDER
                        SNOW, ICE PELLETS, HAIL    4 = ICE PELLETS
                        TOTAL MONTH:    M          5 = HAIL
                        GRTST 24HR    M  ON   M    6 = FREEZING RAIN OR DRIZZLE
                        GRTST DEPTH:  M  ON   M    7 = DUSTSTORM OR SANDSTORM:
                                                       VSBY 1/2 MILE OR LESS
                                                   8 = SMOKE OR HAZE
[NO. OF DAYS WITH]      [WEATHER - DAYS WITH]      9 = BLOWING SNOW
                                                   X = TORNADO
MAX 32 OR BELOW:   0    0.01 INCH OR MORE:   6
MAX 90 OR ABOVE:   4    0.10 INCH OR MORE:   5
MIN 32 OR BELOW:   0    0.50 INCH OR MORE:   1
MIN  0 OR BELOW:   0    1.00 INCH OR MORE:   1

[HDD (BASE 65) ]
TOTAL THIS MO.     1    CLEAR  (SCALE 0-3)  16
DPTR FM NORMAL     1    PTCLDY (SCALE 4-7)   4
TOTAL FM JUL 1     1    CLOUDY (SCALE 8-10)  1
DPTR FM NORMAL     0

[CDD (BASE 65) ]
TOTAL THIS MO.   145
DPTR FM NORMAL   -58    [PRESSURE DATA]
TOTAL FM JAN 1   890    HIGHEST SLP  0.00 ON M
DPTR FM NORMAL   120    LOWEST  SLP  0.00 ON M

[REMARKS]
