003
CXUS53 KGRB 310717
CF6ISW
PRELIMINARY LOCAL CLIMATOLOGICAL DATA (WS FORM: F-6)

                                          STATION:   WISCONSIN RAPIDS ASOS
                                          MONTH:     MAY
                                          YEAR:      2016
                                          LATITUDE:   44 22 N
                                          LONGITUDE:  89 50 W

  TEMPERATURE IN F:       :PCPN:    SNOW:  WIND      :SUNSHINE: SKY     :PK WND
================================================================================
1   2   3   4   5  6A  6B    7    8   9   10  11  12  13   14  15   16   17  18
                                     12Z  AVG MX 2MIN
DY MAX MIN AVG DEP HDD CDD  WTR  SNW DPTH SPD SPD DIR MIN PSBL S-S WX    SPD DR
================================================================================

 1  61  37  49  -3  16   0    T  0.0    0  7.8 20 110   M    M   6        25  70
 2  67  31  49  -3  16   0 0.00  0.0    0  2.8 13 340   M    M   2 1      16 340
 3  70  35  53   1  12   0 0.17  0.0    0  6.9 28  10   M    M   5 123    41 280
 4  63  40  52  -1  13   0 0.00  0.0    0 12.8 25  20   M    M   1 1      33 320
 5  69  31  50  -3  15   0    T  0.0    0  4.2 13 310   M    M   0        17 300
 6  90  44  67  14   0   2 0.08  0.0    0  8.0 24  20   M    M   1 3      32  20
 7  70  45  58   4   7   0 0.00  0.0    0 10.9 24  30   M    M   1 1      32  30
 8  72  39  56   2   9   0 0.00  0.0    0  5.5 17 360   M    M   0        23  10
 9  69  43  56   2   9   0 0.00  0.0    0 12.6 25 120   M    M   3        35 120
10  53  46  50  -5  15   0 0.60  0.0    0 10.4 18 100   M    M  10 1      24  90
11  58  48  53  -2  12   0 0.01  0.0    0  5.9 13 110   M    M  10 1      17 120
12  67  46  57   2   8   0 0.15  0.0    0  8.7 18 280   M    M   7 1      24 320
13  52  38  45 -11  20   0 0.29  0.0    0  9.7 23 360   M    M   7 1      31 360
14  43  29  36 -20  29   0 0.04    T    0 11.4 28 340   M    M   6 8      34 340
15  59  26  43 -13  22   0 0.00  0.0    0  8.9 22 310   M    M   4        29 300
16  68  45  57   1   8   0 0.00  0.0    0 11.0 18 350   M    M   2        26 320
17  64  34  49  -8  16   0 0.00  0.0    0  5.6 14  60   M    M   2        21  60
18  69  33  51  -6  14   0 0.00  0.0    0  2.6 10 250   M    M   0        16 260
19  74  36  55  -2  10   0 0.00  0.0    0  4.0 16 200   M    M   0        20 210
20  76  41  59   1   6   0 0.00  0.0    0  4.1 14 110   M    M   0        18 160
21  82  42  62   4   3   0 0.00  0.0    0  4.4 17  20   M    M   1        25  20
22  85  45  65   7   0   0 0.00  0.0    0  4.1 12 240   M    M   0        18 260
23  86  57  72  13   0   7 0.00  0.0    0  9.4 22 220   M    M   0        29 220
24  83  56  70  11   0   5 0.03  0.0    0  4.4 15 290   M    M   5 3      19 210
25  81  54  68   9   0   3 0.59  0.0    0  6.9 21 110   M    M   2 13     29 110
26  82  58  70  10   0   5 0.39  0.0    0  5.4 18 260   M    M   4 123    26 270
27  79  56  68   8   0   3 0.48  0.0    0  6.2 16 120   M    M   7 1      21 110
28  81  65  73  13   0   8 0.07  0.0    0  8.4 24 200   M    M   6 13     33 200
29  78  56  67   7   0   2 0.05  0.0    0  9.3 22 280   M    M   6 1      29 270
30  83  54  69   8   0   4 0.00  0.0    0  4.8 14 280   M    M   2 1      18 320
================================================================================
SM 2134 1310       260  39  2.95    T    217.1          M      100
================================================================================
AV 71.1 43.7                               7.2 FASTST   M    M   3    MAX(MPH)
                                 MISC ---->  # 28  10               # 41  280
================================================================================
NOTES:
# LAST OF SEVERAL OCCURRENCES

COLUMN 17 PEAK WIND IN M.P.H.

PRELIMINARY LOCAL CLIMATOLOGICAL DATA (WS FORM: F-6) , PAGE 2

                                          STATION:  WISCONSIN RAPIDS ASOS
                                          MONTH:    MAY
                                          YEAR:     2016
                                          LATITUDE:   44 22 N
                                          LONGITUDE:  89 50 W

[TEMPERATURE DATA]      [PRECIPITATION DATA]       SYMBOLS USED IN COLUMN 16

AVERAGE MONTHLY: 57.4   TOTAL FOR MONTH:   2.95    1 = FOG OR MIST
DPTR FM NORMAL:   1.1   DPTR FM NORMAL:   -0.44    2 = FOG REDUCING VISIBILITY
HIGHEST:    90 ON  6    GRTST 24HR  0.98 ON 25-26      TO 1/4 MILE OR LESS
LOWEST:     26 ON 15                               3 = THUNDER
                        SNOW, ICE PELLETS, HAIL    4 = ICE PELLETS
                        TOTAL MONTH:    T          5 = HAIL
                        GRTST 24HR    T  ON 14-14  6 = FREEZING RAIN OR DRIZZLE
                        GRTST DEPTH:   0           7 = DUSTSTORM OR SANDSTORM:
                                                       VSBY 1/2 MILE OR LESS
                                                   8 = SMOKE OR HAZE
[NO. OF DAYS WITH]      [WEATHER - DAYS WITH]      9 = BLOWING SNOW
                                                   X = TORNADO
MAX 32 OR BELOW:   0    0.01 INCH OR MORE:  13
MAX 90 OR ABOVE:   1    0.10 INCH OR MORE:   7
MIN 32 OR BELOW:   4    0.50 INCH OR MORE:   2
MIN  0 OR BELOW:   0    1.00 INCH OR MORE:   0

[HDD (BASE 65) ]
TOTAL THIS MO.   260    CLEAR  (SCALE 0-3)  16
DPTR FM NORMAL   -23    PTCLDY (SCALE 4-7)  12
TOTAL FM JUL 1  6681    CLOUDY (SCALE 8-10)  2
DPTR FM NORMAL -1223

[CDD (BASE 65) ]
TOTAL THIS MO.    39
DPTR FM NORMAL    21    [PRESSURE DATA]
TOTAL FM JAN 1    39    HIGHEST SLP M ON M
DPTR FM NORMAL    20    LOWEST  SLP 29.61 ON  7

[REMARKS]
