000
CXUS52 TJSJ 230426
CF6ISX
PRELIMINARY LOCAL CLIMATOLOGICAL DATA (WS FORM: F-6)

                                          STATION:   HENRY E. ROHLSEN AIRPORT/USVI
                                          MONTH:     APRIL
                                          YEAR:      2014
                                          LATITUDE:   17 42 N
                                          LONGITUDE:  64 48 W

  TEMPERATURE IN F:       :PCPN:    SNOW:  WIND      :SUNSHINE: SKY     :PK WND
================================================================================
1   2   3   4   5  6A  6B    7    8   9   10  11  12  13   14  15   16   17  18
                                     12Z  AVG MX 2MIN
DY MAX MIN AVG DEP HDD CDD  WTR  SNW DPTH SPD SPD DIR MIN PSBL S-S WX    SPD DR
================================================================================

 1  87  71  79   0   0  14 0.06  0.0    0  5.7 14 120   M    M   1        17 110
 2  84  72  78  -1   0  13 0.97  0.0    0  5.2 23 300   M    M   3 1      29 300
 3  86  71  79   0   0  14 0.07  0.0    0  7.1 16 110   M    M   4 1      21 140
 4  83  72  78  -1   0  13 0.46  0.0    0  7.2 17  90   M    M   4 1      21 110
 5  83  74  79   0   0  14 0.21  0.0    0 11.2 22  90   M    M   5 18     30  80
 6  86  74  80   1   0  15 0.05  0.0    0 13.9 24 100   M    M   4 1      30 100
 7  86  76  81   1   0  16    T  0.0    0 13.5 25 100   M    M   5        31 100
 8  88  76  82   2   0  17    T  0.0    0 14.3 23  90   M    M   2        29  70
 9  86  76  81   1   0  16    T  0.0    0 13.4 20 110   M    M   4        24 100
10  86  74  80   0   0  15    T  0.0    0  9.2 16 110   M    M   3        21 110
11  86  74  80   0   0  15 0.21  0.0    0 10.3 28 100   M    M   4 18     33 110
12  86  70  78  -2   0  13    T  0.0    0  9.8 22 110   M    M   2        28 120
13  85  71  78  -2   0  13 0.00  0.0    0  9.0 20 110   M    M   4        23 100
14  87  73  80   0   0  15 0.00  0.0    0  9.2 17  60   M    M   3        24 110
15  86  73  80   0   0  15    T  0.0    0  8.8 14 120   M    M   4        22 110
16  86  73  80   0   0  15 0.03  0.0    0  6.9 15 110   M    M   3        18 110
17  87  74  81   1   0  16    T  0.0    0 12.9 22 100   M    M   3        35 100
18  88  75  82   2   0  17 0.02  0.0    0 17.1 28  90   M    M   4        37 100
19  87  75  81   1   0  16 0.61  0.0    0 14.7 28  90   M    M   5 1      35 110
20  86  77  82   2   0  17 0.03  0.0    0 13.7 22 100   M    M   3 8      30 110
21  87  77  82   2   0  17    T  0.0    0 11.7 17 110   M    M   3        23 100
22  85  79  82   2   0  17 0.00  0.0    0  7.8 15 120   M    M   3        18 120
================================================================================
SM 1891 1627         0 333  2.72     0.0 232.6          M       76
================================================================================
AV 86.0 74.0                              10.6 FASTST   M    M   3    MAX(MPH)
                                 MISC ---->  # 28 100               # 37  100
================================================================================
NOTES:
# LAST OF SEVERAL OCCURRENCES

COLUMN 17 PEAK WIND IN M.P.H.

PRELIMINARY LOCAL CLIMATOLOGICAL DATA (WS FORM: F-6) , PAGE 2

                                          STATION:  HENRY E. ROHLSEN AIRPORT/USVI
                                          MONTH:    APRIL
                                          YEAR:     2014
                                          LATITUDE:   17 42 N
                                          LONGITUDE:  64 48 W

[TEMPERATURE DATA]      [PRECIPITATION DATA]       SYMBOLS USED IN COLUMN 16

AVERAGE MONTHLY: 80.0   TOTAL FOR MONTH:   2.72    1 = FOG OR MIST
DPTR FM NORMAL:   0.2   DPTR FM NORMAL:    1.33    2 = FOG REDUCING VISIBILITY
HIGHEST:    88 ON 18, 8 GRTST 24HR  1.03 ON  1- 2      TO 1/4 MILE OR LESS
LOWEST:     70 ON 12                               3 = THUNDER
                        SNOW, ICE PELLETS, HAIL    4 = ICE PELLETS
                        TOTAL MONTH:   0.0 INCH    5 = HAIL
                        GRTST 24HR     0.0         6 = FREEZING RAIN OR DRIZZLE
                        GRTST DEPTH:   0           7 = DUSTSTORM OR SANDSTORM:
                                                       VSBY 1/2 MILE OR LESS
                                                   8 = SMOKE OR HAZE
[NO. OF DAYS WITH]      [WEATHER - DAYS WITH]      9 = BLOWING SNOW
                                                   X = TORNADO
MAX 32 OR BELOW:   0    0.01 INCH OR MORE:  11
MAX 90 OR ABOVE:   0    0.10 INCH OR MORE:   5
MIN 32 OR BELOW:   0    0.50 INCH OR MORE:   2
MIN  0 OR BELOW:   0    1.00 INCH OR MORE:   0

[HDD (BASE 65) ]
TOTAL THIS MO.     0    CLEAR  (SCALE 0-3)   6
DPTR FM NORMAL     0    PTCLDY (SCALE 4-7)  16
TOTAL FM JUL 1     0    CLOUDY (SCALE 8-10)  0
DPTR FM NORMAL     0

[CDD (BASE 65) ]
TOTAL THIS MO.   333
DPTR FM NORMAL    10    [PRESSURE DATA]
TOTAL FM JAN 1  1615    HIGHEST SLP M ON M
DPTR FM NORMAL    95    LOWEST  SLP 29.85 ON 22

[REMARKS]
