728
CXUS55 KEAX 230736
CF6IXD
PRELIMINARY LOCAL CLIMATOLOGICAL DATA (WS FORM: F-6)

                                          STATION:   New Century Air Center KS
                                          MONTH:     MAY
                                          YEAR:      2016
                                          LATITUDE:   38 49 N
                                          LONGITUDE:  94 54 W

  TEMPERATURE IN F:       :PCPN:    SNOW:  WIND      :SUNSHINE: SKY     :PK WND
================================================================================
1   2   3   4   5  6A  6B    7    8   9   10  11  12  13   14  15   16   17  18
                                     12Z  AVG MX 2MIN
DY MAX MIN AVG DEP HDD CDD  WTR  SNW DPTH SPD SPD DIR MIN PSBL S-S WX    SPD DR
================================================================================

 1  60  46  53  -7  12   0 0.00    M    M  9.9 20 340   M    M   7        23 320
 2  56  47  52  -8  13   0 0.01    M    M  5.8 12 340   M    M   8        14 350
 3  69  42  56  -4   9   0 0.00    M    M  4.4 15 260   M    M   1        20 260
 4  70  50  60  -1   5   0 0.00    M    M 11.2 23 350   M    M   0        39 320
 5  74  46  60  -1   5   0 0.00    M    M  5.5 13 330   M    M   0        16  10
 6  81  46  64   2   1   0 0.00    M    M  8.6 15 190   M    M   0 8      22 210
 7  86  59  73  11   0   8 0.00    M    M  9.9 16 210   M    M   0        22 210
 8  71  61  66   4   0   1 1.14    M    M 10.1 22 310   M    M   5 138    27 320
 9  74  58  66   3   0   1 0.06    M    M 10.6 25 230   M    M   6 13     32 230
10  81  54  68   5   0   3 0.00    M    M  5.2 12 190   M    M   2        15 180
11  76  56  66   3   0   1 0.63    M    M 10.1 29 170   M    M   6 13     41 190
12  71  50  61  -3   4   0 0.00    M    M  9.5 20 300   M    M   0        26 300
13  80  45  63  -1   2   0 0.22    M    M 14.2 31 350   M    M   2 3      41 350
14  60  42  51 -13  14   0 0.00    M    M 10.8 22 330   M    M   0        28 330
15  66  42  54 -11  11   0 0.15    M    M  3.4 12 190   M    M   3 1      15 190
16  53  50  52 -13  13   0 0.50    M    M  9.6 17 130   M    M  10 1      24 120
17  60  45  53 -12  12   0 0.19    M    M  9.8 20  20   M    M   8 1      31  40
18  68  44  56 -10   9   0 0.00    M    M  3.2 10 130   M    M   5        14 100
19  67  46  57  -9   8   0 0.06    M    M  5.5 17 140   M    M   5 1      22 150
20  66  55  61  -5   4   0    T    M    M  5.9 13 130   M    M  10        15 130
21  74  50  62  -5   3   0 0.02    M    M  7.0 16 120   M    M   3 3      20  90
22  80  57  69   2   0   4 0.00    M    M 10.9 18 140   M    M   1        22 140
================================================================================
SM 1543 1091       125  18  2.98    M    181.1          M       82
================================================================================
AV 70.1 49.6                               8.2 FASTST   M    M   4    MAX(MPH)
                                 MISC ---->  # 31 350               # 41  190
================================================================================
NOTES:
# LAST OF SEVERAL OCCURRENCES

COLUMN 17 PEAK WIND IN M.P.H.

PRELIMINARY LOCAL CLIMATOLOGICAL DATA (WS FORM: F-6) , PAGE 2

                                          STATION:  New Century Air Center KS
                                          MONTH:    MAY
                                          YEAR:     2016
                                          LATITUDE:   38 49 N
                                          LONGITUDE:  94 54 W

[TEMPERATURE DATA]      [PRECIPITATION DATA]       SYMBOLS USED IN COLUMN 16

AVERAGE MONTHLY: 59.9   TOTAL FOR MONTH:   2.98    1 = FOG OR MIST
DPTR FM NORMAL:  -3.6   DPTR FM NORMAL:   -0.64    2 = FOG REDUCING VISIBILITY
HIGHEST:    86 ON  7    GRTST 24HR  1.14 ON  8- 8      TO 1/4 MILE OR LESS
LOWEST:     42 ON 15,14                            3 = THUNDER
                        SNOW, ICE PELLETS, HAIL    4 = ICE PELLETS
                        TOTAL MONTH:    M          5 = HAIL
                        GRTST 24HR    M  ON   M    6 = FREEZING RAIN OR DRIZZLE
                        GRTST DEPTH:  M  ON   M    7 = DUSTSTORM OR SANDSTORM:
                                                       VSBY 1/2 MILE OR LESS
                                                   8 = SMOKE OR HAZE
[NO. OF DAYS WITH]      [WEATHER - DAYS WITH]      9 = BLOWING SNOW
                                                   X = TORNADO
MAX 32 OR BELOW:   0    0.01 INCH OR MORE:  10
MAX 90 OR ABOVE:   0    0.10 INCH OR MORE:   6
MIN 32 OR BELOW:   0    0.50 INCH OR MORE:   3
MIN  0 OR BELOW:   0    1.00 INCH OR MORE:   1

[HDD (BASE 65) ]
TOTAL THIS MO.   125    CLEAR  (SCALE 0-3)  12
DPTR FM NORMAL    41    PTCLDY (SCALE 4-7)   8
TOTAL FM JUL 1  4127    CLOUDY (SCALE 8-10)  2
DPTR FM NORMAL  -915

[CDD (BASE 65) ]
TOTAL THIS MO.    18
DPTR FM NORMAL   -32    [PRESSURE DATA]
TOTAL FM JAN 1   482    HIGHEST SLP  0.00 ON M
DPTR FM NORMAL   414    LOWEST  SLP  0.00 ON M

[REMARKS]
