000
CXUS55 KRIW 300901
CF6JAC
PRELIMINARY LOCAL CLIMATOLOGICAL DATA (WS FORM: F-6)

                                          STATION:   JACKSON  WY
                                          MONTH:     AUGUST
                                          YEAR:      2014
                                          LATITUDE:   43 35 N
                                          LONGITUDE: 110 44 W

  TEMPERATURE IN F:       :PCPN:    SNOW:  WIND      :SUNSHINE: SKY     :PK WND
================================================================================
1   2   3   4   5  6A  6B    7    8   9   10  11  12  13   14  15   16   17  18
                                     12Z  AVG MX 2MIN
DY MAX MIN AVG DEP HDD CDD  WTR  SNW DPTH SPD SPD DIR MIN PSBL S-S WX    SPD DR
================================================================================

 1  79  45  62  -1   3   0    M    M    M  4.5 13  40   M    M   2        16 350
 2  81  45  63   0   2   0    M    M    M  3.3 10 240   M    M   0         M  M
 3  84  43  64   1   1   0    M    M    M  4.2 13  20   M    M   1        17  10
 4  66  55  61  -1   4   0    M    M    M  5.0 14 360   M    M   9 3       M  M
 5  68  55  62   0   3   0    M    M    M  4.4  9 170   M    M   7         M  M
 6  66  52  59  -3   6   0    M    M    M  3.8 22 350   M    M   8 3      25 350
 7  72  48  60  -2   5   0    M    M    M  3.4 10  60   M    M   6 3       M  M
 8  73  41  57  -5   8   0    M    M    M  2.7 16 360   M    M   2         M  M
 9  75  43  59  -3   6   0    M    M    M  3.3  9  10   M    M   1         M  M
10  81  43  62   0   3   0    M    M    M  2.5  9 350   M    M   0         M  M
11  82  43  63   1   2   0    M    M    M  3.5  7 330   M    M   0         M  M
12  82  45  64   3   1   0    M    M    M  5.3 12 360   M    M   3         M  M
13  77  52  65   4   0   0    M    M    M  5.2 20 270   M    M   5 3      29 270
14  75  48  62   1   3   0    M    M    M  3.3 10 190   M    M   4         M  M
15  81  46  64   3   1   0    M    M    M  3.4 10 180   M    M   3 3      25 280
16  79  39  59  -2   6   0    M    M    M  6.1 14 240   M    M   1         M  M
17  81  39  60   0   5   0    M    M    M  3.8 10 260   M    M   0         M  M
18  82  43  63   3   2   0    M    M    M  6.8 16 360   M    M   2        23 360
19  75  45  60   0   5   0    M    M    M  5.6 16 220   M    M   3 3      22 220
20  66  41  54  -6  11   0    M    M    M  2.6  9 160   M    M   7 13      M  M
21  64  50  57  -3   8   0    M    M    M  4.4 12 160   M    M   8 13      M  M
22  50  45  48 -11  17   0    M    M    M  4.0 12 220   M    M   8 1       M  M
23  54  45  50  -9  15   0    M    M    M  5.6 14 220   M    M   8        16 190
24  59  39  49 -10  16   0    M    M    M  4.1 15 170   M    M   6        20 170
25  61  34  48 -10  17   0    M    M    M  2.7 21 180   M    M   5 1      24 180
26  70  37  54  -4  11   0    M    M    M  3.6 12 310   M    M   4         M  M
27  72  41  57  -1   8   0    M    M    M  2.6 10 270   M    M   2         M  M
28  75  39  57  -1   8   0    M    M    M  3.0 18  10   M    M   1         M  M
29  75  45  60   3   5   0    M    M    M  4.2 14 160   M    M   2        17 360
================================================================================
SM 2105 1286       182   0    M     M    116.9          M      108
================================================================================
AV 72.6 44.3                               4.0 FASTST   M    M   4    MAX(MPH)
                                 MISC ---->    22   M                 29    M
================================================================================
NOTES:
# LAST OF SEVERAL OCCURRENCES

COLUMN 17 PEAK WIND IN M.P.H.

PRELIMINARY LOCAL CLIMATOLOGICAL DATA (WS FORM: F-6) , PAGE 2

                                          STATION:  JACKSON  WY
                                          MONTH:    AUGUST
                                          YEAR:     2014
                                          LATITUDE:   43 35 N
                                          LONGITUDE: 110 44 W

[TEMPERATURE DATA]      [PRECIPITATION DATA]       SYMBOLS USED IN COLUMN 16

AVERAGE MONTHLY: 58.5   TOTAL FOR MONTH:      M    1 = FOG OR MIST
DPTR FM NORMAL:  -2.1   DPTR FM NORMAL:       M    2 = FOG REDUCING VISIBILITY
HIGHEST:    84 ON  3    GRTST 24HR    M  ON   M        TO 1/4 MILE OR LESS
LOWEST:     34 ON 25                               3 = THUNDER
                        SNOW, ICE PELLETS, HAIL    4 = ICE PELLETS
                        TOTAL MONTH:    M          5 = HAIL
                        GRTST 24HR    M  ON   M    6 = FREEZING RAIN OR DRIZZLE
                        GRTST DEPTH:  M  ON   M    7 = DUSTSTORM OR SANDSTORM:
                                                       VSBY 1/2 MILE OR LESS
                                                   8 = SMOKE OR HAZE
[NO. OF DAYS WITH]      [WEATHER - DAYS WITH]      9 = BLOWING SNOW
                                                   X = TORNADO
MAX 32 OR BELOW:   0    0.01 INCH OR MORE:   0
MAX 90 OR ABOVE:   0    0.10 INCH OR MORE:   0
MIN 32 OR BELOW:   0    0.50 INCH OR MORE:   0
MIN  0 OR BELOW:   0    1.00 INCH OR MORE:   0

[HDD (BASE 65) ]
TOTAL THIS MO.   182    CLEAR  (SCALE 0-3)  16
DPTR FM NORMAL    39    PTCLDY (SCALE 4-7)  12
TOTAL FM JUL 1   251    CLOUDY (SCALE 8-10)  1
DPTR FM NORMAL   -16

[CDD (BASE 65) ]
TOTAL THIS MO.     0
DPTR FM NORMAL   -13    [PRESSURE DATA]
TOTAL FM JAN 1     9    HIGHEST SLP M ON M
DPTR FM NORMAL   -33    LOWEST  SLP M ON M

[REMARKS]
