000
CXUS55 KRIW 010902
CF6JAC
PRELIMINARY LOCAL CLIMATOLOGICAL DATA (WS FORM: F-6)

                                          STATION:   JACKSON  WY
                                          MONTH:     AUGUST
                                          YEAR:      2015
                                          LATITUDE:   43 35 N
                                          LONGITUDE: 110 44 W

  TEMPERATURE IN F:       :PCPN:    SNOW:  WIND      :SUNSHINE: SKY     :PK WND
================================================================================
1   2   3   4   5  6A  6B    7    8   9   10  11  12  13   14  15   16   17  18
                                     12Z  AVG MX 2MIN
DY MAX MIN AVG DEP HDD CDD  WTR  SNW DPTH SPD SPD DIR MIN PSBL S-S WX    SPD DR
================================================================================

 1  84  45  65   2   0   0 0.00  0.0    M  2.8  9 280   M    M   0         M  M
 2  86   M   M   M   M   M    M    M    M  1.5  6 120   M    M   0         M  M
 3  73   M   M   M   M   M    M    M    M  4.6 12 180   M    M   4 38      M  M
 4  77   M   M   M   M   M    M    M    M  4.0 10 210   M    M   5 3       M  M
 5  75   M   M   M   M   M    M    M    M  3.8 15 160   M    M   6 3      24 120
 6  72   M   M   M   M   M    M    M    M 10.1 17 160   M    M   5        23 210
 7  75  48  62   0   3   0    M    M    M  8.1 18 210   M    M   6        28 210
 8  59  48  54  -8  11   0    M    M    M  4.6  9 220   M    M  10 3       M  M
 9  73  45  59  -3   6   0    M    M    M  1.5  7 360   M    M   4         M  M
10  81  39  60  -2   5   0 0.00  0.0    0  2.9 13 240   M    M   0         M  M
11  84  45  65   3   0   0 0.00  0.0    0  4.1 10 120   M    M   1        21 200
12  81  54  68   7   0   3 0.00  0.0    0  3.3 10 250   M    M   3         M  M
13  84  46  65   4   0   0 0.00  0.0    0  4.2 12 220   M    M   0         M  M
14  81  46  64   3   1   0 0.15  0.0    0  3.3 12 360   M    M   3 3       M  M
15  82  50  66   5   0   1 0.00  0.0    0  6.5 18 240   M    M   1        25 240
16  77  39  58  -3   7   0 0.00  0.0    0  7.6 15 240   M    M   0        22 240
17  73  36  55  -5  10   0 0.00  0.0    0  7.0 21 290   M    M   2        29 250
18  66  36  51  -9  14   0 0.00  0.0    0  7.0 20 350   M    M   4        23 350
19  73  37  55  -5  10   0 0.00  0.0    0  5.6 14 250   M    M   1        23 200
20  77  37  57  -3   8   0 0.00  0.0    0  4.6 14 240   M    M   0        23 250
21  81  34  58  -2   7   0 0.00  0.0    0 11.3 25 230   M    M   0        35 230
22  70  39  55  -4  10   0 0.00  0.0    0  7.9 15 250   M    M   2        23 250
23  81  30  56  -3   9   0 0.00  0.0    0  2.9  9 360   M    M   0         M  M
24  84  36  60   1   5   0 0.00  0.0    0  4.7 12 260   M    M   0         M  M
25  90  39  65   7   0   0 0.01  0.0    0  4.5 12 180   M    M   0        18 180
26  66  48  57  -1   8   0 0.49  0.0    0  2.2  7 180   M    M   6         M  M
27  75  46  61   3   4   0 0.05  0.0    0  3.6 13  10   M    M   6 3       M  M
28  81  41  61   3   4   0 0.00  0.0    0  3.9 12 230   M    M   1        21 230
29  82  43  63   6   2   0 0.00  0.0    0  3.9 16 180   M    M   2 3      25 180
30  75  52  64   7   1   0 0.00  0.0    0  9.3 17 240   M    M   3 3      21 150
31  73  43  58   1   7   0 0.00  0.0    0  6.2 17 230   M    M   0        25 230
================================================================================
SM 2391 1102       132   4  0.70     0.0 157.5          M       75
================================================================================
AV 77.1 42.4                               5.1 FASTST   M    M   2    MAX(MPH)
                                 MISC ---->    25   M               # 35  230
================================================================================
NOTES:
# LAST OF SEVERAL OCCURRENCES

COLUMN 17 PEAK WIND IN M.P.H.

PRELIMINARY LOCAL CLIMATOLOGICAL DATA (WS FORM: F-6) , PAGE 2

                                          STATION:  JACKSON  WY
                                          MONTH:    AUGUST
                                          YEAR:     2015
                                          LATITUDE:   43 35 N
                                          LONGITUDE: 110 44 W

[TEMPERATURE DATA]      [PRECIPITATION DATA]       SYMBOLS USED IN COLUMN 16

AVERAGE MONTHLY: 59.8   TOTAL FOR MONTH:   0.70    1 = FOG OR MIST
DPTR FM NORMAL:  -0.5   DPTR FM NORMAL:   -0.59    2 = FOG REDUCING VISIBILITY
HIGHEST:    90 ON 25    GRTST 24HR  0.49 ON 26-26      TO 1/4 MILE OR LESS
LOWEST:     30 ON 23                               3 = THUNDER
                        SNOW, ICE PELLETS, HAIL    4 = ICE PELLETS
                        TOTAL MONTH:   0.0 INCH    5 = HAIL
                        GRTST 24HR     0.0         6 = FREEZING RAIN OR DRIZZLE
                        GRTST DEPTH:   0           7 = DUSTSTORM OR SANDSTORM:
                                                       VSBY 1/2 MILE OR LESS
                                                   8 = SMOKE OR HAZE
[NO. OF DAYS WITH]      [WEATHER - DAYS WITH]      9 = BLOWING SNOW
                                                   X = TORNADO
MAX 32 OR BELOW:   0    0.01 INCH OR MORE:   4
MAX 90 OR ABOVE:   1    0.10 INCH OR MORE:   2
MIN 32 OR BELOW:   1    0.50 INCH OR MORE:   0
MIN  0 OR BELOW:   0    1.00 INCH OR MORE:   0

[HDD (BASE 65) ]
TOTAL THIS MO.   132    CLEAR  (SCALE 0-3)  19
DPTR FM NORMAL   -27    PTCLDY (SCALE 4-7)  11
TOTAL FM JUL 1   303    CLOUDY (SCALE 8-10)  1
DPTR FM NORMAL    20

[CDD (BASE 65) ]
TOTAL THIS MO.     4
DPTR FM NORMAL   -10    [PRESSURE DATA]
TOTAL FM JAN 1    24    HIGHEST SLP M ON M
DPTR FM NORMAL   -19    LOWEST  SLP M ON M

[REMARKS]
#FINAL-08-15#
