000
CXUS54 KMEG 210644
CF6JBR
PRELIMINARY LOCAL CLIMATOLOGICAL DATA (WS FORM: F-6)

                                          STATION:   JONESBORO
                                          MONTH:     SEPTEMBER
                                          YEAR:      2017
                                          LATITUDE:   35 49 N
                                          LONGITUDE:  90 39 W

  TEMPERATURE IN F:       :PCPN:    SNOW:  WIND      :SUNSHINE: SKY     :PK WND
================================================================================
1   2   3   4   5  6A  6B    7    8   9   10  11  12  13   14  15   16   17  18
                                     12Z  AVG MX 2MIN
DY MAX MIN AVG DEP HDD CDD  WTR  SNW DPTH SPD SPD DIR MIN PSBL S-S WX    SPD DR
================================================================================

 1  78  65  72  -5   0   7 0.00  0.0    0  5.6 14 290   M    M   6        19 340
 2  82  63  73  -4   0   8 0.00  0.0    0  2.3 13 230   M    M   2 1      15 290
 3  86  63  75  -1   0  10 0.00  0.0    0  3.8 12 210   M    M   0        14 210
 4  89  67  78   2   0  13 0.00  0.0    0  9.2 18 220   M    M   1        24 200
 5  78  61  70  -6   0   5 0.00  0.0    0  6.9 16  40   M    M   3        23  30
 6  75  58  67  -9   0   2 0.00  0.0    0  6.4 13  20   M    M   1        22  30
 7  77  50  64 -11   1   0 0.00  0.0    0  1.7  8 170   M    M   0        11 200
 8  81  52  67  -8   0   2 0.00  0.0    0  2.6  9 190   M    M   0        17 230
 9  81  56  69  -5   0   4 0.00  0.0    0  7.3 18  70   M    M   0        23  70
10  79  60  70  -4   0   5 0.00  0.0    0  9.5 22  60   M    M   0        29  60
11  79  59  69  -5   0   4 0.00  0.0    0  9.3 20  60   M    M   1        24  30
12  68  59  64  -9   1   0 0.23  0.0    0  7.2 18  20   M    M   9 1      25  30
13  78  62  70  -3   0   5 0.01  0.0    0  5.9 13 250   M    M   9 1      16 250
14  86  61  74   1   0   9 0.00  0.0    0  4.3 14 210   M    M   0        18 120
15  87  61  74   2   0   9 0.00  0.0    0  3.4 12 200   M    M   0 1      15 190
16  91  63  77   5   0  12 0.00  0.0    0  3.7 12 220   M    M   1 1      16 110
17  92  66  79   8   0  14 0.06  0.0    0  2.6 12  60   M    M   2 123    16  90
18  93  69  81  10   0  16 0.08  0.0    0  3.5 21 220   M    M   1 138    24 230
19  91  68  80   9   0  15 0.00  0.0    0  4.0 14 190   M    M   2 1      18 170
20  93  69  81  11   0  16 0.00  0.0    0  6.9 20 220   M    M   0 1      24 180
================================================================================
SM 1664 1232         2 156  0.38     0.0 106.1          M       38
================================================================================
AV 83.2 61.6                               5.3 FASTST   M    M   2    MAX(MPH)
                                 MISC ---->  # 22  60               # 29   60
================================================================================
NOTES:
# LAST OF SEVERAL OCCURRENCES

COLUMN 17 PEAK WIND IN M.P.H.

PRELIMINARY LOCAL CLIMATOLOGICAL DATA (WS FORM: F-6) , PAGE 2

                                          STATION:  JONESBORO
                                          MONTH:    SEPTEMBER
                                          YEAR:     2017
                                          LATITUDE:   35 49 N
                                          LONGITUDE:  90 39 W

[TEMPERATURE DATA]      [PRECIPITATION DATA]       SYMBOLS USED IN COLUMN 16

AVERAGE MONTHLY: 72.4   TOTAL FOR MONTH:   0.38    1 = FOG OR MIST
DPTR FM NORMAL:  -1.4   DPTR FM NORMAL:   -1.57    2 = FOG REDUCING VISIBILITY
HIGHEST:    93 ON 20,18 GRTST 24HR  2.65 ON 31- 1      TO 1/4 MILE OR LESS
LOWEST:     50 ON  7                               3 = THUNDER
                        SNOW, ICE PELLETS, HAIL    4 = ICE PELLETS
                        TOTAL MONTH:   0.0 INCH    5 = HAIL
                        GRTST 24HR     0.0         6 = FREEZING RAIN OR DRIZZLE
                        GRTST DEPTH:   0           7 = DUSTSTORM OR SANDSTORM:
                                                       VSBY 1/2 MILE OR LESS
                                                   8 = SMOKE OR HAZE
[NO. OF DAYS WITH]      [WEATHER - DAYS WITH]      9 = BLOWING SNOW
                                                   X = TORNADO
MAX 32 OR BELOW:   0    0.01 INCH OR MORE:   4
MAX 90 OR ABOVE:   5    0.10 INCH OR MORE:   1
MIN 32 OR BELOW:   0    0.50 INCH OR MORE:   0
MIN  0 OR BELOW:   0    1.00 INCH OR MORE:   0

[HDD (BASE 65) ]
TOTAL THIS MO.     2    CLEAR  (SCALE 0-3)  17
DPTR FM NORMAL    -1    PTCLDY (SCALE 4-7)   1
TOTAL FM JUL 1     2    CLOUDY (SCALE 8-10)  2
DPTR FM NORMAL    -1

[CDD (BASE 65) ]
TOTAL THIS MO.   156
DPTR FM NORMAL   -23    [PRESSURE DATA]
TOTAL FM JAN 1  1689    HIGHEST SLP M ON M
DPTR FM NORMAL   -36    LOWEST  SLP 29.68 ON 13

[REMARKS]
