000
CXUS54 KSJT 231210
CF6JCT
PRELIMINARY LOCAL CLIMATOLOGICAL DATA (WS FORM: F-6)

                                          STATION:   JUNCTION
                                          MONTH:     MAY
                                          YEAR:      2017
                                          LATITUDE:   30 18 N
                                          LONGITUDE:  99 28 W

  TEMPERATURE IN F:       :PCPN:    SNOW:  WIND      :SUNSHINE: SKY     :PK WND
================================================================================
1   2   3   4   5  6A  6B    7    8   9   10  11  12  13   14  15   16   17  18
                                     12Z  AVG MX 2MIN
DY MAX MIN AVG DEP HDD CDD  WTR  SNW DPTH SPD SPD DIR MIN PSBL S-S WX    SPD DR
================================================================================

 1  89  41  65  -5   0   0 0.00  0.0    0  8.1 24 200   M    M   0 8      30 210
 2  90  57  74   4   0   9 0.00  0.0    0 12.0 26 180   M    M   0        36 180
 3  91  62  77   7   0  12 0.00  0.0    0 11.3 24  10   M    M   4 8      33 340
 4  78  50  64  -7   1   0 0.00  0.0    0 10.7 25  10   M    M   0        31  10
 5  86  40  63  -8   2   0 0.00  0.0    0  4.1 15  20   M    M   0        20  10
 6  89  47  68  -3   0   3 0.00  0.0    0  7.1 17 140   M    M   0        23 140
 7  87  61  74   2   0   9 0.00  0.0    0  9.0 18 130   M    M   0 8      32 140
 8  73  66  70  -2   0   5    T  0.0    0 11.5 21 150   M    M  10 8      28 170
 9  78  66  72   0   0   7    T  0.0    0 12.3 22 130   M    M  10 18     30 150
10  87  71  79   7   0  14    T  0.0    0 11.7 22 140   M    M   7 18     29 160
11  93  67  80   7   0  15 0.00  0.0    0  5.5 17 310   M    M   2 8      25 330
12  85  58  72  -1   0   7 0.00  0.0    0  8.7 20 350   M    M   0 8      26 330
13  92  46  69  -4   0   4 0.00  0.0    0  6.0 15 150   M    M   0        20 160
14  93  63  78   4   0  13 0.00  0.0    0 10.8 21 170   M    M   0        27 150
15  89  65  77   3   0  12 0.00  0.0    0 11.7 22 170   M    M   0        28 140
16  84  72  78   4   0  13 0.00  0.0    0 13.7 24 140   M    M   9        31 150
17  93  62  78   4   0  13 0.10  0.0    0  6.1 23 350   M    M   3 1      29 350
18  92  72  82   7   0  17 0.00  0.0    0 13.6 24 170   M    M   3 18     33 160
19  89  65  77   2   0  12 0.02  0.0    0 13.7 23  10   M    M   7 18     29  10
20  78  63  71  -4   0   6 0.58  0.0    0  8.3 17 120   M    M   7 1      20 110
21  71  60  66  -9   0   1 0.34  0.0    0 11.0 22  80   M    M   9 1      27  70
22  74  58  66 -10   0   1 0.03  0.0    0  6.5 15  10   M    M   9 1      19 360
================================================================================
SM 1881 1312         3 173  1.07     0.0 213.4          M       80
================================================================================
AV 85.5 59.6                               9.7 FASTST   M    M   4    MAX(MPH)
                                 MISC ---->  # 26 180               # 36  180
================================================================================
NOTES:
# LAST OF SEVERAL OCCURRENCES

COLUMN 17 PEAK WIND IN M.P.H.

PRELIMINARY LOCAL CLIMATOLOGICAL DATA (WS FORM: F-6) , PAGE 2

                                          STATION:  JUNCTION
                                          MONTH:    MAY
                                          YEAR:     2017
                                          LATITUDE:   30 18 N
                                          LONGITUDE:  99 28 W

[TEMPERATURE DATA]      [PRECIPITATION DATA]       SYMBOLS USED IN COLUMN 16

AVERAGE MONTHLY: 72.6   TOTAL FOR MONTH:   1.07    1 = FOG OR MIST
DPTR FM NORMAL:  -0.2   DPTR FM NORMAL:   -1.21    2 = FOG REDUCING VISIBILITY
HIGHEST:    93 ON 17,14 GRTST 24HR  0.60 ON 19-20      TO 1/4 MILE OR LESS
LOWEST:     40 ON  5                               3 = THUNDER
                        SNOW, ICE PELLETS, HAIL    4 = ICE PELLETS
                        TOTAL MONTH:   0.0 INCH    5 = HAIL
                        GRTST 24HR     0.0         6 = FREEZING RAIN OR DRIZZLE
                        GRTST DEPTH:   0           7 = DUSTSTORM OR SANDSTORM:
                                                       VSBY 1/2 MILE OR LESS
                                                   8 = SMOKE OR HAZE
[NO. OF DAYS WITH]      [WEATHER - DAYS WITH]      9 = BLOWING SNOW
                                                   X = TORNADO
MAX 32 OR BELOW:   0    0.01 INCH OR MORE:   5
MAX 90 OR ABOVE:   7    0.10 INCH OR MORE:   3
MIN 32 OR BELOW:   0    0.50 INCH OR MORE:   1
MIN  0 OR BELOW:   0    1.00 INCH OR MORE:   0

[HDD (BASE 65) ]
TOTAL THIS MO.     3    CLEAR  (SCALE 0-3)  12
DPTR FM NORMAL    -4    PTCLDY (SCALE 4-7)   5
TOTAL FM JUL 1  1357    CLOUDY (SCALE 8-10)  5
DPTR FM NORMAL  -859

[CDD (BASE 65) ]
TOTAL THIS MO.   173
DPTR FM NORMAL    -5    [PRESSURE DATA]
TOTAL FM JAN 1   450    HIGHEST SLP M ON M
DPTR FM NORMAL   123    LOWEST  SLP 29.48 ON 16

[REMARKS]
