000
CXUS54 KSJT 180900
CF6JCT
PRELIMINARY LOCAL CLIMATOLOGICAL DATA (WS FORM: F-6)

                                          STATION:   JUNCTION
                                          MONTH:     SEPTEMBER
                                          YEAR:      2014
                                          LATITUDE:   30 18 N
                                          LONGITUDE:  99 28 W

  TEMPERATURE IN F:       :PCPN:    SNOW:  WIND      :SUNSHINE: SKY     :PK WND
================================================================================
1   2   3   4   5  6A  6B    7    8   9   10  11  12  13   14  15   16   17  18
                                     12Z  AVG MX 2MIN
DY MAX MIN AVG DEP HDD CDD  WTR  SNW DPTH SPD SPD DIR MIN PSBL S-S WX    SPD DR
================================================================================

 1  97  73  85   5   0  20 0.00  0.0    0 10.1 18 170   M    M   0        25 150
 2  96  74  85   5   0  20 0.00  0.0    0  9.7 22 150   M    M   2 8      29 150
 3  92  75  84   5   0  19    T  0.0    0 10.4 40 170   M    M   4 8      56 170
 4  93  73  83   4   0  18    T  0.0    0 10.5 37 160   M    M   2 8      45 160
 5  93  69  81   2   0  16 0.00  0.0    0  8.5 20 150   M    M   3 1      34 160
 6  93  73  83   4   0  18 0.00  0.0    0  6.0 21  20   M    M   4        26  20
 7  88  70  79   1   0  14 0.01  0.0    0  5.6 16 120   M    M   5 3      26  70
 8  91  66  79   1   0  14 0.01  0.0    0  3.3 25  40   M    M   2 1      29  40
 9  95  71  83   5   0  18 0.00  0.0    0  7.5 17 180   M    M   0        25 170
10  98  74  86   8   0  21 0.00  0.0    0  8.6 16 190   M    M   0        22 200
11  96  72  84   7   0  19 0.00  0.0    0  6.2 30  20   M    M   2 3      37  10
12  85  59  72  -5   0   7    T  0.0    0 10.8 24  20   M    M   6 1      32  30
13  65  56  61 -16   4   0    T  0.0    0  9.0 17  10   M    M  10 1      22  50
14  82  62  72  -4   0   7    T  0.0    0  5.3 12 130   M    M   7 1      15 130
15  88  69  79   3   0  14    T  0.0    0  4.3 14  40   M    M   3        17  40
16  92  70  81   5   0  16    T  0.0    0  4.3 15 110   M    M   4 38     19 110
17  92  71  82   7   0  17    T  0.0    0  2.3 16 130   M    M   4 3      20 130
================================================================================
SM 1536 1177         4 258  0.02     0.0 122.4          M       58
================================================================================
AV 90.4 69.2                               7.2 FASTST   M    M   3    MAX(MPH)
                                 MISC ---->  # 40 170               # 56  170
================================================================================
NOTES:
# LAST OF SEVERAL OCCURRENCES

COLUMN 17 PEAK WIND IN M.P.H.

PRELIMINARY LOCAL CLIMATOLOGICAL DATA (WS FORM: F-6) , PAGE 2

                                          STATION:  JUNCTION
                                          MONTH:    SEPTEMBER
                                          YEAR:     2014
                                          LATITUDE:   30 18 N
                                          LONGITUDE:  99 28 W

[TEMPERATURE DATA]      [PRECIPITATION DATA]       SYMBOLS USED IN COLUMN 16

AVERAGE MONTHLY: 79.8   TOTAL FOR MONTH:   0.02    1 = FOG OR MIST
DPTR FM NORMAL:   2.0   DPTR FM NORMAL:   -1.51    2 = FOG REDUCING VISIBILITY
HIGHEST:    98 ON 10    GRTST 24HR  0.02 ON  7- 8      TO 1/4 MILE OR LESS
LOWEST:     56 ON 13                               3 = THUNDER
                        SNOW, ICE PELLETS, HAIL    4 = ICE PELLETS
                        TOTAL MONTH:   0.0 INCH    5 = HAIL
                        GRTST 24HR     0.0         6 = FREEZING RAIN OR DRIZZLE
                        GRTST DEPTH:   0           7 = DUSTSTORM OR SANDSTORM:
                                                       VSBY 1/2 MILE OR LESS
                                                   8 = SMOKE OR HAZE
[NO. OF DAYS WITH]      [WEATHER - DAYS WITH]      9 = BLOWING SNOW
                                                   X = TORNADO
MAX 32 OR BELOW:   0    0.01 INCH OR MORE:   2
MAX 90 OR ABOVE:  12    0.10 INCH OR MORE:   0
MIN 32 OR BELOW:   0    0.50 INCH OR MORE:   0
MIN  0 OR BELOW:   0    1.00 INCH OR MORE:   0

[HDD (BASE 65) ]
TOTAL THIS MO.     4    CLEAR  (SCALE 0-3)   9
DPTR FM NORMAL     4    PTCLDY (SCALE 4-7)   7
TOTAL FM JUL 1     4    CLOUDY (SCALE 8-10)  1
DPTR FM NORMAL     4

[CDD (BASE 65) ]
TOTAL THIS MO.   258
DPTR FM NORMAL    41    [PRESSURE DATA]
TOTAL FM JAN 1  2388    HIGHEST SLP M ON M
DPTR FM NORMAL   221    LOWEST  SLP 29.67 ON 10

[REMARKS]
