000
CXUS54 KSJT 251210
CF6JCT
PRELIMINARY LOCAL CLIMATOLOGICAL DATA (WS FORM: F-6)

                                          STATION:   JUNCTION
                                          MONTH:     JUNE
                                          YEAR:      2017
                                          LATITUDE:   30 18 N
                                          LONGITUDE:  99 28 W

  TEMPERATURE IN F:       :PCPN:    SNOW:  WIND      :SUNSHINE: SKY     :PK WND
================================================================================
1   2   3   4   5  6A  6B    7    8   9   10  11  12  13   14  15   16   17  18
                                     12Z  AVG MX 2MIN
DY MAX MIN AVG DEP HDD CDD  WTR  SNW DPTH SPD SPD DIR MIN PSBL S-S WX    SPD DR
================================================================================

 1  87  62  75  -3   0  10 0.00  0.0    0  4.4 14 140   M    M   5 1      17 140
 2  88  71  80   2   0  15    T  0.0    0  6.3 16 140   M    M   2        22 160
 3  89  64  77  -1   0  12 2.12  0.0    0  5.4 25 360   M    M   5 1      40 330
 4  92  64  78   0   0  13    T  0.0    0  4.9 14  20   M    M   3 1      31  20
 5  90  64  77  -2   0  12 0.00  0.0    M  6.1 22  30   M    M   4 8      26  40
 6  91  66  79   0   0  14 0.00  0.0    0  6.5 14  30   M    M   2 8      23  30
 7  93  61  77  -2   0  12 0.00  0.0    0  4.2 15  50   M    M   1 18     21  10
 8  94  64  79   0   0  14 0.00  0.0    0  2.8 15 110   M    M   1        18 110
 9  94  72  83   4   0  18 0.00  0.0    0  9.2 23 120   M    M   0 3      29 120
10  91  70  81   2   0  16 0.00  0.0    0 10.6 24 140   M    M   2 8      30 150
11  92  74  83   3   0  18 0.00  0.0    0 12.3 20 160   M    M   3        26 180
12  93  70  82   2   0  17 0.00  0.0    0  9.1 20 130   M    M   2        24 170
13  94  72  83   3   0  18 0.00  0.0    0 10.9 21 150   M    M   2        29 160
14  93  78  86   6   0  21 0.00  0.0    0 12.2 23 160   M    M   6 8      29 160
15  97  76  87   7   0  22 0.00  0.0    0 10.7 17 170   M    M   3        22 170
16  99  76  88   8   0  23 0.00  0.0    M  8.9 21 150   M    M   0        26 160
17 102  75  89   9   0  24 0.00  0.0    0  9.5 21 160   M    M   0        26 170
18 101  76  89   9   0  24 0.00  0.0    0  8.8 18 160   M    M   0        23 170
19  94  75  85   5   0  20 0.00  0.0    0  8.7 17  80   M    M   2        24  80
20  98  69  84   4   0  19 0.00  0.0    0  5.4 16  90   M    M   1        20  80
21  99  69  84   3   0  19 0.00  0.0    0  5.7 16  60   M    M   0        24  70
22 102  62  82   1   0  17 0.00  0.0    0  3.5 12 200   M    M   0        15 190
23 106  74  90   9   0  25 0.00  0.0    0  7.3 29 320   M    M   1        35 310
24  87  72  80  -1   0  15 0.09  0.0    0  7.7 24  70   M    M   3 13     33  60
================================================================================
SM 2266 1676         0 418  2.21     0.0 181.1          M       48
================================================================================
AV 94.4 69.8                               7.5 FASTST   M    M   2    MAX(MPH)
                                 MISC ---->  # 29 320               # 40  330
================================================================================
NOTES:
# LAST OF SEVERAL OCCURRENCES

COLUMN 17 PEAK WIND IN M.P.H.

PRELIMINARY LOCAL CLIMATOLOGICAL DATA (WS FORM: F-6) , PAGE 2

                                          STATION:  JUNCTION
                                          MONTH:    JUNE
                                          YEAR:     2017
                                          LATITUDE:   30 18 N
                                          LONGITUDE:  99 28 W

[TEMPERATURE DATA]      [PRECIPITATION DATA]       SYMBOLS USED IN COLUMN 16

AVERAGE MONTHLY: 82.1   TOTAL FOR MONTH:   2.21    1 = FOG OR MIST
DPTR FM NORMAL:   2.5   DPTR FM NORMAL:   -0.72    2 = FOG REDUCING VISIBILITY
HIGHEST:   106 ON 23    GRTST 24HR  2.12 ON  3- 3      TO 1/4 MILE OR LESS
LOWEST:     61 ON  7                               3 = THUNDER
                        SNOW, ICE PELLETS, HAIL    4 = ICE PELLETS
                        TOTAL MONTH:   0.0 INCH    5 = HAIL
                        GRTST 24HR     0.0         6 = FREEZING RAIN OR DRIZZLE
                        GRTST DEPTH:   0           7 = DUSTSTORM OR SANDSTORM:
                                                       VSBY 1/2 MILE OR LESS
                                                   8 = SMOKE OR HAZE
[NO. OF DAYS WITH]      [WEATHER - DAYS WITH]      9 = BLOWING SNOW
                                                   X = TORNADO
MAX 32 OR BELOW:   0    0.01 INCH OR MORE:   2
MAX 90 OR ABOVE:  20    0.10 INCH OR MORE:   1
MIN 32 OR BELOW:   0    0.50 INCH OR MORE:   1
MIN  0 OR BELOW:   0    1.00 INCH OR MORE:   1

[HDD (BASE 65) ]
TOTAL THIS MO.     0    CLEAR  (SCALE 0-3)  18
DPTR FM NORMAL     0    PTCLDY (SCALE 4-7)   6
TOTAL FM JUL 1  1358    CLOUDY (SCALE 8-10)  0
DPTR FM NORMAL  -859

[CDD (BASE 65) ]
TOTAL THIS MO.   418
DPTR FM NORMAL    69    [PRESSURE DATA]
TOTAL FM JAN 1   965    HIGHEST SLP M ON M
DPTR FM NORMAL   182    LOWEST  SLP 29.53 ON 17

[REMARKS]
