011
CXUS51 KOKX 170703
CF6JFK
PRELIMINARY LOCAL CLIMATOLOGICAL DATA (WS FORM: F-6)

                                          STATION:   KENNEDY NY
                                          MONTH:     JANUARY
                                          YEAR:      2017
                                          LATITUDE:   40 39 N
                                          LONGITUDE:  73 47 W

  TEMPERATURE IN F:       :PCPN:    SNOW:  WIND      :SUNSHINE: SKY     :PK WND
================================================================================
1   2   3   4   5  6A  6B    7    8   9   10  11  12  13   14  15   16   17  18
                                     12Z  AVG MX 2MIN
DY MAX MIN AVG DEP HDD CDD  WTR  SNW DPTH SPD SPD DIR MIN PSBL S-S WX    SPD DR
================================================================================

 1  52  34  43   9  22   0    T  0.0    0  9.8 21 290   M    M   4        27 270
 2  43  34  39   5  26   0 0.31    T    0 10.0 16  50   M    M  10 148    19  60
 3  46  41  44  11  21   0 0.46  0.0    0 13.5 21  60   M    M   8 1      26  50
 4  55  35  45  12  20   0    T  0.0    0 17.6 29 290   M    M   7        41 270
 5  35  28  32  -1  33   0    T    T    0 17.6 31 260   M    M   6        37 280
 6  36  27  32  -1  33   0 0.03  1.1    1  8.7 17 330   M    M   8        25 310
 7  27  21  24  -9  41   0 0.22  8.2    0 16.1 29 340   M    M  10 18     34 350
 8  26  18  22 -11  43   0    T    T    8 18.3 29 320   M    M   4        35 310
 9  24  13  19 -14  46   0 0.00  0.0    7 11.1 21 240   M    M   5        25 300
10  47  20  34   1  31   0 0.00  0.0    6  7.9 25 170   M    M   8        30 180
11  51  41  46  13  19   0 0.46  0.0    1 11.6 24 210   M    M   8 1      32 210
12  61  46  54  22  11   0 0.10  0.0    1 11.4 18 230   M    M   9 1      23 220
13  58  34  46  14  19   0 0.00  0.0    0 16.8 29 320   M    M   7        35 320
14  34  28  31  -1  34   0 0.15  1.8    0  5.9 14  10   M    M   9 18     15  10
15  41  30  36   4  29   0 0.00  0.0    2  8.3 14 360   M    M   5        19 350
16  42  28  35   3  30   0 0.00  0.0    T  6.6 13 240   M    M   5        16 240
================================================================================
SM  678  478       458   0  1.73    11.1 191.2          M      113
================================================================================
AV 42.4 29.9                              11.9 FASTST   M    M   7    MAX(MPH)
                                 MISC ---->  # 31 260                 41    M
================================================================================
NOTES:
# LAST OF SEVERAL OCCURRENCES

COLUMN 17 PEAK WIND IN M.P.H.

PRELIMINARY LOCAL CLIMATOLOGICAL DATA (WS FORM: F-6) , PAGE 2

                                          STATION:  KENNEDY NY
                                          MONTH:    JANUARY
                                          YEAR:     2017
                                          LATITUDE:   40 39 N
                                          LONGITUDE:  73 47 W

[TEMPERATURE DATA]      [PRECIPITATION DATA]       SYMBOLS USED IN COLUMN 16

AVERAGE MONTHLY: 36.1   TOTAL FOR MONTH:   1.73    1 = FOG OR MIST
DPTR FM NORMAL:   3.3   DPTR FM NORMAL:    0.02    2 = FOG REDUCING VISIBILITY
HIGHEST:    61 ON 12    GRTST 24HR  0.56 ON 11-12      TO 1/4 MILE OR LESS
LOWEST:     13 ON  9                               3 = THUNDER
                        SNOW, ICE PELLETS, HAIL    4 = ICE PELLETS
                        TOTAL MONTH:  11.1 INCHES  5 = HAIL
                        GRTST 24HR   8.2 ON   M    6 = FREEZING RAIN OR DRIZZLE
                        GRTST DEPTH:   8 ON  8     7 = DUSTSTORM OR SANDSTORM:
                                                       VSBY 1/2 MILE OR LESS
                                                   8 = SMOKE OR HAZE
[NO. OF DAYS WITH]      [WEATHER - DAYS WITH]      9 = BLOWING SNOW
                                                   X = TORNADO
MAX 32 OR BELOW:   3    0.01 INCH OR MORE:   7
MAX 90 OR ABOVE:   0    0.10 INCH OR MORE:   6
MIN 32 OR BELOW:   9    0.50 INCH OR MORE:   0
MIN  0 OR BELOW:   0    1.00 INCH OR MORE:   0

[HDD (BASE 65) ]
TOTAL THIS MO.   458    CLEAR  (SCALE 0-3)   0
DPTR FM NORMAL   -56    PTCLDY (SCALE 4-7)   9
TOTAL FM JUL 1  1880    CLOUDY (SCALE 8-10)  7
DPTR FM NORMAL  -303

[CDD (BASE 65) ]
TOTAL THIS MO.     0
DPTR FM NORMAL     0    [PRESSURE DATA]
TOTAL FM JAN 1     0    HIGHEST SLP M ON M
DPTR FM NORMAL     0    LOWEST  SLP 29.49 ON  3

[REMARKS]
