000
CXUS53 KSGF 300800
CF6JLN
PRELIMINARY LOCAL CLIMATOLOGICAL DATA (WS FORM: F-6)

                                          STATION:   JOPLIN MO
                                          MONTH:     JUNE
                                          YEAR:      2015
                                          LATITUDE:   37 10 N
                                          LONGITUDE:  94 30 W

  TEMPERATURE IN F:       :PCPN:    SNOW:  WIND      :SUNSHINE: SKY     :PK WND
================================================================================
1   2   3   4   5  6A  6B    7    8   9   10  11  12  13   14  15   16   17  18
                                     12Z  AVG MX 2MIN
DY MAX MIN AVG DEP HDD CDD  WTR  SNW DPTH SPD SPD DIR MIN PSBL S-S WX    SPD DR
================================================================================

 1  74  57  66  -5   0   1 0.00  0.0    0  5.6 10  50   M    M   6        13  80
 2  82  55  69  -3   0   4 0.00  0.0    0  5.6 12 130   M    M   5 1      14 130
 3  85  65  75   3   0  10 0.00  0.0    0  8.6 15 170   M    M   1        20 180
 4  88  68  78   6   0  13 0.00  0.0    0  7.1 17 180   M    M   2        22 180
 5  87  68  78   6   0  13 0.00    M    M  7.0 21 340   M    M   2        25 340
 6  90  70  80   7   0  15 0.00    M    M  3.8 12 240   M    M   3 138    15 250
 7  90  71  81   8   0  16 0.00    M    M 14.0 23 210   M    M   0 18     31 200
 8  88  69  79   6   0  14 0.02    M    M  6.7 20 220   M    M   2 3      24 220
 9  91  63  77   3   0  12 0.00    M    M  2.9 13 220   M    M   0        24 210
10  91  72  82   8   0  17    T    M    M  9.2 18 210   M    M   3 3      24 210
11  92  73  83   9   0  18    T    M    M 13.1 23 190   M    M   0        29 180
12  90  66  78   3   0  13 2.36    M    M 10.8 25 300   M    M   3 13     34 310
13  83  67  75   0   0  10 0.19    M    M  7.4 23 230   M    M   4 1      29 220
14  86  71  79   4   0  14 0.30    M    M 11.0 28 220   M    M   4 138    36 180
15  81  71  76   0   0  11 0.29    M    M  9.6 18 200   M    M   4 13     24 200
16  85  71  78   2   0  13 0.32    M    M  4.8 10 200   M    M   7 13      M  M
17  78  70  74  -2   0   9 0.36    M    M  5.8 15 190   M    M   4 1      19 190
18  80  70  75  -1   0  10 2.42    M    M  8.5 16 120   M    M   9 13     26  80
19  85  69  77   0   0  12    T    M    M  8.6 16 360   M    M   6        21 340
20  91  68  80   3   0  15 0.00    M    M 12.4 24 200   M    M   0        30 210
21  89  73  81   4   0  16 0.00    M    M 13.7 22 210   M    M   2        27 220
22  90  75  83   6   0  18 0.00    M    M 17.6 28 210   M    M   2        38 200
23  92  77  85   7   0  20 0.00    M    M 10.4 20 220   M    M   2        26 240
24  92  73  83   5   0  18 0.00    M    M 11.3 20 190   M    M   0        23 180
25  92  77  85   7   0  20 0.00  0.0    0 12.2 18 230   M    M   0        26 200
26  81  66  74  -4   0   9 1.41    M    M  8.0 20  10   M    M   5 13     26  80
27  82  63  73  -5   0   8 0.00    M    M  4.5 12  10   M    M   3 1      15  30
28  87  62  75  -4   0  10    T    M    M 10.0 23 210   M    M   1 1      29 230
29  87  67  77  -2   0  12 0.00  0.0    0  5.5 14 310   M    M   1        18 310
================================================================================
SM 2509 1987         0 371  7.67     0.0 255.7          M       81
================================================================================
AV 86.5 68.5                               8.8 FASTST   M    M   3    MAX(MPH)
                                 MISC ---->  # 28 220               # 38  200
================================================================================
NOTES:
# LAST OF SEVERAL OCCURRENCES

COLUMN 17 PEAK WIND IN M.P.H.

PRELIMINARY LOCAL CLIMATOLOGICAL DATA (WS FORM: F-6) , PAGE 2

                                          STATION:  JOPLIN MO
                                          MONTH:    JUNE
                                          YEAR:     2015
                                          LATITUDE:   37 10 N
                                          LONGITUDE:  94 30 W

[TEMPERATURE DATA]      [PRECIPITATION DATA]       SYMBOLS USED IN COLUMN 16

AVERAGE MONTHLY: 77.5   TOTAL FOR MONTH:   7.67    1 = FOG OR MIST
DPTR FM NORMAL:   2.2   DPTR FM NORMAL:    1.97    2 = FOG REDUCING VISIBILITY
HIGHEST:    92 ON 25,24 GRTST 24HR  2.42 ON 18-18      TO 1/4 MILE OR LESS
LOWEST:     55 ON  2                               3 = THUNDER
                        SNOW, ICE PELLETS, HAIL    4 = ICE PELLETS
                        TOTAL MONTH:   0.0 INCH    5 = HAIL
                        GRTST 24HR     0.0         6 = FREEZING RAIN OR DRIZZLE
                        GRTST DEPTH:   0           7 = DUSTSTORM OR SANDSTORM:
                                                       VSBY 1/2 MILE OR LESS
                                                   8 = SMOKE OR HAZE
[NO. OF DAYS WITH]      [WEATHER - DAYS WITH]      9 = BLOWING SNOW
                                                   X = TORNADO
MAX 32 OR BELOW:   0    0.01 INCH OR MORE:   9
MAX 90 OR ABOVE:  11    0.10 INCH OR MORE:   8
MIN 32 OR BELOW:   0    0.50 INCH OR MORE:   3
MIN  0 OR BELOW:   0    1.00 INCH OR MORE:   3

[HDD (BASE 65) ]
TOTAL THIS MO.     0    CLEAR  (SCALE 0-3)  18
DPTR FM NORMAL    -2    PTCLDY (SCALE 4-7)  10
TOTAL FM JUL 1  4290    CLOUDY (SCALE 8-10)  1
DPTR FM NORMAL   219

[CDD (BASE 65) ]
TOTAL THIS MO.   371
DPTR FM NORMAL    66    [PRESSURE DATA]
TOTAL FM JAN 1   515    HIGHEST SLP 30.10 ON 27
DPTR FM NORMAL    30    LOWEST  SLP 29.71 ON 11

[REMARKS]
