000
CXUS53 KSGF 310800
CF6JLN
PRELIMINARY LOCAL CLIMATOLOGICAL DATA (WS FORM: F-6)

                                          STATION:   JOPLIN MO
                                          MONTH:     AUGUST
                                          YEAR:      2015
                                          LATITUDE:   37 10 N
                                          LONGITUDE:  94 30 W

  TEMPERATURE IN F:       :PCPN:    SNOW:  WIND      :SUNSHINE: SKY     :PK WND
================================================================================
1   2   3   4   5  6A  6B    7    8   9   10  11  12  13   14  15   16   17  18
                                     12Z  AVG MX 2MIN
DY MAX MIN AVG DEP HDD CDD  WTR  SNW DPTH SPD SPD DIR MIN PSBL S-S WX    SPD DR
================================================================================

 1  94  60  77  -4   0  12 0.00    M    M  3.1 12 220   M    M   0        19 290
 2  95  69  82   1   0  17 0.00    M    M  8.5 21 210   M    M   1        26 210
 3  96  67  82   1   0  17 0.00    M    M  6.0 13 240   M    M   0         M  M
 4  85  70  78  -3   0  13 0.04    M    M  6.1 14 210   M    M   3 1       M  M
 5  84  70  77  -4   0  12 0.98    M    M  3.8 10 210   M    M   6 13      M  M
 6  90  69  80  -1   0  15 0.00    M    M  6.4 13 120   M    M   4 1       M  M
 7  96  75  86   5   0  21 0.00    M    M  6.9 13 100   M    M   2         M  M
 8  95  75  85   4   0  20 0.00    M    M 10.5 21 170   M    M   1 1      29  80
 9 100  77  89   8   0  24 0.00    M    M  8.9 16 210   M    M   0        21 230
10  90  71  81   0   0  16 0.63    M    M  7.5 21 350   M    M   4 13     28  10
11  86  66  76  -4   0  11 0.00    M    M  6.7 15 350   M    M   2        19 350
12  86  62  74  -6   0   9 0.00    M    M  3.1 10  50   M    M   1 18     14  60
13  87  62  75  -5   0  10 0.00    M    M  4.4 12 170   M    M   1        17 190
14  87  63  75  -5   0  10 0.00    M    M  5.9 13  80   M    M   0        17  90
15  89  63  76  -4   0  11 0.00    M    M  5.0 13  90   M    M   0 1      22  90
16  92  68  80   0   0  15 0.00    M    M  7.3 13 160   M    M   1         M  M
17  94  72  83   3   0  18 0.00    M    M  9.0 17 210   M    M   1        24 200
18  86  67  77  -3   0  12 1.33    M    M 13.4 28 180   M    M   3 13     35 180
19  71  56  64 -16   1   0 1.09    M    M  7.0 20 310   M    M   3 13     27 340
20  81  54  68 -12   0   3 0.00    M    M  5.8 13 140   M    M   0        18 150
21  79  60  70 -10   0   5 0.03    M    M  8.0 14 150   M    M   4        20 130
22  83  66  75  -4   0  10 3.32    M    M  8.1 22 210   M    M   4 123    35 230
23  78  61  70  -9   0   5 0.81    M    M  6.7 45 330   M    M   2 13     60 340
24  80  57  69 -10   0   4 0.00    M    M  3.9 12  40   M    M   0        15  40
25  83  54  69 -10   0   4 0.00    M    M  1.0  8 300   M    M   0        28 210
26  85  57  71  -7   0   6 0.00    M    M  0.5  8 150   M    M   0        13 140
27  81  65  73  -5   0   8 0.00    M    M  6.9 15 120   M    M   0 3      24 150
28  80  66  73  -5   0   8 0.00    M    M  9.5 16 160   M    M   1        21 160
29  83  67  75  -3   0  10 0.00    M    M  5.9 14 170   M    M   6 13     20 200
30  87  66  77   0   0  12    T    M    M  4.2 12  80   M    M   5 1238   24 180
================================================================================
SM 2603 1955         1 338  8.23    M    190.0          M       55
================================================================================
AV 86.8 65.2                               6.3 FASTST   M    M   2    MAX(MPH)
                                 MISC ---->  # 45 330               # 60  340
================================================================================
NOTES:
# LAST OF SEVERAL OCCURRENCES

COLUMN 17 PEAK WIND IN M.P.H.

PRELIMINARY LOCAL CLIMATOLOGICAL DATA (WS FORM: F-6) , PAGE 2

                                          STATION:  JOPLIN MO
                                          MONTH:    AUGUST
                                          YEAR:     2015
                                          LATITUDE:   37 10 N
                                          LONGITUDE:  94 30 W

[TEMPERATURE DATA]      [PRECIPITATION DATA]       SYMBOLS USED IN COLUMN 16

AVERAGE MONTHLY: 76.0   TOTAL FOR MONTH:   8.23    1 = FOG OR MIST
DPTR FM NORMAL:  -3.9   DPTR FM NORMAL:    5.01    2 = FOG REDUCING VISIBILITY
HIGHEST:   100 ON  9    GRTST 24HR  4.03 ON 22-23      TO 1/4 MILE OR LESS
LOWEST:     54 ON 25,20                            3 = THUNDER
                        SNOW, ICE PELLETS, HAIL    4 = ICE PELLETS
                        TOTAL MONTH:    M          5 = HAIL
                        GRTST 24HR    M  ON   M    6 = FREEZING RAIN OR DRIZZLE
                        GRTST DEPTH:  M  ON   M    7 = DUSTSTORM OR SANDSTORM:
                                                       VSBY 1/2 MILE OR LESS
                                                   8 = SMOKE OR HAZE
[NO. OF DAYS WITH]      [WEATHER - DAYS WITH]      9 = BLOWING SNOW
                                                   X = TORNADO
MAX 32 OR BELOW:   0    0.01 INCH OR MORE:   8
MAX 90 OR ABOVE:  10    0.10 INCH OR MORE:   6
MIN 32 OR BELOW:   0    0.50 INCH OR MORE:   6
MIN  0 OR BELOW:   0    1.00 INCH OR MORE:   3

[HDD (BASE 65) ]
TOTAL THIS MO.     1    CLEAR  (SCALE 0-3)  22
DPTR FM NORMAL     1    PTCLDY (SCALE 4-7)   8
TOTAL FM JUL 1     1    CLOUDY (SCALE 8-10)  0
DPTR FM NORMAL     1

[CDD (BASE 65) ]
TOTAL THIS MO.   338
DPTR FM NORMAL  -108    [PRESSURE DATA]
TOTAL FM JAN 1  1371    HIGHEST SLP M ON M
DPTR FM NORMAL   -46    LOWEST  SLP 29.67 ON 18

[REMARKS]
