000
CXUS53 KBIS 260723
CF6JMS
PRELIMINARY LOCAL CLIMATOLOGICAL DATA (WS FORM: F-6)

                                          STATION:   JAMESTOWN ND
                                          MONTH:     JUNE
                                          YEAR:      2017
                                          LATITUDE:   46 55 N
                                          LONGITUDE:  98 40 W

  TEMPERATURE IN F:       :PCPN:    SNOW:  WIND      :SUNSHINE: SKY     :PK WND
================================================================================
1   2   3   4   5  6A  6B    7    8   9   10  11  12  13   14  15   16   17  18
                                     12Z  AVG MX 2MIN
DY MAX MIN AVG DEP HDD CDD  WTR  SNW DPTH SPD SPD DIR MIN PSBL S-S WX    SPD DR
================================================================================

 1  84  44  64   4   1   0 0.00    M    M 13.1 24 180   M    M   0        31 170
 2  94  57  76  15   0  11 0.07    M    M 15.0 38 280   M    M   2 3      49 270
 3  83  60  72  11   0   7 0.00    M    M 11.9 23 310   M    M   1        32 270
 4  87  52  70   9   0   5 0.00    M    M  9.5 21 340   M    M   0        26 300
 5  84  52  68   6   0   3 0.00    M    M  7.7 14 140   M    M   0        20 120
 6  81  56  69   7   0   4    T    M    M  9.0 20 290   M    M   3        31 290
 7  75  55  65   3   0   0    T    M    M  9.3 21 320   M    M   1        27 300
 8  82  52  67   5   0   2 0.00    M    M  7.2 13  80   M    M   2        16  60
 9  95  63  79  16   0  14 0.19    M    M 16.4 30 170   M    M   2 3      44 170
10  82  62  72   9   0   7    T    M    M 12.5 36 310   M    M   1        45 300
11  85  56  71   8   0   6 0.20    M    M 10.2 22 310   M    M   3 1      29 300
12  80  52  66   2   0   1 0.00    M    M  9.0 18  80   M    M   1        25 120
13  74  57  66   2   0   1 1.35    M    M 11.1 31 240   M    M   9 138    38 220
14  79  58  69   5   0   4 0.03    M    M 14.4 25 260   M    M   4 12     35 260
15  81  58  70   6   0   5 0.00    M    M 13.9 25 290   M    M   1        34 260
16  80  54  67   2   0   2 0.00    M    M  5.9 16 330   M    M   4        22 280
17  73  55  64  -1   1   0 0.02    M    M 10.1 23 300   M    M   5 3      27 300
18  69  54  62  -3   3   0 0.18    M    M  9.5 33 360   M    M   7 13     39 360
19  76  51  64  -2   1   0 0.02    M    M  9.4 31 330   M    M   3 13     39 330
20  72  53  63  -3   2   0 0.01    M    M  6.7 16 350   M    M   1        22 340
21  87  56  72   6   0   7    T    M    M 13.3 30 330   M    M   1        36 330
22  76  53  65  -1   0   0 0.00    M    M 14.5 28 300   M    M   3        36 300
23  67  48  58  -8   7   0 0.00    M    M 20.8 32 310   M    M   7        39 320
24  58  47  53 -14  12   0 0.01    M    M 17.4 29 320   M    M   7 1      35 330
25  67  43  55 -12  10   0    T    M    M  7.8 20 260   M    M   4        24 260
================================================================================
SM 1971 1348        37  79  2.08    M    285.6          M       72
================================================================================
AV 78.8 53.9                              11.4 FASTST   M    M   3    MAX(MPH)
                                 MISC ---->  # 38 280               # 49  270
================================================================================
NOTES:
# LAST OF SEVERAL OCCURRENCES

COLUMN 17 PEAK WIND IN M.P.H.

PRELIMINARY LOCAL CLIMATOLOGICAL DATA (WS FORM: F-6) , PAGE 2

                                          STATION:  JAMESTOWN ND
                                          MONTH:    JUNE
                                          YEAR:     2017
                                          LATITUDE:   46 55 N
                                          LONGITUDE:  98 40 W

[TEMPERATURE DATA]      [PRECIPITATION DATA]       SYMBOLS USED IN COLUMN 16

AVERAGE MONTHLY: 66.4   TOTAL FOR MONTH:   2.08    1 = FOG OR MIST
DPTR FM NORMAL:   2.6   DPTR FM NORMAL:   -0.57    2 = FOG REDUCING VISIBILITY
HIGHEST:    95 ON  9    GRTST 24HR  1.35 ON 13-13      TO 1/4 MILE OR LESS
LOWEST:     43 ON 25                               3 = THUNDER
                        SNOW, ICE PELLETS, HAIL    4 = ICE PELLETS
                        TOTAL MONTH:    M          5 = HAIL
                        GRTST 24HR    M  ON   M    6 = FREEZING RAIN OR DRIZZLE
                        GRTST DEPTH:  M  ON   M    7 = DUSTSTORM OR SANDSTORM:
                                                       VSBY 1/2 MILE OR LESS
                                                   8 = SMOKE OR HAZE
[NO. OF DAYS WITH]      [WEATHER - DAYS WITH]      9 = BLOWING SNOW
                                                   X = TORNADO
MAX 32 OR BELOW:   0    0.01 INCH OR MORE:  10
MAX 90 OR ABOVE:   2    0.10 INCH OR MORE:   4
MIN 32 OR BELOW:   0    0.50 INCH OR MORE:   1
MIN  0 OR BELOW:   0    1.00 INCH OR MORE:   1

[HDD (BASE 65) ]
TOTAL THIS MO.    37    CLEAR  (SCALE 0-3)  16
DPTR FM NORMAL   -52    PTCLDY (SCALE 4-7)   8
TOTAL FM JUL 1  8156    CLOUDY (SCALE 8-10)  1
DPTR FM NORMAL  -849

[CDD (BASE 65) ]
TOTAL THIS MO.    79
DPTR FM NORMAL    20    [PRESSURE DATA]
TOTAL FM JAN 1    79    HIGHEST SLP  0.00 ON M
DPTR FM NORMAL     0    LOWEST  SLP 29.25 ON 10

[REMARKS]
