000
CXUS53 KBIS 290731
CF6JMS
PRELIMINARY LOCAL CLIMATOLOGICAL DATA (WS FORM: F-6)

                                          STATION:   JAMESTOWN ND
                                          MONTH:     AUGUST
                                          YEAR:      2015
                                          LATITUDE:   46 55 N
                                          LONGITUDE:  98 40 W

  TEMPERATURE IN F:       :PCPN:    SNOW:  WIND      :SUNSHINE: SKY     :PK WND
================================================================================
1   2   3   4   5  6A  6B    7    8   9   10  11  12  13   14  15   16   17  18
                                     12Z  AVG MX 2MIN
DY MAX MIN AVG DEP HDD CDD  WTR  SNW DPTH SPD SPD DIR MIN PSBL S-S WX    SPD DR
================================================================================

 1  86  57  72   2   0   7 0.00    M    M  5.2 14 120   M    M   1        18 110
 2  77  57  67  -3   0   2 0.00    M    M 11.3 20 330   M    M   1        25 330
 3  78  52  65  -5   0   0 0.00    M    M  5.7 16 330   M    M   0        24 340
 4  80  49  65  -5   0   0 0.00    M    M  4.3 10 110   M    M   0 12     13 120
 5  78  56  67  -3   0   2 0.01    M    M  9.7 20 170   M    M   3        24 180
 6  75  58  67  -3   0   2 0.16    M    M  4.5 14 290   M    M   3 123    16 300
 7  87  54  71   1   0   6 0.00    M    M  4.7 16 270   M    M   5 12     21 290
 8  81  53  67  -3   0   2 0.00    M    M  4.1 12 350   M    M   1 12     14 360
 9  78  58  68  -2   0   3 0.08    M    M  2.8 10  40   M    M   6 1      13 350
10  82  57  70   0   0   5 0.00    M    M  3.3 10 320   M    M   2        13 320
11  86  56  71   1   0   6 0.00    M    M  5.3 15 150   M    M   0 1      18 180
12  94  63  79  10   0  14 0.00    M    M 10.8 23 190   M    M   0        28 190
13  92  67  80  11   0  15 0.17    M    M  7.7 20 200   M    M   2 13     27 300
14  94  61  78   9   0  13 0.00    M    M  5.4 14 180   M    M   0 12     17 170
15  93  69  81  12   0  16 0.00    M    M 13.4 26 180   M    M   1 13     34 170
16  72  53  63  -6   2   0 0.12    M    M 12.0 23 330   M    M   3 1      30 310
17  73  49  61  -7   4   0 0.00    M    M  1.8  8 320   M    M   2        10 210
18  62  56  59  -9   6   0 0.03    M    M  6.6 14  40   M    M   8        19  40
19  72  47  60  -8   5   0 0.00    M    M 10.7 21 350   M    M   1        27 340
20  79  44  62  -6   3   0 0.00    M    M  7.0 18 180   M    M   1        24 180
21  86  58  72   4   0   7 0.00    M    M 10.2 16 180   M    M   0        21 170
22  70  55  63  -4   2   0 0.43    M    M 15.8 49 310   M    M   7 1      59 310
23  67  50  59  -8   6   0 0.21    M    M 22.4 37 310   M    M   2 1      49 290
24  69  44  57 -10   8   0 0.00    M    M  8.6 18 320   M    M   0        25 330
25  73  41  57  -9   8   0 0.00    M    M  2.9  8 190   M    M   1 12     12 140
26  76  48  62  -4   3   0    T    M    M  7.3 20 140   M    M   0        23 140
27  78  56  67   1   0   2    T    M    M  4.9 10 130   M    M   1        14 100
28  83  57  70   5   0   5 0.00    M    M  8.4 16 180   M    M   0 1      21 180
================================================================================
SM 2221 1525        47 107  1.21    M    216.8          M       51
================================================================================
AV 79.3 54.5                               7.7 FASTST   M    M   2    MAX(MPH)
                                 MISC ---->  # 49 310               # 59  310
================================================================================
NOTES:
# LAST OF SEVERAL OCCURRENCES

COLUMN 17 PEAK WIND IN M.P.H.

PRELIMINARY LOCAL CLIMATOLOGICAL DATA (WS FORM: F-6) , PAGE 2

                                          STATION:  JAMESTOWN ND
                                          MONTH:    AUGUST
                                          YEAR:     2015
                                          LATITUDE:   46 55 N
                                          LONGITUDE:  98 40 W

[TEMPERATURE DATA]      [PRECIPITATION DATA]       SYMBOLS USED IN COLUMN 16

AVERAGE MONTHLY: 66.9   TOTAL FOR MONTH:   1.21    1 = FOG OR MIST
DPTR FM NORMAL:  -1.6   DPTR FM NORMAL:   -0.67    2 = FOG REDUCING VISIBILITY
HIGHEST:    94 ON 14,12 GRTST 24HR  0.64 ON 22-23      TO 1/4 MILE OR LESS
LOWEST:     41 ON 25                               3 = THUNDER
                        SNOW, ICE PELLETS, HAIL    4 = ICE PELLETS
                        TOTAL MONTH:    M          5 = HAIL
                        GRTST 24HR    M  ON   M    6 = FREEZING RAIN OR DRIZZLE
                        GRTST DEPTH:  M  ON   M    7 = DUSTSTORM OR SANDSTORM:
                                                       VSBY 1/2 MILE OR LESS
                                                   8 = SMOKE OR HAZE
[NO. OF DAYS WITH]      [WEATHER - DAYS WITH]      9 = BLOWING SNOW
                                                   X = TORNADO
MAX 32 OR BELOW:   0    0.01 INCH OR MORE:   8
MAX 90 OR ABOVE:   4    0.10 INCH OR MORE:   5
MIN 32 OR BELOW:   0    0.50 INCH OR MORE:   0
MIN  0 OR BELOW:   0    1.00 INCH OR MORE:   0

[HDD (BASE 65) ]
TOTAL THIS MO.    47    CLEAR  (SCALE 0-3)  23
DPTR FM NORMAL    10    PTCLDY (SCALE 4-7)   5
TOTAL FM JUL 1    56    CLOUDY (SCALE 8-10)  0
DPTR FM NORMAL    -3

[CDD (BASE 65) ]
TOTAL THIS MO.   107
DPTR FM NORMAL   -29    [PRESSURE DATA]
TOTAL FM JAN 1   411    HIGHEST SLP M ON M
DPTR FM NORMAL     3    LOWEST  SLP 29.46 ON 22

[REMARKS]
