000
CXUS55 KCTP 301131
CF6JST
PRELIMINARY LOCAL CLIMATOLOGICAL DATA (WS FORM: F-6)

                                          STATION:   JOHNSTOWN
                                          MONTH:     JUNE
                                          YEAR:      2015
                                          LATITUDE:   40 18 N
                                          LONGITUDE:  78 50 W

  TEMPERATURE IN F:       :PCPN:    SNOW:  WIND      :SUNSHINE: SKY     :PK WND
================================================================================
1   2   3   4   5  6A  6B    7    8   9   10  11  12  13   14  15   16   17  18
                                     12Z  AVG MX 2MIN
DY MAX MIN AVG DEP HDD CDD  WTR  SNW DPTH SPD SPD DIR MIN PSBL S-S WX    SPD DR
================================================================================

 1  66  52  59  -2   6   0 0.01    M    M  7.0 12 350   M    M  10 128    15 260
 2  58  51  55  -6  10   0 0.11    M    M  5.8 10  50   M    M  10 12     14  60
 3  57  51  54  -7  11   0 0.00    M    M  6.6 12 150   M    M  10 12     17 110
 4  62  52  57  -5   8   0    T    M    M  6.9 13 160   M    M  10 12     18 140
 5  75  54  65   3   0   0 1.15    M    M  5.0 30 300   M    M   9 123    37 300
 6  71  56  64   2   1   0    T    M    M  6.2 14  40   M    M   5 12     18  30
 7  75  50  63   0   2   0 0.01    M    M 10.9 20 160   M    M   2        28 180
 8  77  61  69   6   0   4 1.42    M    M 12.4 28 260   M    M   6 138    40 260
 9  69  59  64   1   1   0 0.19    M    M 10.9 22 270   M    M   6 1      32 260
10  79  56  68   5   0   3 0.00    M    M  9.8 16 250   M    M   1 8      23 240
11  84  67  76  12   0  11 0.00    M    M  8.3 17 290   M    M   1        22 300
12  85  66  76  12   0  11 0.01    M    M  9.6 24 320   M    M   3 13     34 310
13  78  65  72   8   0   7 0.03    M    M  7.9 16 270   M    M   7 138    21 300
14  78  63  71   6   0   6 1.65    M    M  6.8 22 340   M    M   6 138    29 330
15  80  66  73   8   0   8 1.86  0.0    0  8.3 18 250   M    M   8 13     27 250
16   M   M   M   M   M   M 0.16    M    0 12.2 18 290   M    M   6 13     30 300
17  69  55  62  -3   3   0    T  0.0    M  5.6 18 170   M    M   8        22 170
18  78  64  71   5   0   6 0.16    M    M  9.1 20 280   M    M   9 123    28 250
19  75  63  69   3   0   4 0.02    M    M  7.8 17 270   M    M   9 128    23 250
20  77  63  70   4   0   5 1.67  0.0    M  6.0 18 250   M    M   6 13     29 270
21  79  66  73   7   0   8 0.76  0.0    M  9.2 26 340   M    M   9 12     33 340
22  80  65  73   6   0   8 0.00  0.0    M  8.7 14 230   M    M   4 1      19 260
23  78  59  69   2   0   4 0.51  0.0    M 13.3 30 290   M    M   5 138    40 300
24  73  54  64  -3   1   0 0.00    M    M  7.5 16 290   M    M   1        20 290
25  69  57  63  -4   2   0 0.38    M    M  3.4 10 230   M    M   8 128    13 190
26  75  60  68   0   0   3    T  0.0    0  4.3 13  40   M    M   6 12     16  40
27  64  56  60  -8   5   0 1.46  0.0    0  8.7 18 100   M    M  10 1      32 110
28  59  55  57 -11   8   0 0.19  0.0    0 12.7 24 250   M    M   9 1      33 250
29  73  51  62  -6   3   0    T  0.0    0  6.8 17 290   M    M   5        24 270
================================================================================
SM 2043 1637        61  88 11.75     0.0 237.7          M      189
================================================================================
AV 73.0 58.5                               8.2 FASTST   M    M   7    MAX(MPH)
                                 MISC ---->  # 30 300               # 40  260
================================================================================
NOTES:
# LAST OF SEVERAL OCCURRENCES

COLUMN 17 PEAK WIND IN M.P.H.

PRELIMINARY LOCAL CLIMATOLOGICAL DATA (WS FORM: F-6) , PAGE 2

                                          STATION:  JOHNSTOWN
                                          MONTH:    JUNE
                                          YEAR:     2015
                                          LATITUDE:   40 18 N
                                          LONGITUDE:  78 50 W

[TEMPERATURE DATA]      [PRECIPITATION DATA]       SYMBOLS USED IN COLUMN 16

AVERAGE MONTHLY: 65.7   TOTAL FOR MONTH:  11.75    1 = FOG OR MIST
DPTR FM NORMAL:   1.0   DPTR FM NORMAL:    7.80    2 = FOG REDUCING VISIBILITY
HIGHEST:    85 ON 12    GRTST 24HR  2.65 ON 14-15      TO 1/4 MILE OR LESS
LOWEST:     50 ON  7                               3 = THUNDER
                        SNOW, ICE PELLETS, HAIL    4 = ICE PELLETS
                        TOTAL MONTH:   0.0 INCH    5 = HAIL
                        GRTST 24HR     0.0         6 = FREEZING RAIN OR DRIZZLE
                        GRTST DEPTH:   0           7 = DUSTSTORM OR SANDSTORM:
                                                       VSBY 1/2 MILE OR LESS
                                                   8 = SMOKE OR HAZE
[NO. OF DAYS WITH]      [WEATHER - DAYS WITH]      9 = BLOWING SNOW
                                                   X = TORNADO
MAX 32 OR BELOW:   0    0.01 INCH OR MORE:  19
MAX 90 OR ABOVE:   0    0.10 INCH OR MORE:  14
MIN 32 OR BELOW:   0    0.50 INCH OR MORE:   8
MIN  0 OR BELOW:   0    1.00 INCH OR MORE:   6

[HDD (BASE 65) ]
TOTAL THIS MO.    61    CLEAR  (SCALE 0-3)   4
DPTR FM NORMAL   -17    PTCLDY (SCALE 4-7)  14
TOTAL FM JUL 1  6838    CLOUDY (SCALE 8-10) 11
DPTR FM NORMAL   151

[CDD (BASE 65) ]
TOTAL THIS MO.    88
DPTR FM NORMAL    17    [PRESSURE DATA]
TOTAL FM JAN 1   172    HIGHEST SLP M ON M
DPTR FM NORMAL    77    LOWEST  SLP 29.63 ON  9

[REMARKS]
