000
CXUS55 KCTP 190700
CF6JST
PRELIMINARY LOCAL CLIMATOLOGICAL DATA (WS FORM: F-6)

                                          STATION:   JOHNSTOWN
                                          MONTH:     JANUARY
                                          YEAR:      2018
                                          LATITUDE:   40 18 N
                                          LONGITUDE:  78 50 W

  TEMPERATURE IN F:       :PCPN:    SNOW:  WIND      :SUNSHINE: SKY     :PK WND
================================================================================
1   2   3   4   5  6A  6B    7    8   9   10  11  12  13   14  15   16   17  18
                                     12Z  AVG MX 2MIN
DY MAX MIN AVG DEP HDD CDD  WTR  SNW DPTH SPD SPD DIR MIN PSBL S-S WX    SPD DR
================================================================================

 1   8  -2   3 -23  62   0    T    M    M 11.1 23 290   M    M   8 18     32 290
 2  10   1   6 -20  59   0    T    M    M 14.7 22 260   M    M   5 18     28 280
 3  23   1  12 -14  53   0 0.00    M    M  8.2 14 240   M    M   1        17 220
 4  16   1   9 -17  56   0    T    M    M 18.9 31 290   M    M   8 1289   46 290
 5   3  -4   0 -26  65   0    T    M    M 19.6 30 290   M    M  10 189    39 270
 6   3  -3   0 -26  65   0    T    M    M 17.1 28 280   M    M   9 128    36 270
 7  30  -7  12 -14  53   0 0.00    M    M  8.5 15 210   M    M   3 18     22 210
 8  35  29  32   6  33   0 0.05    M    M 16.9 31 260   M    M  10 126    46 260
 9  33  25  29   4  36   0 0.00    M    M 11.9 25 290   M    M   6 1      34 270
10  41  21  31   6  34   0 0.00    M    M  8.5 17 160   M    M   3 1      22 160
11  53  39  46  21  19   0 0.18    M    M 12.4 24 170   M    M   6 1      33 170
12  59  32  46  21  19   0 1.11    M    M 14.2 28 290   M    M  10 12     35 290
13  32   5  19  -6  46   0 0.17    M    M 16.7 29 310   M    M   7 169    37 300
14  15   2   9 -16  56   0    T    M    M  6.1 16 310   M    M   2        20 320
15  20   5  13 -12  52   0    T    M    M  8.2 15 170   M    M   6 18     18 160
16  26  11  19  -6  46   0 0.07    M    M  6.0 15 280   M    M  10 1      18 250
17  11   3   7 -18  58   0    T    M    M 11.5 18 280   M    M  10 18     24 280
18  24   6  15 -10  50   0    T    M    M 18.1 28 270   M    M   2 18     38 270
================================================================================
SM  442  165       862   0  1.58    M    228.6          M      116
================================================================================
AV 24.6  9.2                              12.7 FASTST   M    M   6    MAX(MPH)
                                 MISC ---->  # 31 290               # 46  290
================================================================================
NOTES:
# LAST OF SEVERAL OCCURRENCES

COLUMN 17 PEAK WIND IN M.P.H.

PRELIMINARY LOCAL CLIMATOLOGICAL DATA (WS FORM: F-6) , PAGE 2

                                          STATION:  JOHNSTOWN
                                          MONTH:    JANUARY
                                          YEAR:     2018
                                          LATITUDE:   40 18 N
                                          LONGITUDE:  78 50 W

[TEMPERATURE DATA]      [PRECIPITATION DATA]       SYMBOLS USED IN COLUMN 16

AVERAGE MONTHLY: 16.9   TOTAL FOR MONTH:   1.58    1 = FOG OR MIST
DPTR FM NORMAL:  -8.6   DPTR FM NORMAL:   -0.31    2 = FOG REDUCING VISIBILITY
HIGHEST:    59 ON 12    GRTST 24HR  1.11 ON 12-12      TO 1/4 MILE OR LESS
LOWEST:     -7 ON  7                               3 = THUNDER
                        SNOW, ICE PELLETS, HAIL    4 = ICE PELLETS
                        TOTAL MONTH:    M          5 = HAIL
                        GRTST 24HR    M  ON   M    6 = FREEZING RAIN OR DRIZZLE
                        GRTST DEPTH:  M  ON   M    7 = DUSTSTORM OR SANDSTORM:
                                                       VSBY 1/2 MILE OR LESS
                                                   8 = SMOKE OR HAZE
[NO. OF DAYS WITH]      [WEATHER - DAYS WITH]      9 = BLOWING SNOW
                                                   X = TORNADO
MAX 32 OR BELOW:  13    0.01 INCH OR MORE:   5
MAX 90 OR ABOVE:   0    0.10 INCH OR MORE:   3
MIN 32 OR BELOW:  17    0.50 INCH OR MORE:   1
MIN  0 OR BELOW:   4    1.00 INCH OR MORE:   1

[HDD (BASE 65) ]
TOTAL THIS MO.   862    CLEAR  (SCALE 0-3)   4
DPTR FM NORMAL   149    PTCLDY (SCALE 4-7)   8
TOTAL FM JUL 1  3252    CLOUDY (SCALE 8-10)  6
DPTR FM NORMAL   -51

[CDD (BASE 65) ]
TOTAL THIS MO.     0
DPTR FM NORMAL     0    [PRESSURE DATA]
TOTAL FM JAN 1     0    HIGHEST SLP M ON M
DPTR FM NORMAL     0    LOWEST  SLP 29.53 ON 12

[REMARKS]
