000
CXUS55 KPUB 291059
CF6LAA
PRELIMINARY LOCAL CLIMATOLOGICAL DATA (WS FORM: F-6)

                                          STATION:   LAMAR CO
                                          MONTH:     JULY
                                          YEAR:      2016
                                          LATITUDE:   38  4 N
                                          LONGITUDE: 102 41 W

  TEMPERATURE IN F:       :PCPN:    SNOW:  WIND      :SUNSHINE: SKY     :PK WND
================================================================================
1   2   3   4   5  6A  6B    7    8   9   10  11  12  13   14  15   16   17  18
                                     12Z  AVG MX 2MIN
DY MAX MIN AVG DEP HDD CDD  WTR  SNW DPTH SPD SPD DIR MIN PSBL S-S WX    SPD DR
================================================================================

 1  83  63  73  -3   0   8    M  0.0    0 10.6 32 260   M    M   8 1      40 280
 2  86  62  74  -2   0   9 0.17  0.0    0  4.6 28 290   M    M   3 18     34 290
 3  87  62  75  -1   0  10 0.00  0.0    0  5.1 16 210   M    M   4 1      19 210
 4  95  59  77   1   0  12 0.00  0.0    0  8.9 17 240   M    M   0        21 240
 5  99  60  80   4   0  15 0.00  0.0    0  8.0 21  40   M    M   0        27  20
 6  98  64  81   4   0  16 0.00  0.0    0  6.7 21 180   M    M   1 1      24 170
 7  98  60  79   2   0  14    T  0.0    0 13.0 32 110   M    M   0        43 110
 8  92  61  77   0   0  12 0.33  0.0    0 11.2 37 320   M    M   3 1      46 320
 9  97  62  80   3   0  15 0.00  0.0    0  6.9 18 140   M    M   0 18     25 130
10 103  69  86   9   0  21 0.00  0.0    0 10.6 26 180   M    M   0        34 170
11  95  59  77   0   0  12 0.00  0.0    0  9.7 22  10   M    M   0        27  10
12  92  61  77   0   0  12 0.05  0.0    0  9.3 35 290   M    M   1        45 290
13  95  62  79   1   0  14 0.00  0.0    0  6.4 17  60   M    M   0        22  40
14  88  64  76  -2   0  11 0.00  0.0    0 10.2 22  90   M    M   1        27  80
15 102  60  81   3   0  16    T  0.0    0 10.9 46  60   M    M   0 8      63  60
16 105  56  81   3   0  16 0.00  0.0    0 13.2 30 180   M    M   0 8      41 170
17  98  70  84   6   0  19    T  0.0    0 13.1 39  10   M    M   0        50  10
18 101  62  82   4   0  17 0.00  0.0    0 10.0 24 160   M    M   0        32 160
19 101  67  84   6   0  19 0.00  0.0    0 12.3 25 160   M    M   1        32 170
20 104  67  86   8   0  21 0.00  0.0    0 10.0 24 180   M    M   0        31 180
21 105  67  86   8   0  21 0.00  0.0    0  8.6 21 270   M    M   0        33 270
22 104  63  84   6   0  19 0.00  0.0    0  7.7 22 160   M    M   0        31 130
23 104  70  87   9   0  22 0.01  0.0    0  8.3 43 280   M    M   1 8      53 270
24  96  65  81   3   0  16 0.01  0.0    0  8.1 23  60   M    M   1        29 340
25  89  57  73  -5   0   8    T  0.0    0  8.4 21 120   M    M   0        28 120
26  97  64  81   3   0  16    M  0.0    0 11.5 33  90   M    M   2 1      40  40
27  95  66  81   3   0  16 0.00  0.0    0  9.6 32 120   M    M   0 8      40 120
28 100  65  83   5   0  18    T  0.0    0 15.5 37 120   M    M   1 1      44 140
================================================================================
SM 2709 1767         0 425  0.57     0.0 268.4          M       27
================================================================================
AV 96.8 63.1                               9.6 FASTST   M    M   1    MAX(MPH)
                                 MISC ---->  # 46  60               # 63   60
================================================================================
NOTES:
# LAST OF SEVERAL OCCURRENCES

COLUMN 17 PEAK WIND IN M.P.H.

PRELIMINARY LOCAL CLIMATOLOGICAL DATA (WS FORM: F-6) , PAGE 2

                                          STATION:  LAMAR CO
                                          MONTH:    JULY
                                          YEAR:     2016
                                          LATITUDE:   38  4 N
                                          LONGITUDE: 102 41 W

[TEMPERATURE DATA]      [PRECIPITATION DATA]       SYMBOLS USED IN COLUMN 16

AVERAGE MONTHLY: 79.9   TOTAL FOR MONTH:   0.57    1 = FOG OR MIST
DPTR FM NORMAL:   2.5   DPTR FM NORMAL:   -2.01    2 = FOG REDUCING VISIBILITY
HIGHEST:   105 ON 21,16 GRTST 24HR  0.33 ON  8- 8      TO 1/4 MILE OR LESS
LOWEST:     56 ON 16                               3 = THUNDER
                        SNOW, ICE PELLETS, HAIL    4 = ICE PELLETS
                        TOTAL MONTH:   0.0 INCH    5 = HAIL
                        GRTST 24HR     0.0         6 = FREEZING RAIN OR DRIZZLE
                        GRTST DEPTH:   0           7 = DUSTSTORM OR SANDSTORM:
                                                       VSBY 1/2 MILE OR LESS
                                                   8 = SMOKE OR HAZE
[NO. OF DAYS WITH]      [WEATHER - DAYS WITH]      9 = BLOWING SNOW
                                                   X = TORNADO
MAX 32 OR BELOW:   0    0.01 INCH OR MORE:   5
MAX 90 OR ABOVE:  23    0.10 INCH OR MORE:   2
MIN 32 OR BELOW:   0    0.50 INCH OR MORE:   0
MIN  0 OR BELOW:   0    1.00 INCH OR MORE:   0

[HDD (BASE 65) ]
TOTAL THIS MO.     0    CLEAR  (SCALE 0-3)  25
DPTR FM NORMAL     0    PTCLDY (SCALE 4-7)   2
TOTAL FM JUL 1     0    CLOUDY (SCALE 8-10)  1
DPTR FM NORMAL     0

[CDD (BASE 65) ]
TOTAL THIS MO.   425
DPTR FM NORMAL    78    [PRESSURE DATA]
TOTAL FM JAN 1   792    HIGHEST SLP M ON M
DPTR FM NORMAL   165    LOWEST  SLP 29.71 ON M

[REMARKS]
