000
CXUS55 KLOX 301655
CF6LAX
PRELIMINARY LOCAL CLIMATOLOGICAL DATA (WS FORM: F-6)

                                          STATION:   LOS ANGELES INTL AIRPORT CA
                                          MONTH:     APRIL
                                          YEAR:      2016
                                          LATITUDE:   33 55 N
                                          LONGITUDE: 118 24 W

  TEMPERATURE IN F:       :PCPN:    SNOW:  WIND      :SUNSHINE: SKY     :PK WND
================================================================================
1   2   3   4   5  6A  6B    7    8   9   10  11  12  13   14  15   16   17  18
                                     12Z  AVG MX 2MIN
DY MAX MIN AVG DEP HDD CDD  WTR  SNW DPTH SPD SPD DIR MIN PSBL S-S WX    SPD DR
================================================================================

 1  67  53  60   1   5   0 0.00  0.0    0  7.2 15 260   M    M   2        20 250
 2  69  54  62   3   3   0 0.00  0.0    0  6.6 16 280   M    M   1 18     20 270
 3  66  54  60   1   5   0 0.00  0.0    0  6.6 18 250   M    M   3 18     23 250
 4  71  53  62   3   3   0 0.00  0.0    0  6.9 15 270   M    M   4 18     18 260
 5  75  56  66   7   0   1 0.00  0.0    0  5.8 14 260   M    M   4 1      16 260
 6  74  57  66   7   0   1 0.00  0.0    0  6.6 20 260   M    M   8 18     23 260
 7  65  58  62   3   3   0 0.05  0.0    0  4.9 17 260   M    M   9 1      20 250
 8  61  58  60   1   5   0 0.14  0.0    0  4.3  9 250   M    M   9 1      14 210
 9  65  59  62   3   3   0 0.10  0.0    0  6.0 16 150   M    M   9 18     21 150
10  68  58  63   3   2   0 0.00  0.0    0  7.0 20 260   M    M   7        24 260
11  69  58  64   4   1   0 0.00  0.0    0  7.1 20 260   M    M   6        22 260
12  69  56  63   3   2   0 0.00  0.0    0  7.3 18 250   M    M   3        21 230
13  67  57  62   2   3   0 0.00  0.0    0  7.7 21 270   M    M   6 18     23 290
14  68  55  62   2   3   0 0.00  0.0    0  8.1 23 260   M    M   4 8      31 320
15  79  60  70  10   0   5 0.00  0.0    0 14.5 36 260   M    M   3        49 350
16  79  59  69   9   0   4 0.00  0.0    0  9.1 26 270   M    M   0 8      32 260
17  84  56  70  10   0   5 0.00  0.0    0  7.9 21 270   M    M   0        24 260
18  83  58  71  11   0   6 0.00  0.0    0  5.9 15 260   M    M   2        17 260
19  83  61  72  12   0   7 0.00  0.0    0  4.9 14 270   M    M   4        16 260
20  81  59  70  10   0   5 0.00  0.0    0  7.6 18 270   M    M   3        23 280
21  72  57  65   4   0   0 0.00  0.0    0  9.6 22 250   M    M   5        29 260
22  69  58  64   3   1   0 0.00  0.0    0 12.9 32 260   M    M   5 8      37 260
23  72  55  64   3   1   0 0.00  0.0    0 10.6 26 260   M    M   2        32 270
24  71  56  64   3   1   0 0.00  0.0    0 10.2 25 260   M    M   3        29 260
25  65  54  60  -1   5   0 0.00  0.0    0 15.2 44 270   M    M   3        51 260
26  67  51  59  -2   6   0 0.00  0.0    0  8.5 16 250   M    M   4        20 250
27  67  55  61   0   4   0 0.00  0.0    0 12.0 29 270   M    M   5        36 270
28  65  54  60  -1   5   0 0.00  0.0    0  7.4 18 270   M    M   4        23 270
29  67  55  61  -1   4   0 0.00  0.0    0  8.8 18 270   M    M   6        24 270
================================================================================
SM 2058 1634        65  34  0.29     0.0 237.1          M      124
================================================================================
AV 71.0 56.3                               8.2 FASTST   M    M   4    MAX(MPH)
                                 MISC ---->  # 44 270               # 51  260
================================================================================
NOTES:
# LAST OF SEVERAL OCCURRENCES

COLUMN 17 PEAK WIND IN M.P.H.

PRELIMINARY LOCAL CLIMATOLOGICAL DATA (WS FORM: F-6) , PAGE 2

                                          STATION:  LOS ANGELES INTL AIRPORT CA
                                          MONTH:    APRIL
                                          YEAR:     2016
                                          LATITUDE:   33 55 N
                                          LONGITUDE: 118 24 W

[TEMPERATURE DATA]      [PRECIPITATION DATA]       SYMBOLS USED IN COLUMN 16

AVERAGE MONTHLY: 63.7   TOTAL FOR MONTH:   0.29    1 = FOG OR MIST
DPTR FM NORMAL:   3.6   DPTR FM NORMAL:   -0.39    2 = FOG REDUCING VISIBILITY
HIGHEST:    84 ON 17    GRTST 24HR  0.23 ON  8- 9      TO 1/4 MILE OR LESS
LOWEST:     51 ON 26                               3 = THUNDER
                        SNOW, ICE PELLETS, HAIL    4 = ICE PELLETS
                        TOTAL MONTH:   0.0 INCH    5 = HAIL
                        GRTST 24HR     0.0         6 = FREEZING RAIN OR DRIZZLE
                        GRTST DEPTH:   0           7 = DUSTSTORM OR SANDSTORM:
                                                       VSBY 1/2 MILE OR LESS
                                                   8 = SMOKE OR HAZE
[NO. OF DAYS WITH]      [WEATHER - DAYS WITH]      9 = BLOWING SNOW
                                                   X = TORNADO
MAX 32 OR BELOW:   0    0.01 INCH OR MORE:   3
MAX 90 OR ABOVE:   0    0.10 INCH OR MORE:   2
MIN 32 OR BELOW:   0    0.50 INCH OR MORE:   0
MIN  0 OR BELOW:   0    1.00 INCH OR MORE:   0

[HDD (BASE 65) ]
TOTAL THIS MO.    65    CLEAR  (SCALE 0-3)   8
DPTR FM NORMAL   -88    PTCLDY (SCALE 4-7)  18
TOTAL FM JUL 1   893    CLOUDY (SCALE 8-10)  3
DPTR FM NORMAL  -410

[CDD (BASE 65) ]
TOTAL THIS MO.    34
DPTR FM NORMAL    26    [PRESSURE DATA]
TOTAL FM JAN 1    92    HIGHEST SLP M ON M
DPTR FM NORMAL    69    LOWEST  SLP 29.69 ON 27

[REMARKS]
