000
CXUS55 KLOX 271655
CF6LAX
PRELIMINARY LOCAL CLIMATOLOGICAL DATA (WS FORM: F-6)

                                          STATION:   LOS ANGELES INTL AIRPORT CA
                                          MONTH:     MAY
                                          YEAR:      2016
                                          LATITUDE:   33 55 N
                                          LONGITUDE: 118 24 W

  TEMPERATURE IN F:       :PCPN:    SNOW:  WIND      :SUNSHINE: SKY     :PK WND
================================================================================
1   2   3   4   5  6A  6B    7    8   9   10  11  12  13   14  15   16   17  18
                                     12Z  AVG MX 2MIN
DY MAX MIN AVG DEP HDD CDD  WTR  SNW DPTH SPD SPD DIR MIN PSBL S-S WX    SPD DR
================================================================================

 1  70  55  63   1   2   0 0.00  0.0    0  7.6 18 270   M    M   3        23 260
 2  66  57  62   0   3   0 0.00  0.0    0  9.4 21 250   M    M   4 18     24 250
 3  69  57  63   1   2   0 0.00  0.0    0  7.8 18 270   M    M   5 18     25 230
 4  65  56  61  -1   4   0 0.00  0.0    0  7.2 18 270   M    M   8 18     22 260
 5  68  57  63   1   2   0 0.03  0.0    0  7.4 16 240   M    M   8        21 250
 6  68  57  63   1   2   0 0.00  0.0    0  7.8 17 250   M    M   7        24 250
 7  67  57  62   0   3   0 0.56  0.0    0  8.0 17 270   M    M   8 1      22 260
 8  68  58  63   1   2   0 0.00  0.0    0  9.9 20 280   M    M   6        24 280
 9  66  58  62   0   3   0 0.00  0.0    0  7.2 17 270   M    M   5        21 250
10  68  56  62   0   3   0 0.00  0.0    0  7.4 17 280   M    M   9        21 270
11  67  57  62   0   3   0 0.00  0.0    0  8.8 20 260   M    M  10        24 270
12  66  57  62   0   3   0 0.00  0.0    0  7.4 17 270   M    M   7 18     24 290
13  70  59  65   3   0   0 0.00  0.0    0  7.3 15 260   M    M   8 18     21 260
14  67  61  64   1   1   0 0.00  0.0    0  7.7 16 250   M    M   9        22 230
15  70  61  66   3   0   1 0.00  0.0    0  7.8 16 250   M    M   7        22 270
16  69  61  65   2   0   0 0.00  0.0    0  7.7 16 230   M    M   8        22 210
17  69  61  65   2   0   0 0.00  0.0    0  9.2 18 270   M    M   7        22 280
18  64  60  62  -1   3   0 0.00  0.0    0  7.1 15 260   M    M  10        18 250
19  68  60  64   1   1   0 0.00  0.0    0  7.1 18 270   M    M   9        22 280
20  67  57  62  -1   3   0 0.00  0.0    0 10.2 17 250   M    M   7        24 250
21  66  56  61  -2   4   0 0.00  0.0    0 10.4 23 270   M    M   5        26 270
22  68  53  61  -2   4   0 0.00  0.0    0 10.1 22 250   M    M   1        25 250
23  71  56  64   1   1   0 0.00  0.0    0  8.0 20 270   M    M   5        24 280
24  67  58  63   0   2   0    T  0.0    0  9.0 21 260   M    M   6        23 260
25  67  57  62  -1   3   0 0.00  0.0    0  9.2 17 250   M    M   5        23 230
26  69  55  62  -1   3   0 0.00  0.0    0  7.8 20 270   M    M   4        24 260
================================================================================
SM 1760 1497        57   1  0.59     0.0 214.6          M      171
================================================================================
AV 67.7 57.6                               8.3 FASTST   M    M   7    MAX(MPH)
                                 MISC ---->  # 23 270               # 26  270
================================================================================
NOTES:
# LAST OF SEVERAL OCCURRENCES

COLUMN 17 PEAK WIND IN M.P.H.

PRELIMINARY LOCAL CLIMATOLOGICAL DATA (WS FORM: F-6) , PAGE 2

                                          STATION:  LOS ANGELES INTL AIRPORT CA
                                          MONTH:    MAY
                                          YEAR:     2016
                                          LATITUDE:   33 55 N
                                          LONGITUDE: 118 24 W

[TEMPERATURE DATA]      [PRECIPITATION DATA]       SYMBOLS USED IN COLUMN 16

AVERAGE MONTHLY: 62.6   TOTAL FOR MONTH:   0.59    1 = FOG OR MIST
DPTR FM NORMAL:   0.1   DPTR FM NORMAL:    0.39    2 = FOG REDUCING VISIBILITY
HIGHEST:    71 ON 23    GRTST 24HR  0.98 ON 16-17      TO 1/4 MILE OR LESS
LOWEST:     53 ON 22                               3 = THUNDER
                        SNOW, ICE PELLETS, HAIL    4 = ICE PELLETS
                        TOTAL MONTH:   0.0 INCH    5 = HAIL
                        GRTST 24HR     0.0         6 = FREEZING RAIN OR DRIZZLE
                        GRTST DEPTH:   0           7 = DUSTSTORM OR SANDSTORM:
                                                       VSBY 1/2 MILE OR LESS
                                                   8 = SMOKE OR HAZE
[NO. OF DAYS WITH]      [WEATHER - DAYS WITH]      9 = BLOWING SNOW
                                                   X = TORNADO
MAX 32 OR BELOW:   0    0.01 INCH OR MORE:   2
MAX 90 OR ABOVE:   0    0.10 INCH OR MORE:   1
MIN 32 OR BELOW:   0    0.50 INCH OR MORE:   1
MIN  0 OR BELOW:   0    1.00 INCH OR MORE:   0

[HDD (BASE 65) ]
TOTAL THIS MO.    57    CLEAR  (SCALE 0-3)   1
DPTR FM NORMAL   -19    PTCLDY (SCALE 4-7)  19
TOTAL FM JUL 1   955    CLOUDY (SCALE 8-10)  6
DPTR FM NORMAL  -429

[CDD (BASE 65) ]
TOTAL THIS MO.     1
DPTR FM NORMAL    -3    [PRESSURE DATA]
TOTAL FM JAN 1    93    HIGHEST SLP M ON M
DPTR FM NORMAL    63    LOWEST  SLP 29.77 ON M

[REMARKS]
