000
CXUS54 KLUB 280755
CF6LBB
PRELIMINARY LOCAL CLIMATOLOGICAL DATA (WS FORM: F-6)

                                          STATION:   LUBBOCK
                                          MONTH:     AUGUST
                                          YEAR:      2016
                                          LATITUDE:   33 39 N
                                          LONGITUDE: 101 49 W

  TEMPERATURE IN F:       :PCPN:    SNOW:  WIND      :SUNSHINE: SKY     :PK WND
================================================================================
1   2   3   4   5  6A  6B    7    8   9   10  11  12  13   14  15   16   17  18
                                     12Z  AVG MX 2MIN
DY MAX MIN AVG DEP HDD CDD  WTR  SNW DPTH SPD SPD DIR MIN PSBL S-S WX    SPD DR
================================================================================

 1  99  75  87   7   0  22 0.00  0.0    0 15.4 25 170   M    M   3 8      35 190
 2  98  75  87   7   0  22 0.00  0.0    0 12.3 21 150   M    M   6        26 190
 3  98  71  85   5   0  20 0.00  0.0    0  8.1 21 180   M    M   6        25 170
 4 100  77  89   9   0  24 0.00  0.0    0 13.0 23 220   M    M   2        28 210
 5  98  70  84   4   0  19 0.00  0.0    0  8.7 21 150   M    M   3        24 150
 6  97  72  85   5   0  20 0.00  0.0    0  9.7 21 150   M    M   2        27 150
 7  98  69  84   4   0  19 0.00  0.0    0  9.6 21 160   M    M   4        30 200
 8  95  68  82   2   0  17 0.32  0.0    0  9.9 24 120   M    M   6 13     29 120
 9  91  66  79  -1   0  14 0.39  0.0    0 12.3 28 360   M    M   7 13     34 360
10  93  70  82   2   0  17    T  0.0    0 11.1 37 140   M    M   7 38     45 140
11  98  70  84   4   0  19    T  0.0    0 11.7 26 210   M    M   5 138    33 220
12  92  73  83   3   0  18    T  0.0    0  9.2 22  30   M    M   7        28  60
13  89  69  79  -1   0  14 0.00  0.0    0 10.7 22  70   M    M   6        30  30
14  83  61  72  -8   0   7 0.00  0.0    0  9.5 17  60   M    M   8        21  20
15  89  58  74  -5   0   9 0.00  0.0    0  5.9 15 130   M    M   2        20 130
16  92  62  77  -2   0  12 0.00  0.0    0  7.3 16 140   M    M   2        21 120
17  90  58  74  -5   0   9 0.00  0.0    0  6.0 15 110   M    M   2 8      17 110
18  91  65  78  -1   0  13 0.00  0.0    0  9.1 25 170   M    M   4        29 150
19  94  68  81   2   0  16 0.09  0.0    0 12.2 24 320   M    M   5 138    29 320
20  80  63  72  -7   0   7    T  0.0    0 10.7 22  40   M    M   6 13     26  30
21  82  58  70  -9   0   5 0.00  0.0    0  8.0 15 130   M    M   6 8      19 110
22  87  62  75  -3   0  10 0.00  0.0    0 11.0 23 160   M    M   7        28 160
23  94  68  81   3   0  16 0.04  0.0    0 14.7 36 310   M    M   7 1378   46 300
24  85  64  75  -3   0  10 0.10  0.0    0 11.4 26 220   M    M   7 1      33 220
25  83  65  74  -4   0   9 0.24  0.0    0  8.3 24 170   M    M   9 13     32 170
26  85  64  75  -3   0  10 0.16  0.0    0  6.9 23 170   M    M   6 1      27 160
27  90  63  77  -1   0  12 0.00  0.0    0  9.4 24 140   M    M   3 18     30 130
================================================================================
SM 2471 1804         0 390  1.34     0.0 272.1          M      138
================================================================================
AV 91.5 66.8                              10.1 FASTST   M    M   5    MAX(MPH)
                                 MISC ---->  # 37 140               # 46  300
================================================================================
NOTES:
# LAST OF SEVERAL OCCURRENCES

COLUMN 17 PEAK WIND IN M.P.H.

PRELIMINARY LOCAL CLIMATOLOGICAL DATA (WS FORM: F-6) , PAGE 2

                                          STATION:  LUBBOCK
                                          MONTH:    AUGUST
                                          YEAR:     2016
                                          LATITUDE:   33 39 N
                                          LONGITUDE: 101 49 W

[TEMPERATURE DATA]      [PRECIPITATION DATA]       SYMBOLS USED IN COLUMN 16

AVERAGE MONTHLY: 79.2   TOTAL FOR MONTH:   1.34    1 = FOG OR MIST
DPTR FM NORMAL:  -0.1   DPTR FM NORMAL:   -0.30    2 = FOG REDUCING VISIBILITY
HIGHEST:   100 ON  4    GRTST 24HR  0.71 ON  8- 9      TO 1/4 MILE OR LESS
LOWEST:     58 ON 21,17                            3 = THUNDER
                        SNOW, ICE PELLETS, HAIL    4 = ICE PELLETS
                        TOTAL MONTH:   0.0 INCH    5 = HAIL
                        GRTST 24HR     0.0         6 = FREEZING RAIN OR DRIZZLE
                        GRTST DEPTH:   0           7 = DUSTSTORM OR SANDSTORM:
                                                       VSBY 1/2 MILE OR LESS
                                                   8 = SMOKE OR HAZE
[NO. OF DAYS WITH]      [WEATHER - DAYS WITH]      9 = BLOWING SNOW
                                                   X = TORNADO
MAX 32 OR BELOW:   0    0.01 INCH OR MORE:   7
MAX 90 OR ABOVE:  18    0.10 INCH OR MORE:   5
MIN 32 OR BELOW:   0    0.50 INCH OR MORE:   0
MIN  0 OR BELOW:   0    1.00 INCH OR MORE:   0

[HDD (BASE 65) ]
TOTAL THIS MO.     0    CLEAR  (SCALE 0-3)   8
DPTR FM NORMAL     0    PTCLDY (SCALE 4-7)  18
TOTAL FM JUL 1     0    CLOUDY (SCALE 8-10)  1
DPTR FM NORMAL     0

[CDD (BASE 65) ]
TOTAL THIS MO.   390
DPTR FM NORMAL     5    [PRESSURE DATA]
TOTAL FM JAN 1  1685    HIGHEST SLP M ON M
DPTR FM NORMAL   207    LOWEST  SLP 29.69 ON 19

[REMARKS]
