000
CXUS55 KLBF 171200
CF6LBF
PRELIMINARY LOCAL CLIMATOLOGICAL DATA (WS FORM: F-6)

                                          STATION:   NORTH PLATTE NE
                                          MONTH:     APRIL
                                          YEAR:      2014
                                          LATITUDE:   41  7 N
                                          LONGITUDE: 100 41 W

  TEMPERATURE IN F:       :PCPN:    SNOW:  WIND      :SUNSHINE: SKY     :PK WND
================================================================================
1   2   3   4   5  6A  6B    7    8   9   10  11  12  13   14  15   16   17  18
                                     12Z  AVG MX 2MIN
DY MAX MIN AVG DEP HDD CDD  WTR  SNW DPTH SPD SPD DIR MIN PSBL S-S WX    SPD DR
================================================================================

 1  48  21  35  -8  30   0 0.00  0.0    0 10.5 21 110   M    M   4        26 110
 2  44  29  37  -6  28   0 0.00  0.0    0 11.4 18 110   M    M   9 1      25 110
 3  42  26  34 -10  31   0    T    T    0 16.8 30 340   M    M   7 1      39 340
 4  55  19  37  -7  28   0 0.00  0.0    0  8.7 14 330   M    M   0        18 310
 5  65  36  51   7  14   0 0.00  0.0    0  9.0 17 180   M    M   0        23 180
 6  67  36  52   8  13   0    T  0.0    0  9.0 29 340   M    M   2        42 340
 7  55  26  41  -4  24   0    T  0.0    0 14.8 36 330   M    M   4        48 330
 8  65  21  43  -2  22   0 0.00  0.0    0  5.9 16 360   M    M   0        24 360
 9  83  31  57  12   8   0 0.00  0.0    0  9.1 33  10   M    M   0        42  20
10  66  33  50   4  15   0 0.04  0.0    0  8.5 36  20   M    M   3        47  30
11  76  33  55   9  10   0 0.00  0.0    0  6.8 23 170   M    M   0 1      31 160
12  76  39  58  12   7   0 0.00  0.0    0 13.0 32  30   M    M   0        43  30
13  52  29  41  -6  24   0 0.10  1.1    0 23.7 39  20   M    M   8 12     49  20
14  46  19  33 -14  32   0 0.00  0.0    0 13.1 29 310   M    M   4        37 300
15  67  17  42  -5  23   0 0.00  0.0    0 10.6 25 220   M    M   0        35 200
16  53  31  42  -6  23   0 0.00  0.0    0 16.0 36 320   M    M   5        43 310
================================================================================
SM  960  446       332   0  0.14     1.1 186.9          M       46
================================================================================
AV 60.0 27.9                              11.7 FASTST   M    M   3    MAX(MPH)
                                 MISC ---->  # 39  20               # 49   20
================================================================================
NOTES:
# LAST OF SEVERAL OCCURRENCES

COLUMN 17 PEAK WIND IN M.P.H.

PRELIMINARY LOCAL CLIMATOLOGICAL DATA (WS FORM: F-6) , PAGE 2

                                          STATION:  NORTH PLATTE NE
                                          MONTH:    APRIL
                                          YEAR:     2014
                                          LATITUDE:   41  7 N
                                          LONGITUDE: 100 41 W

[TEMPERATURE DATA]      [PRECIPITATION DATA]       SYMBOLS USED IN COLUMN 16

AVERAGE MONTHLY: 43.9   TOTAL FOR MONTH:   0.14    1 = FOG OR MIST
DPTR FM NORMAL:  -1.3   DPTR FM NORMAL:   -0.90    2 = FOG REDUCING VISIBILITY
HIGHEST:    83 ON  9    GRTST 24HR  0.13 ON 31- 1      TO 1/4 MILE OR LESS
LOWEST:     17 ON 15                               3 = THUNDER
                        SNOW, ICE PELLETS, HAIL    4 = ICE PELLETS
                        TOTAL MONTH:   1.1 INCHES  5 = HAIL
                        GRTST 24HR   1.1 ON   M    6 = FREEZING RAIN OR DRIZZLE
                        GRTST DEPTH:   0           7 = DUSTSTORM OR SANDSTORM:
                                                       VSBY 1/2 MILE OR LESS
                                                   8 = SMOKE OR HAZE
[NO. OF DAYS WITH]      [WEATHER - DAYS WITH]      9 = BLOWING SNOW
                                                   X = TORNADO
MAX 32 OR BELOW:   0    0.01 INCH OR MORE:   2
MAX 90 OR ABOVE:   0    0.10 INCH OR MORE:   1
MIN 32 OR BELOW:  11    0.50 INCH OR MORE:   0
MIN  0 OR BELOW:   0    1.00 INCH OR MORE:   0

[HDD (BASE 65) ]
TOTAL THIS MO.   332    CLEAR  (SCALE 0-3)   9
DPTR FM NORMAL    15    PTCLDY (SCALE 4-7)   5
TOTAL FM JUL 1  6397    CLOUDY (SCALE 8-10)  2
DPTR FM NORMAL   215

[CDD (BASE 65) ]
TOTAL THIS MO.     0
DPTR FM NORMAL     0    [PRESSURE DATA]
TOTAL FM JAN 1     0    HIGHEST SLP M ON M
DPTR FM NORMAL     0    LOWEST  SLP 29.53 ON 16

[REMARKS]
