000
CXUS55 KLBF 251200
CF6LBF
PRELIMINARY LOCAL CLIMATOLOGICAL DATA (WS FORM: F-6)

                                          STATION:   NORTH PLATTE
                                          MONTH:     JULY
                                          YEAR:      2017
                                          LATITUDE:   41  7 N
                                          LONGITUDE: 100 41 W

  TEMPERATURE IN F:       :PCPN:    SNOW:  WIND      :SUNSHINE: SKY     :PK WND
================================================================================
1   2   3   4   5  6A  6B    7    8   9   10  11  12  13   14  15   16   17  18
                                     12Z  AVG MX 2MIN
DY MAX MIN AVG DEP HDD CDD  WTR  SNW DPTH SPD SPD DIR MIN PSBL S-S WX    SPD DR
================================================================================

 1  93  48  71  -2   0   6 0.00  0.0    0  7.6 21 220   M    M   0        28 220
 2  96  60  78   5   0  13 1.10    T    0 11.6 39  30   M    M   2 135    51  20
 3  91  62  77   4   0  12 0.01  0.0    0  8.5 23 300   M    M   2        31 280
 4  91  59  75   2   0  10    T  0.0    0  4.9 16 120   M    M   0 3      21 110
 5  95  63  79   5   0  14 0.00  0.0    0  6.9 15 180   M    M   0        21 200
 6 103  65  84  10   0  19    T  0.0    0  5.8 22  70   M    M   0 3      28  60
 7  87  63  75   1   0  10    T  0.0    0  7.4 16  70   M    M   1        21  60
 8  97  64  81   7   0  16 0.00  0.0    0  6.9 17 300   M    M   1        22 300
 9 102  56  79   5   0  14 0.00  0.0    0  4.8 21 240   M    M   0 1      27 270
10  95  65  80   6   0  15 0.04  0.0    0  9.9 30 250   M    M   0 3      38 250
11  95  70  83   9   0  18 0.01  0.0    0  5.8 21 240   M    M   4 1      27 240
12  80  67  74   0   0   9 0.84  0.0    0 10.7 40 360   M    M   2 13     49 360
13  87  63  75   1   0  10 0.00  0.0    0  6.4 16 110   M    M   2        19 110
14  92  62  77   2   0  12 0.00  0.0    0  3.5 15 110   M    M   3 12     23  90
15  95  60  78   3   0  13 0.00  0.0    0  3.9 13 110   M    M   0 1      15 110
16  94  60  77   2   0  12 0.00  0.0    0  4.4 16 220   M    M   1        21 220
17  94  67  81   6   0  16 0.00  0.0    0 10.2 30 110   M    M   1        36 110
18  93  65  79   4   0  14 0.00  0.0    0  7.6 18 120   M    M   1        24 120
19 106  70  88  13   0  23 0.00  0.0    0  8.0 21 180   M    M   3 128    29 170
20  94  69  82   7   0  17    T  0.0    0 11.4 23  80   M    M   1 13     33 160
21 104  68  86  11   0  21 0.00  0.0    0  5.3 14 310   M    M   1 128    18 290
22  89  60  75   0   0  10 0.02  0.0    0  6.6 25 290   M    M   2        33 270
23  97  52  75   0   0  10 0.00  0.0    0  4.4 16 120   M    M   0        22 120
24  99  63  81   6   0  16 0.00  0.0    0 10.8 22 170   M    M   0 1      29 170
================================================================================
SM 2269 1501         0 330  2.02    T    173.3          M       27
================================================================================
AV 94.5 62.5                               7.2 FASTST   M    M   1    MAX(MPH)
                                 MISC ---->  # 40 360               # 51   20
================================================================================
NOTES:
# LAST OF SEVERAL OCCURRENCES

COLUMN 17 PEAK WIND IN M.P.H.

PRELIMINARY LOCAL CLIMATOLOGICAL DATA (WS FORM: F-6) , PAGE 2

                                          STATION:  NORTH PLATTE
                                          MONTH:    JULY
                                          YEAR:     2017
                                          LATITUDE:   41  7 N
                                          LONGITUDE: 100 41 W

[TEMPERATURE DATA]      [PRECIPITATION DATA]       SYMBOLS USED IN COLUMN 16

AVERAGE MONTHLY: 78.5   TOTAL FOR MONTH:   2.02    1 = FOG OR MIST
DPTR FM NORMAL:   4.2   DPTR FM NORMAL:   -0.34    2 = FOG REDUCING VISIBILITY
HIGHEST:   106 ON 19    GRTST 24HR  1.10 ON  2- 2      TO 1/4 MILE OR LESS
LOWEST:     48 ON  1                               3 = THUNDER
                        SNOW, ICE PELLETS, HAIL    4 = ICE PELLETS
                        TOTAL MONTH:    T          5 = HAIL
                        GRTST 24HR    T  ON  2- 2  6 = FREEZING RAIN OR DRIZZLE
                        GRTST DEPTH:   0           7 = DUSTSTORM OR SANDSTORM:
                                                       VSBY 1/2 MILE OR LESS
                                                   8 = SMOKE OR HAZE
[NO. OF DAYS WITH]      [WEATHER - DAYS WITH]      9 = BLOWING SNOW
                                                   X = TORNADO
MAX 32 OR BELOW:   0    0.01 INCH OR MORE:   6
MAX 90 OR ABOVE:  20    0.10 INCH OR MORE:   2
MIN 32 OR BELOW:   0    0.50 INCH OR MORE:   2
MIN  0 OR BELOW:   0    1.00 INCH OR MORE:   1

[HDD (BASE 65) ]
TOTAL THIS MO.     0    CLEAR  (SCALE 0-3)  23
DPTR FM NORMAL     0    PTCLDY (SCALE 4-7)   1
TOTAL FM JUL 1     0    CLOUDY (SCALE 8-10)  0
DPTR FM NORMAL     0

[CDD (BASE 65) ]
TOTAL THIS MO.   330
DPTR FM NORMAL   104    [PRESSURE DATA]
TOTAL FM JAN 1   559    HIGHEST SLP M ON M
DPTR FM NORMAL   167    LOWEST  SLP 29.67 ON 11

[REMARKS]
