000
CXUS54 KLCH 291210
CF6LCH
PRELIMINARY LOCAL CLIMATOLOGICAL DATA (WS FORM: F-6)

                                          STATION:   LAKE CHARLES
                                          MONTH:     AUGUST
                                          YEAR:      2015
                                          LATITUDE:   30  7 N
                                          LONGITUDE:  93 13 W

  TEMPERATURE IN F:       :PCPN:    SNOW:  WIND      :SUNSHINE: SKY     :PK WND
================================================================================
1   2   3   4   5  6A  6B    7    8   9   10  11  12  13   14  15   16   17  18
                                     12Z  AVG MX 2MIN
DY MAX MIN AVG DEP HDD CDD  WTR  SNW DPTH SPD SPD DIR MIN PSBL S-S WX    SPD DR
================================================================================

 1  97  72  85   2   0  20 0.00  0.0    0  8.2 16  80   M    M   0        22  60
 2  96  70  83   0   0  18 0.00  0.0    0  4.4 14 120   M    M   0        17 110
 3  98  73  86   3   0  21 0.00  0.0    0  3.5 12 110   M    M   1 1      17  60
 4  98  75  87   4   0  22 0.00  0.0    0  4.7 13 210   M    M   1 1      17 220
 5  93  77  85   2   0  20 0.19  0.0    0  6.0 21 220   M    M   1 8      30 240
 6  95  78  87   4   0  22 0.00  0.0    0  8.1 16 250   M    M   0        24 200
 7  95  77  86   3   0  21 0.00  0.0    0  6.8 15 180   M    M   1        21 210
 8  97  77  87   4   0  22 0.00  0.0    0  6.5 15 200   M    M   2 18     22 210
 9  99  79  89   6   0  24 0.00  0.0    0  5.1 14 190   M    M   1        19 190
10 102  79  91   8   0  26    T  0.0    0  3.9 13 190   M    M   1 3      17 180
11 102  75  89   6   0  24 0.01  0.0    0  6.1 30 100   M    M   1 13     40 100
12  97  73  85   2   0  20 0.03  0.0    0  4.6 39 120   M    M   2 13     56 120
13  98  77  88   5   0  23 0.00  0.0    0  4.6 12  50   M    M   6        16  20
14  98  73  86   3   0  21 0.00  0.0    0  6.8 18  20   M    M   1        23  20
15  94  73  84   1   0  19    T  0.0    0  7.4 26  50   M    M   3 3      34  50
16  92  72  82  -1   0  17 0.01  0.0    0  5.4 26 100   M    M   2 3      35 100
17  93  75  84   1   0  19 0.00  0.0    0  4.4 14 210   M    M   6 1      21 180
18  90  76  83   0   0  18 0.18  0.0    0  4.5 17 270   M    M   2 13     24 190
19  88  74  81  -2   0  16 1.72  0.0    0  7.8 20 250   M    M   5 13     26 250
20  83  75  79  -4   0  14 0.20  0.0    0  4.7 18 140   M    M   4 13     24 150
21  84  73  79  -4   0  14 0.58  0.0    0  5.3 13 130   M    M   0 13     14 140
22  89  75  82  -1   0  17 0.45  0.0    0  3.6 15  10   M    M   5 123    18  10
23  94  75  85   2   0  20 0.01  0.0    0  2.5 10 240   M    M   2 13     14 250
24  98  75  87   4   0  22 0.00  0.0    0  4.0 22  30   M    M   2 3      28  30
25  89  74  82  -1   0  17    T  0.0    0  4.8 23  10   M    M   1        30  10
26  90  67  79  -4   0  14 0.00  0.0    0  6.8 20  50   M    M   0        23  50
27  91  67  79  -3   0  14 0.00  0.0    0  4.1 16 360   M    M   0        22  20
28  91  65  78  -4   0  13 0.00  0.0    0  3.3 10  80   M    M   0        13  80
================================================================================
SM 2631 2071         0 538  3.38     0.0 147.9          M       50
================================================================================
AV 94.0 74.0                               5.3 FASTST   M    M   2    MAX(MPH)
                                 MISC ---->  # 39 120               # 56  120
================================================================================
NOTES:
# LAST OF SEVERAL OCCURRENCES

COLUMN 17 PEAK WIND IN M.P.H.

PRELIMINARY LOCAL CLIMATOLOGICAL DATA (WS FORM: F-6) , PAGE 2

                                          STATION:  LAKE CHARLES
                                          MONTH:    AUGUST
                                          YEAR:     2015
                                          LATITUDE:   30  7 N
                                          LONGITUDE:  93 13 W

[TEMPERATURE DATA]      [PRECIPITATION DATA]       SYMBOLS USED IN COLUMN 16

AVERAGE MONTHLY: 84.0   TOTAL FOR MONTH:   3.38    1 = FOG OR MIST
DPTR FM NORMAL:   1.0   DPTR FM NORMAL:   -0.98    2 = FOG REDUCING VISIBILITY
HIGHEST:   102 ON 11,10 GRTST 24HR  1.72 ON 19-19      TO 1/4 MILE OR LESS
LOWEST:     65 ON 28                               3 = THUNDER
                        SNOW, ICE PELLETS, HAIL    4 = ICE PELLETS
                        TOTAL MONTH:   0.0 INCH    5 = HAIL
                        GRTST 24HR     0.0         6 = FREEZING RAIN OR DRIZZLE
                        GRTST DEPTH:   0           7 = DUSTSTORM OR SANDSTORM:
                                                       VSBY 1/2 MILE OR LESS
                                                   8 = SMOKE OR HAZE
[NO. OF DAYS WITH]      [WEATHER - DAYS WITH]      9 = BLOWING SNOW
                                                   X = TORNADO
MAX 32 OR BELOW:   0    0.01 INCH OR MORE:  10
MAX 90 OR ABOVE:  23    0.10 INCH OR MORE:   6
MIN 32 OR BELOW:   0    0.50 INCH OR MORE:   2
MIN  0 OR BELOW:   0    1.00 INCH OR MORE:   1

[HDD (BASE 65) ]
TOTAL THIS MO.     0    CLEAR  (SCALE 0-3)  22
DPTR FM NORMAL     0    PTCLDY (SCALE 4-7)   6
TOTAL FM JUL 1     0    CLOUDY (SCALE 8-10)  0
DPTR FM NORMAL     0

[CDD (BASE 65) ]
TOTAL THIS MO.   538
DPTR FM NORMAL    36    [PRESSURE DATA]
TOTAL FM JAN 1  2320    HIGHEST SLP M ON M
DPTR FM NORMAL   247    LOWEST  SLP 29.84 ON 19

[REMARKS]
