000
CXUS54 KLCH 170610
CF6LCH
PRELIMINARY LOCAL CLIMATOLOGICAL DATA (WS FORM: F-6)

                                          STATION:   LAKE CHARLES
                                          MONTH:     APRIL
                                          YEAR:      2014
                                          LATITUDE:   30  7 N
                                          LONGITUDE:  93 13 W

  TEMPERATURE IN F:       :PCPN:    SNOW:  WIND      :SUNSHINE: SKY     :PK WND
================================================================================
1   2   3   4   5  6A  6B    7    8   9   10  11  12  13   14  15   16   17  18
                                     12Z  AVG MX 2MIN
DY MAX MIN AVG DEP HDD CDD  WTR  SNW DPTH SPD SPD DIR MIN PSBL S-S WX    SPD DR
================================================================================

 1  79  60  70   5   0   5 0.00  0.0    0  8.4 17 150   M    M   8 1      21 140
 2  81  68  75  10   0  10 0.00  0.0    0 13.3 23 160   M    M   8        28 150
 3  81  70  76  11   0  11 0.00  0.0    0 13.3 23 180   M    M   9 18     35 150
 4  78  61  70   5   0   5 0.15  0.0    0 11.0 23 340   M    M   6 13     33 330
 5  69  59  64  -2   1   0    T  0.0    0 13.3 23  60   M    M   8        29  60
 6  77  53  65  -1   0   0 0.10  0.0    0 11.1 18  50   M    M   9 138    25 200
 7  74  54  64  -2   1   0 0.00  0.0    0  8.8 18 340   M    M   5        24 330
 8  73  47  60  -6   5   0    T    M    0 10.4 26 320   M    M   2        45 310
 9  74  42  58  -8   7   0 0.00  0.0    0  4.8 15 220   M    M   0        19 210
10  74  51  63  -4   2   0 0.00  0.0    0  8.4 17 160   M    M   0        26 210
11  77  60  69   2   0   4 0.00  0.0    0  7.4 17 220   M    M   5        23 200
12  79  58  69   2   0   4 0.00  0.0    0  8.8 18 150   M    M   3 1      24 140
13  80  68  74   7   0   9 0.02  0.0    0 13.0 25 160   M    M   9 1      32 160
14  80  47  64  -4   1   0 0.54    M    0 11.7 33 330   M    M   9 13     42 340
15  63  42  53 -15  12   0 0.00  0.0    0 13.0 29  30   M    M   2        37  30
16   M   M   M   M   M   M    M    M    M   M   M   M   M    M   M         M  M
================================================================================
SM 1139  840        29  48  0.81     0.0 156.7          M       83
================================================================================
AV 75.9 56.0                              10.4 FASTST   M    M   6    MAX(MPH)
                                 MISC ---->  # 33 330               # 45  310
================================================================================
NOTES:
# LAST OF SEVERAL OCCURRENCES

COLUMN 17 PEAK WIND IN M.P.H.

PRELIMINARY LOCAL CLIMATOLOGICAL DATA (WS FORM: F-6) , PAGE 2

                                          STATION:  LAKE CHARLES
                                          MONTH:    APRIL
                                          YEAR:     2014
                                          LATITUDE:   30  7 N
                                          LONGITUDE:  93 13 W

[TEMPERATURE DATA]      [PRECIPITATION DATA]       SYMBOLS USED IN COLUMN 16

AVERAGE MONTHLY: 66.0   TOTAL FOR MONTH:   0.81    1 = FOG OR MIST
DPTR FM NORMAL:  -0.4   DPTR FM NORMAL:   -0.92    2 = FOG REDUCING VISIBILITY
HIGHEST:    81 ON  3, 2 GRTST 24HR  0.54 ON 14-14      TO 1/4 MILE OR LESS
LOWEST:     42 ON 15, 9                            3 = THUNDER
                        SNOW, ICE PELLETS, HAIL    4 = ICE PELLETS
                        TOTAL MONTH:   0.0 INCH    5 = HAIL
                        GRTST 24HR     0.0         6 = FREEZING RAIN OR DRIZZLE
                        GRTST DEPTH:   0           7 = DUSTSTORM OR SANDSTORM:
                                                       VSBY 1/2 MILE OR LESS
                                                   8 = SMOKE OR HAZE
[NO. OF DAYS WITH]      [WEATHER - DAYS WITH]      9 = BLOWING SNOW
                                                   X = TORNADO
MAX 32 OR BELOW:   0    0.01 INCH OR MORE:   4
MAX 90 OR ABOVE:   0    0.10 INCH OR MORE:   3
MIN 32 OR BELOW:   0    0.50 INCH OR MORE:   1
MIN  0 OR BELOW:   0    1.00 INCH OR MORE:   0

[HDD (BASE 65) ]
TOTAL THIS MO.    29    CLEAR  (SCALE 0-3)   5
DPTR FM NORMAL    -6    PTCLDY (SCALE 4-7)   5
TOTAL FM JUL 1  1930    CLOUDY (SCALE 8-10)  5
DPTR FM NORMAL   451

[CDD (BASE 65) ]
TOTAL THIS MO.    48
DPTR FM NORMAL    -9    [PRESSURE DATA]
TOTAL FM JAN 1    76    HIGHEST SLP M ON M
DPTR FM NORMAL   -53    LOWEST  SLP 29.64 ON  6

[REMARKS]
