000
CXUS52 KMLB 221305
CF6LEE
PRELIMINARY LOCAL CLIMATOLOGICAL DATA (WS FORM: F-6)

                                          STATION:   LEESBURG
                                          MONTH:     DECEMBER
                                          YEAR:      2014
                                          LATITUDE:   28 49 N
                                          LONGITUDE:  81 49 W

  TEMPERATURE IN F:       :PCPN:    SNOW:  WIND      :SUNSHINE: SKY     :PK WND
================================================================================
1   2   3   4   5  6A  6B    7    8   9   10  11  12  13   14  15   16   17  18
                                     12Z  AVG MX 2MIN
DY MAX MIN AVG DEP HDD CDD  WTR  SNW DPTH SPD SPD DIR MIN PSBL S-S WX    SPD DR
================================================================================

 1  80  53  67   3   0   2 0.00  0.0    0  5.2 15  70   M    M   3 1      19  60
 2  80  60  70   6   0   5    T  0.0    0  7.3 16 120   M    M   3        20 100
 3  81  61  71   7   0   6 0.00  0.0    0  7.2 14  60   M    M   2 1      19  60
 4  81  62  72   9   0   7 0.00  0.0    0  7.6 16  70   M    M   4 12     19  70
 5  78  64  71   8   0   6 0.00  0.0    0  6.9 13  60   M    M   9        17 100
 6  81  64  73  10   0   8 0.00  0.0    0  4.2  8 300   M    M   5 12     12 300
 7  69  57  63   0   2   0    T  0.0    0  8.8 17  30   M    M   9 1      22  30
 8  62  52  57  -5   8   0 0.04  0.0    0 11.0 18  30   M    M  10 1      23  10
 9  65  49  57  -5   8   0 0.00  0.0    0  9.4 18 340   M    M   4        24 340
10  63  42  53  -9  12   0 0.00  0.0    0  5.5 13 280   M    M   0        18 270
11  61  41  51 -11  14   0 0.00  0.0    0  5.9 16 280   M    M   0 1      19 290
12  62  43  53  -9  12   0 0.00  0.0    0  3.7  9 360   M    M   0        12 320
13  68  38  53  -8  12   0 0.00  0.0    0  2.8  9 360   M    M   2 12     16 330
14  70  40  55  -6  10   0 0.00  0.0    0  2.9  8 300   M    M   0        11 300
15  70  41  56  -5   9   0 0.00  0.0    0  0.8  6 290   M    M   2 12     11 260
16  74  43  59  -2   6   0 0.00  0.0    0  4.2 13 280   M    M   4 12     18 280
17  71  51  61   0   4   0 0.00  0.0    0  4.6 10 310   M    M   0        15 300
18  69  45  57  -3   8   0 0.00  0.0    0  2.2  9 340   M    M   0        14 330
19  72  48  60   0   5   0 0.00  0.0    0  2.0  9 100   M    M   0        14  80
20  75  51  63   3   2   0 0.00  0.0    0  4.0 10  60   M    M   4 1      14  70
21  77  61  69   9   0   4 0.70  0.0    0  4.8 12 130   M    M   7 123    14 120
================================================================================
SM 1509 1066       112  38  0.74     0.0 111.0          M       68
================================================================================
AV 71.9 50.8                               5.3 FASTST   M    M   3    MAX(MPH)
                                 MISC ---->  # 18  30               # 24  340
================================================================================
NOTES:
# LAST OF SEVERAL OCCURRENCES

COLUMN 17 PEAK WIND IN M.P.H.

PRELIMINARY LOCAL CLIMATOLOGICAL DATA (WS FORM: F-6) , PAGE 2

                                          STATION:  LEESBURG
                                          MONTH:    DECEMBER
                                          YEAR:     2014
                                          LATITUDE:   28 49 N
                                          LONGITUDE:  81 49 W

[TEMPERATURE DATA]      [PRECIPITATION DATA]       SYMBOLS USED IN COLUMN 16

AVERAGE MONTHLY: 61.3   TOTAL FOR MONTH:   0.74    1 = FOG OR MIST
DPTR FM NORMAL:  -0.5   DPTR FM NORMAL:   -1.12    2 = FOG REDUCING VISIBILITY
HIGHEST:    81 ON  6, 4 GRTST 24HR  0.70 ON 21-21      TO 1/4 MILE OR LESS
LOWEST:     38 ON 13                               3 = THUNDER
                        SNOW, ICE PELLETS, HAIL    4 = ICE PELLETS
                        TOTAL MONTH:   0.0 INCH    5 = HAIL
                        GRTST 24HR     0.0         6 = FREEZING RAIN OR DRIZZLE
                        GRTST DEPTH:   0           7 = DUSTSTORM OR SANDSTORM:
                                                       VSBY 1/2 MILE OR LESS
                                                   8 = SMOKE OR HAZE
[NO. OF DAYS WITH]      [WEATHER - DAYS WITH]      9 = BLOWING SNOW
                                                   X = TORNADO
MAX 32 OR BELOW:   0    0.01 INCH OR MORE:   2
MAX 90 OR ABOVE:   0    0.10 INCH OR MORE:   1
MIN 32 OR BELOW:   0    0.50 INCH OR MORE:   1
MIN  0 OR BELOW:   0    1.00 INCH OR MORE:   0

[HDD (BASE 65) ]
TOTAL THIS MO.   112    CLEAR  (SCALE 0-3)  12
DPTR FM NORMAL     3    PTCLDY (SCALE 4-7)   6
TOTAL FM JUL 1   238    CLOUDY (SCALE 8-10)  3
DPTR FM NORMAL    68

[CDD (BASE 65) ]
TOTAL THIS MO.    38
DPTR FM NORMAL    -4    [PRESSURE DATA]
TOTAL FM JAN 1  3459    HIGHEST SLP M ON M
DPTR FM NORMAL   137    LOWEST  SLP 29.99 ON  9

[REMARKS]
