000
CXUS53 KLMK 220800
CF6LEX
PRELIMINARY LOCAL CLIMATOLOGICAL DATA (WS FORM: F-6)

                                          STATION:   LEXINGTON KY
                                          MONTH:     AUGUST
                                          YEAR:      2014
                                          LATITUDE:   38  1 N
                                          LONGITUDE:  84 36 W

  TEMPERATURE IN F:       :PCPN:    SNOW:  WIND      :SUNSHINE: SKY     :PK WND
================================================================================
1   2   3   4   5  6A  6B    7    8   9   10  11  12  13   14  15   16   17  18
                                     12Z  AVG MX 2MIN
DY MAX MIN AVG DEP HDD CDD  WTR  SNW DPTH SPD SPD DIR MIN PSBL S-S WX    SPD DR
================================================================================

 1  86  59  73  -3   0   8 0.00  0.0    0  2.8 10  30   M    M   2 18     14  60
 2  84  62  73  -3   0   8 0.07  0.0    0  3.9 21 310   M    M   2 138    28 310
 3  84  56  70  -6   0   5 0.00  0.0    0  2.7 13 360   M    M   1 12     15 340
 4  86  60  73  -3   0   8 0.01  0.0    0  1.7  9 360   M    M   2 18     11  10
 5  87  61  74  -2   0   9 0.00  0.0    0  3.6 12 210   M    M   2 18     15 210
 6  87  66  77   1   0  12 0.00  0.0    0  4.7 15 350   M    M   3 18     20 340
 7  86  66  76   0   0  11 0.00  0.0    0  8.4 16  60   M    M   0 1      27  70
 8  74  69  72  -4   0   7 0.09  0.0    0  7.6 13  90   M    M   8 1      17 110
 9  79  71  75  -1   0  10 0.96  0.0    0  5.4 14  60   M    M   8 1      15  70
10  83  71  77   1   0  12 5.38  0.0    0  5.9 14  80   M    M   7 123    15 280
11  83  70  77   1   0  12 0.14  0.0    0  8.1 22 220   M    M   6 13     28 220
12  80  64  72  -4   0   7    T  0.0    0  9.4 21 280   M    M   6 18     27 280
13  79  57  68  -8   0   3 0.00  0.0    0  5.1 14 350   M    M   4        18 350
14  84  59  72  -4   0   7 0.04  0.0    0  5.0 16 320   M    M   4 1      22 280
15  82  61  72  -4   0   7 0.00  0.0    0  3.2 14 270   M    M   1 1      16 280
16  83  58  71  -5   0   6 0.01  0.0    0  4.7 12 210   M    M   4 1      14 200
17  77  70  74  -2   0   9 0.83  0.0    0  7.1 13 140   M    M   8 1      16 120
18  81  71  76   0   0  11 0.14  0.0    0  5.8 13 260   M    M   7 18     17 250
19  87  70  79   4   0  14 0.00  0.0    0  5.1 13 250   M    M   5 1238   18 250
20  90  67  79   4   0  14 0.53  0.0    0  7.3 43 320   M    M   4 1238   59 310
21  88  69  79   4   0  14 0.01  0.0    0  6.2 15 230   M    M   0 3      19 240
================================================================================
SM 1750 1357         0 194  8.21     0.0 113.7          M       84
================================================================================
AV 83.3 64.6                               5.4 FASTST   M    M   4    MAX(MPH)
                                 MISC ---->  # 43 320               # 59  310
================================================================================
NOTES:
# LAST OF SEVERAL OCCURRENCES

COLUMN 17 PEAK WIND IN M.P.H.

PRELIMINARY LOCAL CLIMATOLOGICAL DATA (WS FORM: F-6) , PAGE 2

                                          STATION:  LEXINGTON KY
                                          MONTH:    AUGUST
                                          YEAR:     2014
                                          LATITUDE:   38  1 N
                                          LONGITUDE:  84 36 W

[TEMPERATURE DATA]      [PRECIPITATION DATA]       SYMBOLS USED IN COLUMN 16

AVERAGE MONTHLY: 74.0   TOTAL FOR MONTH:   8.21    1 = FOG OR MIST
DPTR FM NORMAL:  -1.9   DPTR FM NORMAL:    5.90    2 = FOG REDUCING VISIBILITY
HIGHEST:    90 ON 20    GRTST 24HR  5.56 ON  9-10      TO 1/4 MILE OR LESS
LOWEST:     56 ON  3                               3 = THUNDER
                        SNOW, ICE PELLETS, HAIL    4 = ICE PELLETS
                        TOTAL MONTH:   0.0 INCH    5 = HAIL
                        GRTST 24HR     0.0         6 = FREEZING RAIN OR DRIZZLE
                        GRTST DEPTH:   0           7 = DUSTSTORM OR SANDSTORM:
                                                       VSBY 1/2 MILE OR LESS
                                                   8 = SMOKE OR HAZE
[NO. OF DAYS WITH]      [WEATHER - DAYS WITH]      9 = BLOWING SNOW
                                                   X = TORNADO
MAX 32 OR BELOW:   0    0.01 INCH OR MORE:  12
MAX 90 OR ABOVE:   1    0.10 INCH OR MORE:   6
MIN 32 OR BELOW:   0    0.50 INCH OR MORE:   4
MIN  0 OR BELOW:   0    1.00 INCH OR MORE:   1

[HDD (BASE 65) ]
TOTAL THIS MO.     0    CLEAR  (SCALE 0-3)   9
DPTR FM NORMAL     0    PTCLDY (SCALE 4-7)  11
TOTAL FM JUL 1     2    CLOUDY (SCALE 8-10)  1
DPTR FM NORMAL     2

[CDD (BASE 65) ]
TOTAL THIS MO.   194
DPTR FM NORMAL   -33    [PRESSURE DATA]
TOTAL FM JAN 1   930    HIGHEST SLP M ON M
DPTR FM NORMAL     7    LOWEST  SLP 29.78 ON 18

[REMARKS]
