324
CXUS54 KSHV 261300
CF6LFK
PRELIMINARY LOCAL CLIMATOLOGICAL DATA (WS FORM: F-6)

                                          STATION:   LUFKIN
                                          MONTH:     JULY
                                          YEAR:      2016
                                          LATITUDE:   31 14 N
                                          LONGITUDE:  94 45 W

  TEMPERATURE IN F:       :PCPN:    SNOW:  WIND      :SUNSHINE: SKY     :PK WND
================================================================================
1   2   3   4   5  6A  6B    7    8   9   10  11  12  13   14  15   16   17  18
                                     12Z  AVG MX 2MIN
DY MAX MIN AVG DEP HDD CDD  WTR  SNW DPTH SPD SPD DIR MIN PSBL S-S WX    SPD DR
================================================================================

 1  95  71  83   1   0  18 0.00  0.0    0  2.7  9  80   M    M   1 1      13  80
 2  94  73  84   2   0  19 0.00  0.0    0  5.0 15 130   M    M   2 1      19 130
 3  95  75  85   3   0  20 0.00  0.0    0  9.4 17 220   M    M   2        26 180
 4  94  76  85   3   0  20 0.01  0.0    0  8.4 17 230   M    M   3        25 220
 5  93  77  85   3   0  20 0.00  0.0    0  8.2 17 160   M    M   2 1      22 160
 6  95  78  87   5   0  22 0.00  0.0    0 10.1 17 180   M    M   4        24 220
 7  96  77  87   5   0  22 0.00  0.0    0  9.0 17 160   M    M   3 1      24 210
 8  96  74  85   3   0  20 0.00  0.0    0  7.0 16 210   M    M   2 1      20 210
 9  96  72  84   2   0  19 0.00  0.0    0  5.1 13 200   M    M   3 1      16 160
10  92  76  84   1   0  19 0.01  0.0    0  6.7 15 210   M    M   2        21 220
11  95  74  85   2   0  20 0.00  0.0    0  8.6 18 160   M    M   1 1      26 180
12  96  73  85   2   0  20 0.00  0.0    0  7.8 17 190   M    M   2 1      25 180
13  97  74  86   3   0  21 0.00  0.0    0  7.3 18 200   M    M   2 1      22 200
14  97  74  86   3   0  21 0.00  0.0    0  7.5 15 170   M    M   2 1      22 170
15  96  75  86   3   0  21 0.00  0.0    0  5.5 16 210   M    M   1 1      21 220
16  95  73  84   1   0  19 0.00  0.0    0  4.0 16 120   M    M   2        20 120
17  96  72  84   1   0  19 0.00  0.0    0  4.8 17 170   M    M   2 13     22 170
18  93  73  83   0   0  18 0.09  0.0    0  4.3 17 180   M    M   2 13     22 200
19  97  72  85   2   0  20 0.00  0.0    0  4.8 15  90   M    M   1        19 160
20  96  72  84   1   0  19 0.00  0.0    0  2.7  9 200   M    M   1 1      12 100
21  98  72  85   2   0  20 0.00  0.0    0  2.4 12 130   M    M   1 1      17 130
22  98  74  86   3   0  21 0.00  0.0    0  3.6 14 110   M    M   1 13     17  70
23  97  75  86   3   0  21 0.00  0.0    0  4.0 14 150   M    M   1 1      17 170
24  98  74  86   3   0  21 0.24  0.0    0  3.8 20  40   M    M   1 13     27  40
25  94  74  84   1   0  19 0.15  0.0    0  3.5 15 160   M    M   2 123    21 170
================================================================================
SM 2389 1850         0 499  0.50     0.0 146.2          M       46
================================================================================
AV 95.6 74.0                               5.8 FASTST   M    M   2    MAX(MPH)
                                 MISC ---->  # 20  40               # 27   40
================================================================================
NOTES:
# LAST OF SEVERAL OCCURRENCES

COLUMN 17 PEAK WIND IN M.P.H.

PRELIMINARY LOCAL CLIMATOLOGICAL DATA (WS FORM: F-6) , PAGE 2

                                          STATION:  LUFKIN
                                          MONTH:    JULY
                                          YEAR:     2016
                                          LATITUDE:   31 14 N
                                          LONGITUDE:  94 45 W

[TEMPERATURE DATA]      [PRECIPITATION DATA]       SYMBOLS USED IN COLUMN 16

AVERAGE MONTHLY: 84.8   TOTAL FOR MONTH:   0.50    1 = FOG OR MIST
DPTR FM NORMAL:   2.1   DPTR FM NORMAL:   -2.03    2 = FOG REDUCING VISIBILITY
HIGHEST:    98 ON 24,22 GRTST 24HR  0.39 ON 24-25      TO 1/4 MILE OR LESS
LOWEST:     71 ON  1                               3 = THUNDER
                        SNOW, ICE PELLETS, HAIL    4 = ICE PELLETS
                        TOTAL MONTH:   0.0 INCH    5 = HAIL
                        GRTST 24HR     0.0         6 = FREEZING RAIN OR DRIZZLE
                        GRTST DEPTH:   0           7 = DUSTSTORM OR SANDSTORM:
                                                       VSBY 1/2 MILE OR LESS
                                                   8 = SMOKE OR HAZE
[NO. OF DAYS WITH]      [WEATHER - DAYS WITH]      9 = BLOWING SNOW
                                                   X = TORNADO
MAX 32 OR BELOW:   0    0.01 INCH OR MORE:   5
MAX 90 OR ABOVE:  25    0.10 INCH OR MORE:   2
MIN 32 OR BELOW:   0    0.50 INCH OR MORE:   0
MIN  0 OR BELOW:   0    1.00 INCH OR MORE:   0

[HDD (BASE 65) ]
TOTAL THIS MO.     0    CLEAR  (SCALE 0-3)  23
DPTR FM NORMAL     0    PTCLDY (SCALE 4-7)   2
TOTAL FM JUL 1     0    CLOUDY (SCALE 8-10)  0
DPTR FM NORMAL     0

[CDD (BASE 65) ]
TOTAL THIS MO.   499
DPTR FM NORMAL    58    [PRESSURE DATA]
TOTAL FM JAN 1  1420    HIGHEST SLP M ON M
DPTR FM NORMAL    58    LOWEST  SLP 29.85 ON M

[REMARKS]
