000
CXUS54 KLCH 250829
CF6LFT
PRELIMINARY LOCAL CLIMATOLOGICAL DATA (WS FORM: F-6)

                                          STATION:   LAFAYETTE
                                          MONTH:     JUNE
                                          YEAR:      2017
                                          LATITUDE:   30 12 N
                                          LONGITUDE:  92  0 W

  TEMPERATURE IN F:       :PCPN:    SNOW:  WIND      :SUNSHINE: SKY     :PK WND
================================================================================
1   2   3   4   5  6A  6B    7    8   9   10  11  12  13   14  15   16   17  18
                                     12Z  AVG MX 2MIN
DY MAX MIN AVG DEP HDD CDD  WTR  SNW DPTH SPD SPD DIR MIN PSBL S-S WX    SPD DR
================================================================================

 1  85  70  78  -2   0  13 0.82  0.0    0  2.5 17 190   M    M   7 13     21 210
 2  87  73  80   0   0  15    T  0.0    0  4.2 10  70   M    M   7 13     18  90
 3  85  74  80   0   0  15 2.39  0.0    0  4.6 23 240   M    M   9 123    32 240
 4  84  70  77  -3   0  12 0.15  0.0    0  4.9 20 280   M    M   8 1      25 290
 5  83  70  77  -3   0  12 0.21  0.0    0  1.5 10 280   M    M   5 13     14 280
 6  82  71  77  -4   0  12 0.10  0.0    0  6.3 13 310   M    M   7        17 360
 7  86  67  77  -4   0  12 0.00  0.0    0  9.8 20  10   M    M   5        25  10
 8  83  62  73  -8   0   8 0.00  0.0    0  6.4 14  10   M    M   0        23  10
 9  85  61  73  -8   0   8 0.00  0.0    0  2.1  7  50   M    M   2        11  70
10  84  65  75  -6   0  10 0.00  0.0    0  4.0 12 180   M    M   4        16 170
11  87  70  79  -2   0  14 0.53  0.0    0  5.4 21 200   M    M   7 13     28 190
12  86  72  79  -2   0  14 0.14  0.0    0  3.9 13 160   M    M   5 13     17 170
13  86  72  79  -3   0  14 0.66  0.0    0  3.7 22 180   M    M   5 13     32 180
14  88  73  81  -1   0  16 0.00  0.0    0  5.1 16 210   M    M   3        21 200
15  89  73  81  -1   0  16 0.00  0.0    0  5.4 16 240   M    M   3 1      21 220
16  91  73  82   0   0  17 0.00  0.0    0  6.6 16 240   M    M   2 1      21 250
17  87  74  81  -1   0  16 0.00  0.0    0  6.8 25 190   M    M   2 1      32 200
18  90  75  83   1   0  18 0.00  0.0    0  4.3 14 220   M    M   3 3      20 210
19  92  74  83   1   0  18 0.00  0.0    0  3.2 12  40   M    M   3        15  30
20  82  72  77  -5   0  12 0.05  0.0    0 10.4 21  30   M    M   5 18     29  60
21  86  70  78  -4   0  13 0.78  0.0    0 10.3 20  60   M    M   7 1      26  30
22  86  78  82   0   0  17 1.53  0.0    0 15.7 29 200   M    M   7 18     41 200
23  90  80  85   3   0  20 0.01  0.0    0 10.6 18 200   M    M   8 1      24 220
24  91  75  83   1   0  18 1.67  0.0    0  3.6 23  30   M    M   6 13     29  30
================================================================================
SM 2075 1714         0 340  9.04     0.0 141.3          M      120
================================================================================
AV 86.5 71.4                               5.9 FASTST   M    M   5    MAX(MPH)
                                 MISC ---->  # 29 200               # 41  200
================================================================================
NOTES:
# LAST OF SEVERAL OCCURRENCES

COLUMN 17 PEAK WIND IN M.P.H.

PRELIMINARY LOCAL CLIMATOLOGICAL DATA (WS FORM: F-6) , PAGE 2

                                          STATION:  LAFAYETTE
                                          MONTH:    JUNE
                                          YEAR:     2017
                                          LATITUDE:   30 12 N
                                          LONGITUDE:  92  0 W

[TEMPERATURE DATA]      [PRECIPITATION DATA]       SYMBOLS USED IN COLUMN 16

AVERAGE MONTHLY: 78.9   TOTAL FOR MONTH:   9.04    1 = FOG OR MIST
DPTR FM NORMAL:  -2.4   DPTR FM NORMAL:    3.51    2 = FOG REDUCING VISIBILITY
HIGHEST:    92 ON 19    GRTST 24HR  2.39 ON  3- 3      TO 1/4 MILE OR LESS
LOWEST:     61 ON  9                               3 = THUNDER
                        SNOW, ICE PELLETS, HAIL    4 = ICE PELLETS
                        TOTAL MONTH:   0.0 INCH    5 = HAIL
                        GRTST 24HR     0.0         6 = FREEZING RAIN OR DRIZZLE
                        GRTST DEPTH:   0           7 = DUSTSTORM OR SANDSTORM:
                                                       VSBY 1/2 MILE OR LESS
                                                   8 = SMOKE OR HAZE
[NO. OF DAYS WITH]      [WEATHER - DAYS WITH]      9 = BLOWING SNOW
                                                   X = TORNADO
MAX 32 OR BELOW:   0    0.01 INCH OR MORE:  13
MAX 90 OR ABOVE:   5    0.10 INCH OR MORE:  11
MIN 32 OR BELOW:   0    0.50 INCH OR MORE:   7
MIN  0 OR BELOW:   0    1.00 INCH OR MORE:   3

[HDD (BASE 65) ]
TOTAL THIS MO.     0    CLEAR  (SCALE 0-3)   6
DPTR FM NORMAL     0    PTCLDY (SCALE 4-7)  17
TOTAL FM JUL 1   642    CLOUDY (SCALE 8-10)  1
DPTR FM NORMAL  -778

[CDD (BASE 65) ]
TOTAL THIS MO.   340
DPTR FM NORMAL   -51    [PRESSURE DATA]
TOTAL FM JAN 1  1260    HIGHEST SLP M ON M
DPTR FM NORMAL   255    LOWEST  SLP 29.43 ON 22

[REMARKS]
