000
CXUS55 KBOU 260215
CF6LIC
PRELIMINARY LOCAL CLIMATOLOGICAL DATA (WS FORM: F-6)

                                          STATION:   LIMON CO
                                          MONTH:     AUGUST
                                          YEAR:      2015
                                          LATITUDE:   39 10 N
                                          LONGITUDE: 103 42 W

  TEMPERATURE IN F:       :PCPN:    SNOW:  WIND      :SUNSHINE: SKY     :PK WND
================================================================================
1   2   3   4   5  6A  6B    7    8   9   10  11  12  13   14  15   16   17  18
                                     12Z  AVG MX 2MIN
DY MAX MIN AVG DEP HDD CDD  WTR  SNW DPTH SPD SPD DIR MIN PSBL S-S WX    SPD DR
================================================================================

 1  88  49  69   M   0   4 0.00    M    M  7.3 18 150   M    M   0        29 130
 2  91  52  72   M   0   7 0.00    M    M  6.1 20 140   M    M   1        34 130
 3  83  56  70   M   0   5 0.04    M    M  5.4 28 130   M    M   2 1      35 120
 4  90  47  69   M   0   4 0.00    M    M  8.1 28  50   M    M   0        32  50
 5  94  50  72   M   0   7 0.00    M    M  9.1 31 140   M    M   1        37 140
 6  93  52  73   M   0   8 0.00    M    M  7.9 20 310   M    M   1 12     25 310
 7  88  54  71   M   0   6 0.02    M    M  8.3 28 310   M    M   2 3      36 150
 8  87  59  73   M   0   8    T    M    M  8.6 17 150   M    M   1        22 350
 9  85  60  73   M   0   8 0.08    M    M  8.4 21 340   M    M   5 3      25 340
10  82  58  70   M   0   5 0.13    M    M  9.3 23  10   M    M   4 13     28  10
11  84  59  72   M   0   7 0.00    M    M 13.0 23 150   M    M   3 1      30 140
12  92  56  74   M   0   9 0.00    M    M  7.2 15 110   M    M   2 12     22 150
13  93  62  78   M   0  13 0.00    M    M  5.8 21 180   M    M   3 3      26 180
14  92  57  75   M   0  10 0.00    M    M  6.5 18 140   M    M   2        23 130
15  95  58  77   M   0  12 0.87    M    M  9.3 39 320   M    M   0 13     48 320
16  86  61  74   M   0   9 0.10    M    M  7.1 32 330   M    M   1 13     41 320
17  83  54  69   M   0   4 0.66    M    M  9.6 39 300   M    M   2 138    56 320
18  70  49  60   M   5   0 0.18    M    M 13.1 25  10   M    M   4 13     33 330
19  68  47  58   M   7   0 0.34    M    M  8.1 17 340   M    M   3 1      25 310
20  84  47  66   M   0   1 0.00    M    M  4.4 16  30   M    M   0        25 320
21  89  50  70   M   0   5 0.00    M    M  4.4 17 300   M    M   0        24 310
22  89  50  70   M   0   5 0.00    M    M 13.1 28  40   M    M   1 18     35  30
23  73  44  59   M   6   0 0.00    M    M  8.9 21 160   M    M   1        29 170
24  86  41  64   M   1   0 0.00    M    M  5.0 13 150   M    M   0        18 170
================================================================================
SM 2065 1272        19 137  2.42    M    194.0          M       39
================================================================================
AV 86.0 53.0                               8.1 FASTST   M    M   2    MAX(MPH)
                                 MISC ---->  # 39 320               # 56  320
================================================================================
NOTES:
# LAST OF SEVERAL OCCURRENCES

COLUMN 17 PEAK WIND IN M.P.H.

PRELIMINARY LOCAL CLIMATOLOGICAL DATA (WS FORM: F-6) , PAGE 2

                                          STATION:  LIMON CO
                                          MONTH:    AUGUST
                                          YEAR:     2015
                                          LATITUDE:   39 10 N
                                          LONGITUDE: 103 42 W

[TEMPERATURE DATA]      [PRECIPITATION DATA]       SYMBOLS USED IN COLUMN 16

AVERAGE MONTHLY: 69.5   TOTAL FOR MONTH:   2.42    1 = FOG OR MIST
DPTR FM NORMAL:     M   DPTR FM NORMAL:       M    2 = FOG REDUCING VISIBILITY
HIGHEST:    95 ON 15    GRTST 24HR  0.97 ON 15-16      TO 1/4 MILE OR LESS
LOWEST:     41 ON 24                               3 = THUNDER
                        SNOW, ICE PELLETS, HAIL    4 = ICE PELLETS
                        TOTAL MONTH:    M          5 = HAIL
                        GRTST 24HR    M  ON   M    6 = FREEZING RAIN OR DRIZZLE
                        GRTST DEPTH:  M  ON   M    7 = DUSTSTORM OR SANDSTORM:
                                                       VSBY 1/2 MILE OR LESS
                                                   8 = SMOKE OR HAZE
[NO. OF DAYS WITH]      [WEATHER - DAYS WITH]      9 = BLOWING SNOW
                                                   X = TORNADO
MAX 32 OR BELOW:   0    0.01 INCH OR MORE:   9
MAX 90 OR ABOVE:   8    0.10 INCH OR MORE:   6
MIN 32 OR BELOW:   0    0.50 INCH OR MORE:   2
MIN  0 OR BELOW:   0    1.00 INCH OR MORE:   0

[HDD (BASE 65) ]
TOTAL THIS MO.    19    CLEAR  (SCALE 0-3)  19
DPTR FM NORMAL     M    PTCLDY (SCALE 4-7)   5
TOTAL FM JUL 1    31    CLOUDY (SCALE 8-10)  0
DPTR FM NORMAL     M

[CDD (BASE 65) ]
TOTAL THIS MO.   137
DPTR FM NORMAL     M    [PRESSURE DATA]
TOTAL FM JAN 1   346    HIGHEST SLP M ON M
DPTR FM NORMAL     M    LOWEST  SLP 29.65 ON  7

[REMARKS]
