000
CXUS54 KLZK 011130
CF6LLQ
PRELIMINARY LOCAL CLIMATOLOGICAL DATA (WS FORM: F-6)

                                          STATION:   Monticello
                                          MONTH:     SEPTEMBER
                                          YEAR:      2016
                                          LATITUDE:   33 37 N
                                          LONGITUDE:  91 45 W

  TEMPERATURE IN F:       :PCPN:    SNOW:  WIND      :SUNSHINE: SKY     :PK WND
================================================================================
1   2   3   4   5  6A  6B    7    8   9   10  11  12  13   14  15   16   17  18
                                     12Z  AVG MX 2MIN
DY MAX MIN AVG DEP HDD CDD  WTR  SNW DPTH SPD SPD DIR MIN PSBL S-S WX    SPD DR
================================================================================

 1  94  76  85   5   0  20 0.00  0.0    0  6.0 13  50   M    M   1        17  40
 2  88  70  79  -1   0  14 0.00  0.0    0  4.6 15  40   M    M   0        20  50
 3  92  66  79   0   0  14 0.00  0.0    0  2.8  9  70   M    M   0        13  40
 4  96  70  83   4   0  18 0.00  0.0    0  2.2 10 150   M    M   0        14 160
 5  97  77  87   8   0  22 0.00  0.0    0  5.2 15 150   M    M   4        23 150
 6  95  76  86   8   0  21 0.00  0.0    0  3.1  9 170   M    M   3 1      12 160
 7  96  77  87   9   0  22 0.00  0.0    0  3.3  9 220   M    M   1        13 240
 8  96  78  87   9   0  22 0.00  0.0    0  6.2 12 150   M    M   2 1      15 180
 9  94  78  86   8   0  21 0.01  0.0    0  6.1 13 190   M    M   2        16 230
10  96  74  85   8   0  20 0.20  0.0    0  6.2 13 220   M    M   5 3      18 220
11  91  68  80   3   0  15 0.00  0.0    0  3.3 12  50   M    M   4        16  50
12  95  68  82   5   0  17 0.00  0.0    0  1.6 10 110   M    M   1        14 170
13  95  73  84   8   0  19 0.00  0.0    0  1.9 10  90   M    M   1        14 110
14  97  74  86  10   0  21 0.00  0.0    0  1.5  9 100   M    M   1        14 120
15  94  74  84   8   0  19 0.00  0.0    0  2.6  9 210   M    M   0 18     14 100
16  92  72  82   7   0  17 0.00  0.0    0  3.5 12 190   M    M   2        16 160
17  91  74  83   8   0  18 0.00  0.0    0  1.2  9 180   M    M   6        12 210
18  84  68  76   2   0  11    T  0.0    0  1.8 13 290   M    M   3 3      19 310
19  91  65  78   4   0  13 0.00  0.0    0  1.2  8  70   M    M   2 12     10  40
20  93  65  79   5   0  14 0.00  0.0    0  2.4  9  50   M    M   0        12  50
21  93  66  80   7   0  15 0.00  0.0    0  1.4  9 100   M    M   0        12 100
22  91  65  78   5   0  13 0.00  0.0    0  2.2 10 220   M    M   0        13 190
23  94  68  81   9   0  16 0.00  0.0    0  1.3 12 150   M    M   1        16 150
24  93  70  82  10   0  17 0.00  0.0    0  1.8  9 220   M    M   1 1      12 220
25  95  70  83  11   0  18 0.01  0.0    0  2.7 12 150   M    M   2        17 140
26  81  64  73   2   0   8 0.00  0.0    0  4.7 14  50   M    M   3 3      23  10
27  82  55  69  -2   0   4 0.00  0.0    0  4.3 12  50   M    M   0        18  40
28  87  55  71   0   0   6 0.00  0.0    0  6.5 13 240   M    M   0        22  20
29  78  56  67  -3   0   2 0.00  0.0    0  5.7 14  40   M    M   1        20  50
30  80  53  67  -3   0   2 0.00  0.0    0  3.6 13 280   M    M   1        20 310
================================================================================
SM 2741 2065         0 459  0.22     0.0 100.9          M       47
================================================================================
AV 91.4 68.8                               3.4 FASTST   M    M   2    MAX(MPH)
                                 MISC ---->  # 15  40               # 23  150
================================================================================
NOTES:
# LAST OF SEVERAL OCCURRENCES

COLUMN 17 PEAK WIND IN M.P.H.

PRELIMINARY LOCAL CLIMATOLOGICAL DATA (WS FORM: F-6) , PAGE 2

                                          STATION:  Monticello
                                          MONTH:    SEPTEMBER
                                          YEAR:     2016
                                          LATITUDE:   33 37 N
                                          LONGITUDE:  91 45 W

[TEMPERATURE DATA]      [PRECIPITATION DATA]       SYMBOLS USED IN COLUMN 16

AVERAGE MONTHLY: 80.1   TOTAL FOR MONTH:   0.22    1 = FOG OR MIST
DPTR FM NORMAL:   4.9   DPTR FM NORMAL:   -2.74    2 = FOG REDUCING VISIBILITY
HIGHEST:    97 ON 14, 5 GRTST 24HR  0.20 ON 10-10      TO 1/4 MILE OR LESS
LOWEST:     53 ON 30                               3 = THUNDER
                        SNOW, ICE PELLETS, HAIL    4 = ICE PELLETS
                        TOTAL MONTH:   0.0 INCH    5 = HAIL
                        GRTST 24HR     0.0         6 = FREEZING RAIN OR DRIZZLE
                        GRTST DEPTH:   0           7 = DUSTSTORM OR SANDSTORM:
                                                       VSBY 1/2 MILE OR LESS
                                                   8 = SMOKE OR HAZE
[NO. OF DAYS WITH]      [WEATHER - DAYS WITH]      9 = BLOWING SNOW
                                                   X = TORNADO
MAX 32 OR BELOW:   0    0.01 INCH OR MORE:   3
MAX 90 OR ABOVE:  23    0.10 INCH OR MORE:   1
MIN 32 OR BELOW:   0    0.50 INCH OR MORE:   0
MIN  0 OR BELOW:   0    1.00 INCH OR MORE:   0

[HDD (BASE 65) ]
TOTAL THIS MO.     0    CLEAR  (SCALE 0-3)  24
DPTR FM NORMAL   -14    PTCLDY (SCALE 4-7)   6
TOTAL FM JUL 1     0    CLOUDY (SCALE 8-10)  0
DPTR FM NORMAL   -14

[CDD (BASE 65) ]
TOTAL THIS MO.   459
DPTR FM NORMAL   141    [PRESSURE DATA]
TOTAL FM JAN 1  2572    HIGHEST SLP 30.23 ON 29
DPTR FM NORMAL   474    LOWEST  SLP 29.88 ON  1

[REMARKS]
ALL SNOWFALL DATA IS FROM THE UNIVERSITY OF ARKANSAS AT MONTICELLO COOPERATIVE OBSERVER SITE
#FINAL-09-16#
