000
CXUS54 KLZK 291130
CF6LLQ
PRELIMINARY LOCAL CLIMATOLOGICAL DATA (WS FORM: F-6)

                                          STATION:   Monticello
                                          MONTH:     MAY
                                          YEAR:      2017
                                          LATITUDE:   33 37 N
                                          LONGITUDE:  91 45 W

  TEMPERATURE IN F:       :PCPN:    SNOW:  WIND      :SUNSHINE: SKY     :PK WND
================================================================================
1   2   3   4   5  6A  6B    7    8   9   10  11  12  13   14  15   16   17  18
                                     12Z  AVG MX 2MIN
DY MAX MIN AVG DEP HDD CDD  WTR  SNW DPTH SPD SPD DIR MIN PSBL S-S WX    SPD DR
================================================================================

 1  75  50  63  -4   2   0 0.00  0.0    0  9.2 24 280   M    M   0        35 290
 2  79  51  65  -3   0   0 0.01  0.0    0  3.2 10 190   M    M   2        13 190
 3  78  56  67  -1   0   2 1.24  0.0    0  6.9 23  90   M    M   4 13     31 100
 4  63  47  55 -13  10   0 0.04    M    0  7.7 21 310   M    M   9 1      30 320
 5  75  47  61  -7   4   0 0.00  0.0    0  6.6 17 310   M    M   0        31 310
 6  80  49  65  -4   0   0 0.00  0.0    0  6.5 16 260   M    M   0        23 250
 7  83  54  69   0   0   4 0.00  0.0    0  3.5  9  50   M    M   0        14  40
 8  85  57  71   2   0   6 0.00  0.0    0  3.0 10 140   M    M   0        14 210
 9  85  63  74   4   0   9 0.00  0.0    0  6.0 15 220   M    M   0        21 200
10  85  67  76   6   0  11 0.00  0.0    0  8.1 14 200   M    M   0        17 220
11  83  67  75   5   0  10 0.42  0.0    0  6.1 17 200   M    M   2 13     22 270
12  79  64  72   2   0   7 0.10  0.0    0  5.9 15 320   M    M   9 1      20 330
13  78  56  67  -4   0   2 0.00  0.0    0  4.7 20  50   M    M   2        24  50
14  83  53  68  -3   0   3 0.00  0.0    0  1.5  9 140   M    M   1        12 140
15  86  59  73   2   0   8 0.00  0.0    0  3.0 12 170   M    M   1        15 170
16  88  61  75   3   0  10 0.00  0.0    0  7.4 20 170   M    M   1        26 190
17  87  65  76   4   0  11 0.00  0.0    0  9.3 22 200   M    M   2        30 170
18  89  70  80   8   0  15 0.00  0.0    0  6.7 18 170   M    M   5 8      24 170
19  88  73  81   9   0  16 0.01  0.0    0  5.7 14 170   M    M   4 3      19 230
20  82  68  75   3   0  10 0.16  0.0    0  4.7 22 280   M    M   5 138    33 260
21  74  61  68  -5   0   3 1.80  0.0    0  3.9 15  60   M    M   4 13     21 220
22  65  59  62 -11   3   0 0.07  0.0    0  2.3  8 320   M    M   6 1      11 100
23  79  60  70  -3   0   5 1.80  0.0    0  3.6 21 320   M    M   7 13     30 320
24  70  54  62 -12   3   0 0.90  0.0    0  7.8 18 290   M    M   6 13     27 260
25  81  51  66  -8   0   1 0.00  0.0    0  5.3 14 200   M    M   0        20 190
26  85  66  76   2   0  11 0.00  0.0    0  9.4 21 200   M    M   6        29 200
27  90  74  82   8   0  17 0.00  0.0    0  8.8 20 200   M    M   5        26 210
28  83  66  75   0   0  10 0.73  0.0    0  7.1 24 150   M    M   2 13     32  50
================================================================================
SM 2258 1668        22 171  7.28     0.0 163.9          M       83
================================================================================
AV 80.6 59.6                               5.9 FASTST   M    M   3    MAX(MPH)
                                 MISC ---->  # 24 280               # 35  290
================================================================================
NOTES:
# LAST OF SEVERAL OCCURRENCES

COLUMN 17 PEAK WIND IN M.P.H.

PRELIMINARY LOCAL CLIMATOLOGICAL DATA (WS FORM: F-6) , PAGE 2

                                          STATION:  Monticello
                                          MONTH:    MAY
                                          YEAR:     2017
                                          LATITUDE:   33 37 N
                                          LONGITUDE:  91 45 W

[TEMPERATURE DATA]      [PRECIPITATION DATA]       SYMBOLS USED IN COLUMN 16

AVERAGE MONTHLY: 70.1   TOTAL FOR MONTH:   7.28    1 = FOG OR MIST
DPTR FM NORMAL:  -0.9   DPTR FM NORMAL:    2.69    2 = FOG REDUCING VISIBILITY
HIGHEST:    90 ON 27    GRTST 24HR  2.60 ON 30- 1      TO 1/4 MILE OR LESS
LOWEST:     47 ON  5, 4                            3 = THUNDER
                        SNOW, ICE PELLETS, HAIL    4 = ICE PELLETS
                        TOTAL MONTH:   0.0 INCH    5 = HAIL
                        GRTST 24HR     0.0         6 = FREEZING RAIN OR DRIZZLE
                        GRTST DEPTH:   0           7 = DUSTSTORM OR SANDSTORM:
                                                       VSBY 1/2 MILE OR LESS
                                                   8 = SMOKE OR HAZE
[NO. OF DAYS WITH]      [WEATHER - DAYS WITH]      9 = BLOWING SNOW
                                                   X = TORNADO
MAX 32 OR BELOW:   0    0.01 INCH OR MORE:  12
MAX 90 OR ABOVE:   1    0.10 INCH OR MORE:   8
MIN 32 OR BELOW:   0    0.50 INCH OR MORE:   5
MIN  0 OR BELOW:   0    1.00 INCH OR MORE:   3

[HDD (BASE 65) ]
TOTAL THIS MO.    22    CLEAR  (SCALE 0-3)  16
DPTR FM NORMAL     3    PTCLDY (SCALE 4-7)  10
TOTAL FM JUL 1  1772    CLOUDY (SCALE 8-10)  2
DPTR FM NORMAL  -927

[CDD (BASE 65) ]
TOTAL THIS MO.   171
DPTR FM NORMAL   -19    [PRESSURE DATA]
TOTAL FM JAN 1   396    HIGHEST SLP M ON M
DPTR FM NORMAL   100    LOWEST  SLP 29.59 ON  1

[REMARKS]
ALL SNOWFALL DATA IS FROM THE UNIVERSITY OF ARKANSAS AT MONTICELLO COOPERATIVE OBSERVER SITE
