000
CXUS54 KLZK 301430
CF6LLQ
PRELIMINARY LOCAL CLIMATOLOGICAL DATA (WS FORM: F-6)

                                          STATION:   Monticello
                                          MONTH:     JANUARY
                                          YEAR:      2015
                                          LATITUDE:   33 37 N
                                          LONGITUDE:  91 45 W

  TEMPERATURE IN F:       :PCPN:    SNOW:  WIND      :SUNSHINE: SKY     :PK WND
================================================================================
1   2   3   4   5  6A  6B    7    8   9   10  11  12  13   14  15   16   17  18
                                     12Z  AVG MX 2MIN
DY MAX MIN AVG DEP HDD CDD  WTR  SNW DPTH SPD SPD DIR MIN PSBL S-S WX    SPD DR
================================================================================

 1  38  34  36  -7  29   0 0.78  0.0    0  3.7 12  70   M    M  10 1      14  70
 2  49  38  44   1  21   0 0.59  0.0    0  6.8 13  60   M    M  10 12     14  60
 3  61  47  54  11  11   0 1.15  0.0    0  7.5 23 260   M    M  10 123    34 260
 4  48  29  39  -4  26   0    T  0.0    0  6.9 16 320   M    M   5        25 310
 5  40  25  33 -10  32   0 0.00  0.0    0  5.2 15  50   M    M   0        17  50
 6  55  26  41  -2  24   0 0.00  0.0    0  4.6 16  50   M    M   0        19  40
 7  39  19  29 -14  36   0 0.00  0.0    0  8.0 18  10   M    M   1        32  50
 8  33  11  22 -21  43   0 0.00  0.0    0  5.4 13 170   M    M   0        17 190
 9  42  21  32 -11  33   0 0.00  0.0    0  4.4 14  40   M    M   0        21  30
10  37  20  29 -14  36   0 0.00  0.0    0  4.0 12  60   M    M   4        14 110
11  45  32  39  -4  26   0 0.06  0.0    0  4.6 12  80   M    M  10 1      14  80
12  45  37  41  -2  24   0 0.60  0.0    0  7.0 17  20   M    M  10 1      27  20
13  37  28  33 -10  32   0 0.00  0.0    0  8.2 14  50   M    M  10        22  30
14  40  27  34  -9  31   0 0.00  0.0    0  4.7 13  60   M    M   5        15  40
15  49  28  39  -4  26   0 0.02  0.0    0  1.7 10 290   M    M   6        14 280
16  58  25  42  -1  23   0 0.00  0.0    0  2.6 10 190   M    M   0 1      14 190
17  63  33  48   5  17   0 0.00  0.0    0  8.0 21 200   M    M   1        27 190
18  67  37  52   9  13   0 0.00  0.0    0  6.8 14 210   M    M   0        20 220
19  70  46  58  15   7   0 0.00  0.0    0  8.1 16 210   M    M   0        24 210
20  66  44  55  12  10   0 0.00  0.0    0  5.4 12  60   M    M   0 8      15  50
21  61  36  49   6  16   0 0.00  0.0    0  4.0 15  50   M    M   0        17  50
22  49  38  44   0  21   0 0.90    M    0 10.3 20  50   M    M  10 1      26  50
23  40  35  38  -6  27   0 0.10    M    0  6.5 16  50   M    M   9 1      22  10
24  59  29  44   0  21   0 0.00  0.0    0  6.5 14 240   M    M   0 1      18 260
25  63  41  52   8  13   0    T    M    0 11.5 23 280   M    M   3        32 300
26  58  37  48   4  17   0 0.00  0.0    0  6.5 14 320   M    M   2        21 320
27  67  37  52   8  13   0 0.00  0.0    0  4.9 13  60   M    M   0        17  40
28  66  36  51   7  14   0 0.00  0.0    0  7.1 16 190   M    M   0        23 190
29  73  43  58  14   7   0    T  0.0    0  9.5 18 260   M    M   2        27  20
================================================================================
SM 1518  939       649   0  4.20     0.0 180.4          M      108
================================================================================
AV 52.3 32.4                               6.2 FASTST   M    M   4    MAX(MPH)
                                 MISC ---->  # 23 260               # 34  260
================================================================================
NOTES:
# LAST OF SEVERAL OCCURRENCES

COLUMN 17 PEAK WIND IN M.P.H.

PRELIMINARY LOCAL CLIMATOLOGICAL DATA (WS FORM: F-6) , PAGE 2

                                          STATION:  Monticello
                                          MONTH:    JANUARY
                                          YEAR:     2015
                                          LATITUDE:   33 37 N
                                          LONGITUDE:  91 45 W

[TEMPERATURE DATA]      [PRECIPITATION DATA]       SYMBOLS USED IN COLUMN 16

AVERAGE MONTHLY: 42.4   TOTAL FOR MONTH:   4.20    1 = FOG OR MIST
DPTR FM NORMAL:  -0.9   DPTR FM NORMAL:   -0.14    2 = FOG REDUCING VISIBILITY
HIGHEST:    73 ON 29    GRTST 24HR  1.37 ON  1- 2      TO 1/4 MILE OR LESS
LOWEST:     11 ON  8                               3 = THUNDER
                        SNOW, ICE PELLETS, HAIL    4 = ICE PELLETS
                        TOTAL MONTH:   0.0 INCH    5 = HAIL
                        GRTST 24HR     0.0         6 = FREEZING RAIN OR DRIZZLE
                        GRTST DEPTH:   0           7 = DUSTSTORM OR SANDSTORM:
                                                       VSBY 1/2 MILE OR LESS
                                                   8 = SMOKE OR HAZE
[NO. OF DAYS WITH]      [WEATHER - DAYS WITH]      9 = BLOWING SNOW
                                                   X = TORNADO
MAX 32 OR BELOW:   0    0.01 INCH OR MORE:   8
MAX 90 OR ABOVE:   0    0.10 INCH OR MORE:   6
MIN 32 OR BELOW:  13    0.50 INCH OR MORE:   5
MIN  0 OR BELOW:   0    1.00 INCH OR MORE:   1

[HDD (BASE 65) ]
TOTAL THIS MO.   649    CLEAR  (SCALE 0-3)  17
DPTR FM NORMAL    19    PTCLDY (SCALE 4-7)   4
TOTAL FM JUL 1  1747    CLOUDY (SCALE 8-10)  8
DPTR FM NORMAL    49

[CDD (BASE 65) ]
TOTAL THIS MO.     0
DPTR FM NORMAL     0    [PRESSURE DATA]
TOTAL FM JAN 1     0    HIGHEST SLP M ON M
DPTR FM NORMAL     0    LOWEST  SLP 29.67 ON 25

[REMARKS]
ALL SNOWFALL DATA IS FROM THE UNIVERSITY OF ARKANSAS AT MONTICELLO COOPERATIVE OBSERVER SITE
