000
CXUS54 KLZK 300913
CF6LLQ
PRELIMINARY LOCAL CLIMATOLOGICAL DATA (WS FORM: F-6)

                                          STATION:   Monticello
                                          MONTH:     MAY
                                          YEAR:      2015
                                          LATITUDE:   33 37 N
                                          LONGITUDE:  91 45 W

  TEMPERATURE IN F:       :PCPN:    SNOW:  WIND      :SUNSHINE: SKY     :PK WND
================================================================================
1   2   3   4   5  6A  6B    7    8   9   10  11  12  13   14  15   16   17  18
                                     12Z  AVG MX 2MIN
DY MAX MIN AVG DEP HDD CDD  WTR  SNW DPTH SPD SPD DIR MIN PSBL S-S WX    SPD DR
================================================================================

 1  76  51  64  -3   1   0 0.00  0.0    0  5.9 14  50   M    M   1        18  50
 2  80  44  62  -6   3   0 0.00  0.0    0  2.3  9 190   M    M   0        12 150
 3  84  56  70   2   0   5 0.00  0.0    0  5.9 13 200   M    M   1 8      16 220
 4  85  59  72   4   0   7 0.00  0.0    0  3.2 13 130   M    M   1        17 120
 5  85  64  75   7   0  10 0.00  0.0    0  6.4 18 160   M    M   3        26 180
 6  85  58  72   3   0   7 0.00  0.0    0  4.5 15 130   M    M   1        21 140
 7  86  64  75   6   0  10 0.01  0.0    0  4.8 13 140   M    M   3        17 130
 8  81  70  76   7   0  11 0.53  0.0    0  5.4 16 260   M    M   7 13     23 300
 9  83  69  76   6   0  11 1.25  0.0    0  5.4 14 130   M    M   4 13     24 140
10  82  70  76   6   0  11    T  0.0    0  5.5 14 170   M    M   3        21 170
11  74  63  69  -1   0   4 0.65  0.0    0  4.2 18 140   M    M   4 13     24 150
12  74  61  68  -2   0   3 0.00  0.0    0  5.2 16  50   M    M   0        21  50
13  75  58  67  -4   0   2 0.00  0.0    0  4.9 14  70   M    M   6        18  60
14  87  65  76   5   0  11 0.00  0.0    0  4.7 12 210   M    M   2        19 180
15  86  69  78   7   0  13 0.05  0.0    0  6.6 23 170   M    M   3 13     34 190
16  87  71  79   7   0  14 0.00  0.0    0  7.6 14 220   M    M   7 3      20 190
17  88  71  80   8   0  15 0.01  0.0    0  7.6 21 230   M    M   5 3      28 260
18  76  69  73   1   0   8 0.23  0.0    0  5.4 14 220   M    M   6 13     19 170
19  83  67  75   3   0  10 0.00  0.0    0  2.5  9 140   M    M   5        12 100
20  86  68  77   5   0  12    T  0.0    0  5.0 16 310   M    M   4        20 320
21  71  50  61 -12   4   0    T  0.0    0  6.3 16  50   M    M   8 1      22  20
22  75  47  61 -12   4   0 0.00  0.0    0  4.7 15  70   M    M   0        19  60
23  84  58  71  -2   0   6 0.00  0.0    0  5.5 13 140   M    M   3        18 160
24  85  69  77   3   0  12 0.27  0.0    0  7.6 25 220   M    M   5 138    34 210
25  86  63  75   1   0  10 0.43  0.0    0  7.6 31 290   M    M   7 13     41 250
26  82  62  72  -2   0   7 0.07  0.0    0  6.5 16 130   M    M   4 3      23 120
27  80  68  74   0   0   9 0.59  0.0    0  4.5 13 120   M    M   4 123    18 100
28  84  65  75   0   0  10 0.57  0.0    0  2.0 18 300   M    M   6 1238   25 320
29  88  67  78   3   0  13 0.03  0.0    0  6.5 16 200   M    M   2 3      21 170
================================================================================
SM 2378 1816        12 231  4.69     0.0 154.2          M      105
================================================================================
AV 82.0 62.6                               5.3 FASTST   M    M   4    MAX(MPH)
                                 MISC ---->  # 31 290               # 41  250
================================================================================
NOTES:
# LAST OF SEVERAL OCCURRENCES

COLUMN 17 PEAK WIND IN M.P.H.

PRELIMINARY LOCAL CLIMATOLOGICAL DATA (WS FORM: F-6) , PAGE 2

                                          STATION:  Monticello
                                          MONTH:    MAY
                                          YEAR:     2015
                                          LATITUDE:   33 37 N
                                          LONGITUDE:  91 45 W

[TEMPERATURE DATA]      [PRECIPITATION DATA]       SYMBOLS USED IN COLUMN 16

AVERAGE MONTHLY: 72.3   TOTAL FOR MONTH:   4.69    1 = FOG OR MIST
DPTR FM NORMAL:   1.1   DPTR FM NORMAL:   -0.05    2 = FOG REDUCING VISIBILITY
HIGHEST:    88 ON 29,17 GRTST 24HR  1.78 ON  8- 9      TO 1/4 MILE OR LESS
LOWEST:     44 ON  2                               3 = THUNDER
                        SNOW, ICE PELLETS, HAIL    4 = ICE PELLETS
                        TOTAL MONTH:   0.0 INCH    5 = HAIL
                        GRTST 24HR     0.0         6 = FREEZING RAIN OR DRIZZLE
                        GRTST DEPTH:   0           7 = DUSTSTORM OR SANDSTORM:
                                                       VSBY 1/2 MILE OR LESS
                                                   8 = SMOKE OR HAZE
[NO. OF DAYS WITH]      [WEATHER - DAYS WITH]      9 = BLOWING SNOW
                                                   X = TORNADO
MAX 32 OR BELOW:   0    0.01 INCH OR MORE:  13
MAX 90 OR ABOVE:   0    0.10 INCH OR MORE:   8
MIN 32 OR BELOW:   0    0.50 INCH OR MORE:   5
MIN  0 OR BELOW:   0    1.00 INCH OR MORE:   1

[HDD (BASE 65) ]
TOTAL THIS MO.    12    CLEAR  (SCALE 0-3)  12
DPTR FM NORMAL    -7    PTCLDY (SCALE 4-7)  17
TOTAL FM JUL 1  2948    CLOUDY (SCALE 8-10)  0
DPTR FM NORMAL   249

[CDD (BASE 65) ]
TOTAL THIS MO.   231
DPTR FM NORMAL    31    [PRESSURE DATA]
TOTAL FM JAN 1   341    HIGHEST SLP M ON M
DPTR FM NORMAL    35    LOWEST  SLP 29.76 ON 26

[REMARKS]
