659
CXUS54 KLZK 271130
CF6LLQ
PRELIMINARY LOCAL CLIMATOLOGICAL DATA (WS FORM: F-6)

                                          STATION:   Monticello
                                          MONTH:     JULY
                                          YEAR:      2017
                                          LATITUDE:   33 37 N
                                          LONGITUDE:  91 45 W

  TEMPERATURE IN F:       :PCPN:    SNOW:  WIND      :SUNSHINE: SKY     :PK WND
================================================================================
1   2   3   4   5  6A  6B    7    8   9   10  11  12  13   14  15   16   17  18
                                     12Z  AVG MX 2MIN
DY MAX MIN AVG DEP HDD CDD  WTR  SNW DPTH SPD SPD DIR MIN PSBL S-S WX    SPD DR
================================================================================

 1  90  70  80  -2   0  15 0.23  0.0    0  4.3 31 210   M    M   3 13     40 200
 2  88  71  80  -2   0  15 0.52  0.0    0  5.8 12 220   M    M   5 13     16 240
 3  87  76  82   0   0  17 0.01  0.0    0  5.9 16 240   M    M   3 13     26 230
 4  90  77  84   2   0  19 0.00  0.0    0  6.8 14 190   M    M   3        19 230
 5  91  76  84   2   0  19 0.00  0.0    0  6.0 17 210   M    M   1        24 220
 6  91  73  82   0   0  17 0.01  0.0    0  6.6 15 260   M    M   3 13     21 260
 7  93  74  84   2   0  19 0.00  0.0    0  5.0 10 280   M    M   1        16 260
 8  88  72  80  -2   0  15 0.15  0.0    0  3.6 20  20   M    M   2 13     31  20
 9  91  70  81  -1   0  16 0.00  0.0    0  3.5 14  90   M    M   0 1      20  80
10  92  69  81  -1   0  16 0.00  0.0    0  2.6 12 200   M    M   0        14 190
11  92  74  83   1   0  18 0.00  0.0    0  4.2 13 140   M    M   1        16 140
12  92  74  83   1   0  18 0.00  0.0    0  5.0 12 210   M    M   3        15 200
13  94  74  84   2   0  19 0.00  0.0    0  3.9 14 200   M    M   1 3      17 200
14  93  74  84   2   0  19    T  0.0    0  2.3 18 230   M    M   3 3      24 230
15  91  73  82   0   0  17 0.05  0.0    0  2.4 21  60   M    M   3 123    26  60
16  91  73  82   0   0  17 0.00  0.0    0  4.1 12  60   M    M   4 12     16  50
17  92  72  82   0   0  17 0.00  0.0    0  2.0  7  99   M    M   0         M  M
18  94  72  83   1   0  18 0.00  0.0    0  2.0  8  80   M    M   1        11  60
19  96  74  85   3   0  20 0.00  0.0    0  2.0 12  80   M    M   1 1      14  80
20  97  77  87   5   0  22 0.00  0.0    0  1.5  9 270   M    M   1        13 250
21  97  77  87   5   0  22 0.00  0.0    0  2.5  9 140   M    M   2        12 140
22  96  76  86   4   0  21 0.00  0.0    0  4.1 20 150   M    M   1        28 150
23  92  75  84   2   0  19 0.02  0.0    0  4.7 13 200   M    M   3 3      17 210
24  90  75  83   1   0  18 0.00  0.0    0  4.1 12 210   M    M   5        15 190
25  95  76  86   4   0  21 0.00  0.0    0  5.4 10 260   M    M   2 1      14 250
26  95  74  85   3   0  20 0.00  0.0    0  4.7 10 200   M    M   0        14 250
================================================================================
SM 2398 1918         0 474  0.99     0.0 105.0          M       52
================================================================================
AV 92.2 73.8                               4.0 FASTST   M    M   2    MAX(MPH)
                                 MISC ---->  # 31 210               # 40  200
================================================================================
NOTES:
# LAST OF SEVERAL OCCURRENCES

COLUMN 17 PEAK WIND IN M.P.H.

PRELIMINARY LOCAL CLIMATOLOGICAL DATA (WS FORM: F-6) , PAGE 2

                                          STATION:  Monticello
                                          MONTH:    JULY
                                          YEAR:     2017
                                          LATITUDE:   33 37 N
                                          LONGITUDE:  91 45 W

[TEMPERATURE DATA]      [PRECIPITATION DATA]       SYMBOLS USED IN COLUMN 16

AVERAGE MONTHLY: 83.0   TOTAL FOR MONTH:   0.99    1 = FOG OR MIST
DPTR FM NORMAL:   1.0   DPTR FM NORMAL:   -2.02    2 = FOG REDUCING VISIBILITY
HIGHEST:    97 ON 21,20 GRTST 24HR  0.52 ON  2- 2      TO 1/4 MILE OR LESS
LOWEST:     69 ON 10                               3 = THUNDER
                        SNOW, ICE PELLETS, HAIL    4 = ICE PELLETS
                        TOTAL MONTH:   0.0 INCH    5 = HAIL
                        GRTST 24HR     0.0         6 = FREEZING RAIN OR DRIZZLE
                        GRTST DEPTH:   0           7 = DUSTSTORM OR SANDSTORM:
                                                       VSBY 1/2 MILE OR LESS
                                                   8 = SMOKE OR HAZE
[NO. OF DAYS WITH]      [WEATHER - DAYS WITH]      9 = BLOWING SNOW
                                                   X = TORNADO
MAX 32 OR BELOW:   0    0.01 INCH OR MORE:   7
MAX 90 OR ABOVE:  23    0.10 INCH OR MORE:   3
MIN 32 OR BELOW:   0    0.50 INCH OR MORE:   1
MIN  0 OR BELOW:   0    1.00 INCH OR MORE:   0

[HDD (BASE 65) ]
TOTAL THIS MO.     0    CLEAR  (SCALE 0-3)  21
DPTR FM NORMAL     0    PTCLDY (SCALE 4-7)   5
TOTAL FM JUL 1     0    CLOUDY (SCALE 8-10)  0
DPTR FM NORMAL     0

[CDD (BASE 65) ]
TOTAL THIS MO.   474
DPTR FM NORMAL    33    [PRESSURE DATA]
TOTAL FM JAN 1  1281    HIGHEST SLP M ON M
DPTR FM NORMAL    95    LOWEST  SLP 29.84 ON 23

[REMARKS]
ALL SNOWFALL DATA IS FROM THE UNIVERSITY OF ARKANSAS AT MONTICELLO COOPERATIVE OBSERVER SITE
