000
CXUS56 KMFR 011000
CF6LMT
PRELIMINARY LOCAL CLIMATOLOGICAL DATA (WS FORM: F-6)

                                          STATION:   KLAMATH FALLS OR
                                          MONTH:     AUGUST
                                          YEAR:      2014
                                          LATITUDE:   42  9 N
                                          LONGITUDE: 121 44 W

  TEMPERATURE IN F:       :PCPN:    SNOW:  WIND      :SUNSHINE: SKY     :PK WND
================================================================================
1   2   3   4   5  6A  6B    7    8   9   10  11  12  13   14  15   16   17  18
                                     12Z  AVG MX 2MIN
DY MAX MIN AVG DEP HDD CDD  WTR  SNW DPTH SPD SPD DIR MIN PSBL S-S WX    SPD DR
================================================================================

 1  94  56  75   8   0  10 0.00    M    M  5.8 21 330   M    M   1 8      25 320
 2  91  55  73   6   0   8 0.00    M    M  4.7 18 300   M    M   1 8      23 300
 3  89  51  70   3   0   5 0.00    M    M  3.7 14 310   M    M   0 8      18 310
 4  86  57  72   5   0   7 0.10    M    M  5.5 22  90   M    M   2 38     27  90
 5  84  59  72   5   0   7 0.63    M    M  5.6 26 230   M    M   4 38     34 240
 6  85  51  68   1   0   3 0.00    M    M  2.9 15 330   M    M   0 8      19 330
 7  88  51  70   3   0   5 0.00    M    M  4.9 22 330   M    M   0 8      25 320
 8  86  51  69   3   0   4 0.00    M    M  5.3 20 320   M    M   0        23 320
 9  87  50  69   3   0   4 0.00    M    M  3.8 14 330   M    M   0        17 320
10  89  54  72   6   0   7    T    M    M  4.4 32 180   M    M   1 3      40 180
11  89  55  72   6   0   7    T    M    M  4.8 32 150   M    M   1 3      43 140
12  79  50  65  -1   0   0    T    M    M  6.4 26  70   M    M   1 3      30  70
13  75  48  62  -4   3   0 0.17    M    M  5.8 24 200   M    M   2 3      31 200
14  75  47  61  -5   4   0 0.00    M    M  3.7 17 340   M    M   7        20 340
15  83  47  65   0   0   0 0.00    M    M  4.6 16 250   M    M   1        19 260
16  87  48  68   3   0   3 0.00    M    M  4.1 18 330   M    M   0 8      22 320
17  87  50  69   4   0   4 0.00    M    M  6.0 18 340   M    M   0 8      23 330
18  88  52  70   5   0   5 0.00    M    M  5.6 18 270   M    M   0        22 280
19  87  51  69   5   0   4 0.02    M    M  7.0 26 320   M    M   1        32 330
20  81  47  64   0   1   0 0.00    M    M  7.0 22 330   M    M   0        29 340
21  82  42  62  -2   3   0    T    M    M  4.9 20 260   M    M   0 1      26 330
22  77  40  59  -5   6   0 0.00    M    M  8.1 20 330   M    M   0        24 330
23  79  42  61  -3   4   0 0.00    M    M  5.8 15 330   M    M   0        18 330
24  81  44  63   0   2   0 0.00    M    M  6.8 22 310   M    M   1        26 300
25  80  47  64   1   1   0 0.00    M    M  6.3 16 340   M    M   1        22 320
26  86  45  66   3   0   1 0.00    M    M  3.4 12 310   M    M   0 8      14 140
27  90  47  69   6   0   4 0.00    M    M  4.8 18 330   M    M   0 8      21 330
28  87  49  68   6   0   3 0.00    M    M  5.8 20 280   M    M   4 8      24 260
29  85  49  67   5   0   2 0.00    M    M  5.8 21 320   M    M   4 8      26 290
30  73  43  58  -4   7   0 0.00    M    M  7.0 23 290   M    M   1        26 300
31  77  38  58  -4   7   0 0.00    M    M  4.6 20 320   M    M   0 1      23 330
================================================================================
SM 2607 1516        38  93  0.92    M    164.9          M       33
================================================================================
AV 84.1 48.9                               5.3 FASTST   M    M   1    MAX(MPH)
                                 MISC ---->  # 32 180               # 43  140
================================================================================
NOTES:
# LAST OF SEVERAL OCCURRENCES

COLUMN 17 PEAK WIND IN M.P.H.

PRELIMINARY LOCAL CLIMATOLOGICAL DATA (WS FORM: F-6) , PAGE 2

                                          STATION:  KLAMATH FALLS OR
                                          MONTH:    AUGUST
                                          YEAR:     2014
                                          LATITUDE:   42  9 N
                                          LONGITUDE: 121 44 W

[TEMPERATURE DATA]      [PRECIPITATION DATA]       SYMBOLS USED IN COLUMN 16

AVERAGE MONTHLY: 66.5   TOTAL FOR MONTH:   0.92    1 = FOG OR MIST
DPTR FM NORMAL:   1.6   DPTR FM NORMAL:    0.49    2 = FOG REDUCING VISIBILITY
HIGHEST:    94 ON  1    GRTST 24HR  0.69 ON  4- 5      TO 1/4 MILE OR LESS
LOWEST:     38 ON 31                               3 = THUNDER
                        SNOW, ICE PELLETS, HAIL    4 = ICE PELLETS
                        TOTAL MONTH:    M          5 = HAIL
                        GRTST 24HR    M  ON   M    6 = FREEZING RAIN OR DRIZZLE
                        GRTST DEPTH:  M  ON   M    7 = DUSTSTORM OR SANDSTORM:
                                                       VSBY 1/2 MILE OR LESS
                                                   8 = SMOKE OR HAZE
[NO. OF DAYS WITH]      [WEATHER - DAYS WITH]      9 = BLOWING SNOW
                                                   X = TORNADO
MAX 32 OR BELOW:   0    0.01 INCH OR MORE:   4
MAX 90 OR ABOVE:   3    0.10 INCH OR MORE:   3
MIN 32 OR BELOW:   0    0.50 INCH OR MORE:   1
MIN  0 OR BELOW:   0    1.00 INCH OR MORE:   0

[HDD (BASE 65) ]
TOTAL THIS MO.    38    CLEAR  (SCALE 0-3)  27
DPTR FM NORMAL   -31    PTCLDY (SCALE 4-7)   4
TOTAL FM JUL 1    48    CLOUDY (SCALE 8-10)  0
DPTR FM NORMAL   -71

[CDD (BASE 65) ]
TOTAL THIS MO.    93
DPTR FM NORMAL    28    [PRESSURE DATA]
TOTAL FM JAN 1   321    HIGHEST SLP M ON M
DPTR FM NORMAL   162    LOWEST  SLP  0.00 ON 19

[REMARKS]
#FINAL-08-14#
