000
CXUS53 KMKX 300653
CF6LNR
PRELIMINARY LOCAL CLIMATOLOGICAL DATA (WS FORM: F-6)

                                          STATION:   LONE ROCK WI
                                          MONTH:     JUNE
                                          YEAR:      2014
                                          LATITUDE:   43 12 N
                                          LONGITUDE:  90 11 W

  TEMPERATURE IN F:       :PCPN:    SNOW:  WIND      :SUNSHINE: SKY     :PK WND
================================================================================
1   2   3   4   5  6A  6B    7    8   9   10  11  12  13   14  15   16   17  18
                                     12Z  AVG MX 2MIN
DY MAX MIN AVG DEP HDD CDD  WTR  SNW DPTH SPD SPD DIR MIN PSBL S-S WX    SPD DR
================================================================================

 1  88  68  78  14   0  13 0.50    M    M  9.5 25 350   M    M   6 138    34 350
 2  81  67  74  10   0   9 0.46  0.0    0  9.8 21 250   M    M   6 13     28 270
 3  77  61  69   5   0   4 0.00  0.0    0  9.3 20 280   M    M   1        25 290
 4  72  56  64   0   1   0 0.03  0.0    0  4.6 13  80   M    M   7        19  40
 5  79  53  66   1   0   1 0.00    M    M  4.2 13 130   M    M   4 12     16 150
 6  82  55  69   4   0   4 0.00    M    M  3.9 13 270   M    M   3        17 200
 7   M   M   M   M   M   M 0.08    M    M  5.0 18 340   M    M   3 3      30 320
 8   M   M   M   M   M   M 0.00    M    M  8.0 14 350   M    M   5        16  70
 9   M   M   M   M   M   M 0.00  0.0    0  5.5  9 360   M    M   2         M  M
10  71  71  71   5   0   6    T  0.0    0  6.8 10  80   M    M   4         M  M
11  82   0  41 -26  24   0 0.00  0.0    0  6.0 14 360   M    M   5        18  99
12  80  58  69   2   0   4 0.00  0.0    0 11.0 23 300   M    M   2 18     29 310
13  79  54  67   0   0   2 0.00  0.0    0  7.1 22 330   M    M   0        26 300
14  83  55  69   2   0   4 0.00  0.0    0  8.9 20 140   M    M   0        25 130
15  88  63  76   8   0  11    T  0.0    0 10.6 26 150   M    M   4        35 150
16  93  58  76   8   0  11 0.64    M    M  6.0 36 350   M    M   1 13     46 350
17  89  69  79  11   0  14 0.27    M    M  6.0 21 190   M    M   4 3      29 200
18  82  69  76   8   0  11 0.64    M    M  8.1 26 320   M    M   6 3      41 330
19  79  68  74   5   0   9 0.96    M    M  8.8 20 100   M    M   8 138    27  70
20  89  70  80  11   0  15 0.01  0.0    0  4.0 13 280   M    M   6 18     17 280
21  84  68  76   7   0  11 0.01  0.0    0  4.4 14 280   M    M   3 138    17 270
22  87  65  76   6   0  11    T  0.0    0  3.7 21 270   M    M   4 1238   27 280
23  86  68  77   7   0  12 0.00  0.0    0  3.1 13 300   M    M   4 128    15 300
24  87  67  77   7   0  12 0.00  0.0    0  5.0 14 290   M    M   2 18     18 290
25  84  66  75   5   0  10    T  0.0    0  4.3 21  20   M    M   5 38     28  20
26  84  67  76   6   0  11 0.00  0.0    0  7.6 13 100   M    M   7 8      16  80
27  90  69  80  10   0  15    T    M    M  8.7 20 160   M    M   3        26 160
28  89  71  80   9   0  15 0.37    M    M  9.5 23 240   M    M   5 13     33 220
29  86  69  78   7   0  13 0.88    M    M  6.9 29 250   M    M   5 13     40 250
================================================================================
SM 2171 1605        25 228  4.85     0.0 196.3          M      115
================================================================================
AV 83.5 61.7                               6.8 FASTST   M    M   4    MAX(MPH)
                                 MISC ---->  # 36 350               # 46  350
================================================================================
NOTES:
# LAST OF SEVERAL OCCURRENCES

COLUMN 17 PEAK WIND IN M.P.H.

PRELIMINARY LOCAL CLIMATOLOGICAL DATA (WS FORM: F-6) , PAGE 2

                                          STATION:  LONE ROCK WI
                                          MONTH:    JUNE
                                          YEAR:     2014
                                          LATITUDE:   43 12 N
                                          LONGITUDE:  90 11 W

[TEMPERATURE DATA]      [PRECIPITATION DATA]       SYMBOLS USED IN COLUMN 16

AVERAGE MONTHLY: 72.6   TOTAL FOR MONTH:   4.85    1 = FOG OR MIST
DPTR FM NORMAL:   5.1   DPTR FM NORMAL:    0.31    2 = FOG REDUCING VISIBILITY
HIGHEST:    93 ON 16    GRTST 24HR  1.16 ON 18-19      TO 1/4 MILE OR LESS
LOWEST:      0 ON 11                               3 = THUNDER
                        SNOW, ICE PELLETS, HAIL    4 = ICE PELLETS
                        TOTAL MONTH:   0.0 INCH    5 = HAIL
                        GRTST 24HR     0.0         6 = FREEZING RAIN OR DRIZZLE
                        GRTST DEPTH:   0           7 = DUSTSTORM OR SANDSTORM:
                                                       VSBY 1/2 MILE OR LESS
                                                   8 = SMOKE OR HAZE
[NO. OF DAYS WITH]      [WEATHER - DAYS WITH]      9 = BLOWING SNOW
                                                   X = TORNADO
MAX 32 OR BELOW:   0    0.01 INCH OR MORE:  12
MAX 90 OR ABOVE:   2    0.10 INCH OR MORE:   8
MIN 32 OR BELOW:   1    0.50 INCH OR MORE:   5
MIN  0 OR BELOW:   1    1.00 INCH OR MORE:   0

[HDD (BASE 65) ]
TOTAL THIS MO.    25    CLEAR  (SCALE 0-3)  10
DPTR FM NORMAL   -22    PTCLDY (SCALE 4-7)  19
TOTAL FM JUL 1  8277    CLOUDY (SCALE 8-10)  0
DPTR FM NORMAL   978

[CDD (BASE 65) ]
TOTAL THIS MO.   228
DPTR FM NORMAL   111    [PRESSURE DATA]
TOTAL FM JAN 1   279    HIGHEST SLP M ON M
DPTR FM NORMAL   128    LOWEST  SLP 29.62 ON 15

[REMARKS]
