000
CXUS53 KLMK 290800
CF6LOU
PRELIMINARY LOCAL CLIMATOLOGICAL DATA (WS FORM: F-6)

                                          STATION:   LOUISVILLE BOWMAN KY
                                          MONTH:     JUNE
                                          YEAR:      2017
                                          LATITUDE:   38 13 N
                                          LONGITUDE:  85 40 W

  TEMPERATURE IN F:       :PCPN:    SNOW:  WIND      :SUNSHINE: SKY     :PK WND
================================================================================
1   2   3   4   5  6A  6B    7    8   9   10  11  12  13   14  15   16   17  18
                                     12Z  AVG MX 2MIN
DY MAX MIN AVG DEP HDD CDD  WTR  SNW DPTH SPD SPD DIR MIN PSBL S-S WX    SPD DR
================================================================================

 1  84  58  71   0   0   6 0.00    M    M  3.1 14 290   M    M   1        18 310
 2  87  55  71  -1   0   6 0.00    M    M  1.8 10 320   M    M   1        13  50
 3  89  57  73   1   0   8 0.00    M    M  3.0 10  90   M    M   0        17 130
 4  88  62  75   3   0  10 0.00    M    M  3.3 13 190   M    M   1        17 200
 5  85  65  75   3   0  10 0.54    M    M  4.0 15 160   M    M   6 13     23 150
 6  80  64  72  -1   0   7 0.00    M    M  5.8 16  20   M    M   1        23  20
 7  72  59  66  -7   0   1 0.00    M    M  6.5 14  40   M    M   5        19  30
 8  77  54  66  -7   0   1 0.00    M    M  3.4 10 330   M    M   4        14 310
 9  83  54  69  -5   0   4 0.00    M    M  4.4 14 260   M    M   0 8      18 260
10  85  61  73  -1   0   8 0.00    M    M  5.8 16 200   M    M   0        21 200
11  89  66  78   4   0  13 0.00    M    M  6.1 16 220   M    M   1        23 190
12  91  72  82   8   0  17 0.12    M    M  4.7 24 270   M    M   3 3      30 280
13  92  73  83   8   0  18    T    M    M  5.0 24 350   M    M   2 3      37 360
14  93  71  82   7   0  17 0.00    M    M  4.9 16 120   M    M   1        21 140
15  84  70  77   2   0  12 0.49    M    M  6.8 24 300   M    M   2 13     35 310
16  88  70  79   3   0  14 0.00    M    M  2.9 10 150   M    M   2 18     15 140
17  90  71  81   5   0  16 0.00    M    M  6.9 16 210   M    M   1        22 200
18  87  73  80   4   0  15 0.27    M    M  9.0 18 240   M    M   5 13     23 180
19  86  68  77   1   0  12    T    M    M  6.8 22 270   M    M   3 1      27 280
20  88  66  77   1   0  12 0.00    M    M  5.2 16 270   M    M   2        21 280
21  92  68  80   3   0  15 0.00    M    M  7.2 16 230   M    M   1        24 200
22  81  72  77   0   0  12 0.48    M    M  6.2 18 190   M    M   6 1      27 180
23  84  71  78   1   0  13 1.04    M    M  7.1 17 190   M    M   9 1      27 210
24  82  64  73  -4   0   8 0.00    M    M  7.1 17 290   M    M   2 12     23 310
25  83  57  70  -7   0   5 0.00    M    M  6.7 22 250   M    M   1        29 290
26  80  56  68  -9   0   3 0.00    M    M  5.2 16 300   M    M   1        22 300
27  79  57  68  -9   0   3 0.08    M    M  3.3 16 280   M    M   2 123    21 280
28  84  57  71  -7   0   6 0.00    M    M  4.6 15 170   M    M   0        21 170
================================================================================
SM 2383 1791         0 272  3.02    M    146.8          M       63
================================================================================
AV 85.1 64.0                               5.2 FASTST   M    M   2    MAX(MPH)
                                 MISC ---->  # 24 270               # 37  360
================================================================================
NOTES:
# LAST OF SEVERAL OCCURRENCES

COLUMN 17 PEAK WIND IN M.P.H.

PRELIMINARY LOCAL CLIMATOLOGICAL DATA (WS FORM: F-6) , PAGE 2

                                          STATION:  LOUISVILLE BOWMAN KY
                                          MONTH:    JUNE
                                          YEAR:     2017
                                          LATITUDE:   38 13 N
                                          LONGITUDE:  85 40 W

[TEMPERATURE DATA]      [PRECIPITATION DATA]       SYMBOLS USED IN COLUMN 16

AVERAGE MONTHLY: 74.5   TOTAL FOR MONTH:   3.02    1 = FOG OR MIST
DPTR FM NORMAL:  -0.3   DPTR FM NORMAL:   -0.88    2 = FOG REDUCING VISIBILITY
HIGHEST:    93 ON 14    GRTST 24HR  1.04 ON 23-23      TO 1/4 MILE OR LESS
LOWEST:     54 ON  9, 8                            3 = THUNDER
                        SNOW, ICE PELLETS, HAIL    4 = ICE PELLETS
                        TOTAL MONTH:    M          5 = HAIL
                        GRTST 24HR    M  ON   M    6 = FREEZING RAIN OR DRIZZLE
                        GRTST DEPTH:  M  ON   M    7 = DUSTSTORM OR SANDSTORM:
                                                       VSBY 1/2 MILE OR LESS
                                                   8 = SMOKE OR HAZE
[NO. OF DAYS WITH]      [WEATHER - DAYS WITH]      9 = BLOWING SNOW
                                                   X = TORNADO
MAX 32 OR BELOW:   0    0.01 INCH OR MORE:   7
MAX 90 OR ABOVE:   5    0.10 INCH OR MORE:   6
MIN 32 OR BELOW:   0    0.50 INCH OR MORE:   2
MIN  0 OR BELOW:   0    1.00 INCH OR MORE:   1

[HDD (BASE 65) ]
TOTAL THIS MO.     0    CLEAR  (SCALE 0-3)  22
DPTR FM NORMAL    -2    PTCLDY (SCALE 4-7)   5
TOTAL FM JUL 1  3225    CLOUDY (SCALE 8-10)  1
DPTR FM NORMAL -1042

[CDD (BASE 65) ]
TOTAL THIS MO.   272
DPTR FM NORMAL    -8    [PRESSURE DATA]
TOTAL FM JAN 1   525    HIGHEST SLP M ON M
DPTR FM NORMAL    98    LOWEST  SLP 29.60 ON 23

[REMARKS]
