000
CXUS53 KARX 270930
CF6LSE
PRELIMINARY LOCAL CLIMATOLOGICAL DATA (WS FORM: F-6)

                                          STATION:   LA CROSSE WI
                                          MONTH:     FEBRUARY
                                          YEAR:      2017
                                          LATITUDE:   43 52 N
                                          LONGITUDE:  91 15 W

  TEMPERATURE IN F:       :PCPN:    SNOW:  WIND      :SUNSHINE: SKY     :PK WND
================================================================================
1   2   3   4   5  6A  6B    7    8   9   10  11  12  13   14  15   16   17  18
                                     12Z  AVG MX 2MIN
DY MAX MIN AVG DEP HDD CDD  WTR  SNW DPTH SPD SPD DIR MIN PSBL S-S WX    SPD DR
================================================================================

 1  34  12  23   4  42   0 0.03  0.5    3 11.9 22 310   M    M   4 1      25 300
 2  19  10  15  -4  50   0 0.00  0.0    3 10.8 20 280   M    M   0        25 300
 3  23   9  16  -3  49   0 0.00  0.0    3  7.4 17 290   M    M   0        21 290
 4  34  10  22   3  43   0    T    T    3 11.0 21 180   M    M   5        26 170
 5  34  19  27   8  38   0    T    T    3  7.9 21 330   M    M   4        25 330
 6  43  17  30  10  35   0 0.00  0.0    3  5.3 13 120   M    M   3        16 110
 7  39  23  31  11  34   0    T  0.0    3 11.2 25 310   M    M  10 18     31 310
 8  23  13  18  -2  47   0 0.00  0.0    2 13.0 20 330   M    M   4        24 320
 9  22   7  15  -5  50   0 0.00  0.0    2  8.4 18 170   M    M   1        24 170
10  43  21  32  11  33   0 0.00  0.0    2 10.3 21 180   M    M   2        26 180
11  47  35  41  20  24   0    T  0.0    2  2.5 14 140   M    M   6        14 140
12  42  27  35  14  30   0    T  0.0    2 13.6 28 300   M    M   3        37 290
13  49  25  37  15  28   0 0.00  0.0    2 10.9 25 210   M    M   0        32 240
14  46  28  37  15  28   0 0.00  0.0    1 12.3 24 300   M    M   1        33 310
15  37  22  30   8  35   0 0.00  0.0    T  8.3 16 310   M    M   3        20 340
16  43  25  34  11  31   0 0.00  0.0    T  7.0 17 150   M    M   0        21 160
17  60  27  44  21  21   0 0.00  0.0    T  8.4 17 170   M    M   0        21 170
18  61  31  46  22  19   0 0.00  0.0    0  3.5  9 260   M    M   0        12 260
19  65  28  47  23  18   0 0.00  0.0    0  5.9 14 150   M    M   0        17 150
20  58  45  52  28  13   0 0.55  0.0    0 10.1 22 220   M    M   5 18     31 220
21  62  37  50  25  15   0 0.00  0.0    0  8.3 17 180   M    M   5 1      22 280
22  63  41  52  27  13   0    T  0.0    0  7.1 17 180   M    M   1        21 180
23  49  35  42  17  23   0 0.08    T    0 11.2 21  40   M    M   9 1      30  40
24  35  21  28   2  37   0 0.49  3.4    1 14.9 25 340   M    M  10 138    31 340
25  29  16  23  -3  42   0    T    T    3 14.8 26 320   M    M   4        34 310
26  41  25  33   6  32   0 0.00  0.0    3  9.4 20 230   M    M   3        23 220
================================================================================
SM 1101  609       830   0  1.15     3.9 245.4          M       83
================================================================================
AV 42.4 23.4                               9.4 FASTST   M    M   3    MAX(MPH)
                                 MISC ---->  # 28 300               # 37  290
================================================================================
NOTES:
# LAST OF SEVERAL OCCURRENCES

COLUMN 17 PEAK WIND IN M.P.H.

PRELIMINARY LOCAL CLIMATOLOGICAL DATA (WS FORM: F-6) , PAGE 2

                                          STATION:  LA CROSSE WI
                                          MONTH:    FEBRUARY
                                          YEAR:     2017
                                          LATITUDE:   43 52 N
                                          LONGITUDE:  91 15 W

[TEMPERATURE DATA]      [PRECIPITATION DATA]       SYMBOLS USED IN COLUMN 16

AVERAGE MONTHLY: 32.9   TOTAL FOR MONTH:   1.15    1 = FOG OR MIST
DPTR FM NORMAL:  10.7   DPTR FM NORMAL:    0.20    2 = FOG REDUCING VISIBILITY
HIGHEST:    65 ON 19    GRTST 24HR  0.55 ON 20-20      TO 1/4 MILE OR LESS
LOWEST:      7 ON  9                               3 = THUNDER
                        SNOW, ICE PELLETS, HAIL    4 = ICE PELLETS
                        TOTAL MONTH:   3.9 INCHES  5 = HAIL
                        GRTST 24HR   3.4 ON   M    6 = FREEZING RAIN OR DRIZZLE
                        GRTST DEPTH:   3 ON 26,25  7 = DUSTSTORM OR SANDSTORM:
                                                       VSBY 1/2 MILE OR LESS
                                                   8 = SMOKE OR HAZE
[NO. OF DAYS WITH]      [WEATHER - DAYS WITH]      9 = BLOWING SNOW
                                                   X = TORNADO
MAX 32 OR BELOW:   5    0.01 INCH OR MORE:   4
MAX 90 OR ABOVE:   0    0.10 INCH OR MORE:   2
MIN 32 OR BELOW:  21    0.50 INCH OR MORE:   1
MIN  0 OR BELOW:   0    1.00 INCH OR MORE:   0

[HDD (BASE 65) ]
TOTAL THIS MO.   830    CLEAR  (SCALE 0-3)  13
DPTR FM NORMAL  -285    PTCLDY (SCALE 4-7)  10
TOTAL FM JUL 1  4227    CLOUDY (SCALE 8-10)  3
DPTR FM NORMAL -1207

[CDD (BASE 65) ]
TOTAL THIS MO.     0
DPTR FM NORMAL     0    [PRESSURE DATA]
TOTAL FM JAN 1     0    HIGHEST SLP M ON M
DPTR FM NORMAL     0    LOWEST  SLP 29.47 ON  7

[REMARKS]
