000
CXUS53 KARX 250900
CF6LSE
PRELIMINARY LOCAL CLIMATOLOGICAL DATA (WS FORM: F-6)
STATION: LA CROSSE WI
MONTH: APRIL
YEAR: 2024
LATITUDE: 43 52 N
LONGITUDE: 91 15 W
TEMPERATURE IN F: :PCPN: SNOW: WIND :SUNSHINE: SKY :PK WND
================================================================================
1 2 3 4 5 6A 6B 7 8 9 10 11 12 13 14 15 16 17 18
12Z AVG MX 2MIN
DY MAX MIN AVG DEP HDD CDD WTR SNW DPTH SPD SPD DIR MIN PSBL S-S WX SPD DR
================================================================================
1 43 34 39 -4 26 0 0.31 T 0 7.4 18 70 M M 8 14 30 80
2 36 33 35 -8 30 0 0.56 1.1 0 14.1 25 340 M M 10 1 33 340
3 38 33 36 -8 29 0 0.10 T T 20.7 33 350 M M 10 12 45 340
4 45 30 38 -6 27 0 T T T 12.3 23 350 M M 9 30 360
5 57 27 42 -3 23 0 0.00 0.0 0 4.3 12 60 M M 1 17 80
6 58 30 44 -1 21 0 0.00 0.0 0 8.5 18 100 M M 0 26 80
7 47 41 44 -1 21 0 0.41 0.0 0 10.6 21 110 M M 7 13 31 120
8 55 45 50 4 15 0 0.01 0.0 0 9.0 24 220 M M 9 1 30 220
9 64 43 54 8 11 0 0.00 0.0 0 8.0 18 270 M M 6 24 280
10 72 42 57 10 8 0 T 0.0 0 5.6 18 210 M M 4 27 220
11 65 41 53 6 12 0 0.05 0.0 0 11.2 25 350 M M 4 33 300
12 64 40 52 4 13 0 0.00 0.0 0 13.9 23 300 M M 3 32 300
13 76 37 57 9 8 0 0.00 0.0 0 13.0 23 170 M M 0 33 170
14 79 50 65 17 0 0 0.00 0.0 0 7.8 21 320 M M 0 28 220
15 75 41 58 9 7 0 0.00 0.0 0 5.8 14 100 M M 0 21 100
16 66 49 58 9 7 0 0.60 0.0 0 12.8 31 220 M M 6 13 46 80
17 61 45 53 3 12 0 0.15 0.0 0 12.3 26 290 M M 9 13 39 300
18 55 41 48 -2 17 0 0.17 0.0 0 8.9 23 310 M M 6 1 28 300
19 50 35 43 -7 22 0 T 0.0 0 17.2 33 260 M M 4 46 270
20 43 32 38 -13 27 0 T T 0 10.7 21 300 M M 7 27 290
21 62 29 46 -5 19 0 0.00 0.0 0 7.0 18 320 M M 0 24 330
22 69 35 52 0 13 0 T 0.0 0 15.4 29 180 M M 2 40 210
23 66 39 53 1 12 0 T 0.0 0 13.0 28 350 M M 3 39 350
24 59 30 45 -8 20 0 0.00 0.0 0 4.9 10 280 M M 0 15 280
================================================================================
SM 1405 902 400 0 2.36 1.1 254.4 M 108
================================================================================
AV 58.5 37.6 10.6 FASTST M M 5 MAX(MPH)
MISC ----> # 33 350 # 46 80
================================================================================
NOTES:
# LAST OF SEVERAL OCCURRENCES
COLUMN 17 PEAK WIND IN M.P.H.
PRELIMINARY LOCAL CLIMATOLOGICAL DATA (WS FORM: F-6) , PAGE 2
STATION: LA CROSSE WI
MONTH: APRIL
YEAR: 2024
LATITUDE: 43 52 N
LONGITUDE: 91 15 W
[TEMPERATURE DATA] [PRECIPITATION DATA] SYMBOLS USED IN COLUMN 16
AVERAGE MONTHLY: 48.1 TOTAL FOR MONTH: 2.36 1 = FOG OR MIST
DPTR FM NORMAL: 0.3 DPTR FM NORMAL: -0.61 2 = FOG REDUCING VISIBILITY
HIGHEST: 79 ON 14 GRTST 24HR 0.75 ON 16-17 TO 1/4 MILE OR LESS
LOWEST: 27 ON 5 3 = THUNDER
SNOW, ICE PELLETS, HAIL 4 = ICE PELLETS
TOTAL MONTH: 1.1 INCHES 5 = HAIL
GRTST 24HR 1.1 ON 2- 2 6 = FREEZING RAIN OR DRIZZLE
GRTST DEPTH: T 7 = DUSTSTORM OR SANDSTORM:
VSBY 1/2 MILE OR LESS
8 = SMOKE OR HAZE
[NO. OF DAYS WITH] [WEATHER - DAYS WITH] 9 = BLOWING SNOW
X = TORNADO
MAX 32 OR BELOW: 0 0.01 INCH OR MORE: 9
MAX 90 OR ABOVE: 0 0.10 INCH OR MORE: 7
MIN 32 OR BELOW: 6 0.50 INCH OR MORE: 2
MIN 0 OR BELOW: 0 1.00 INCH OR MORE: 0
[HDD (BASE 65) ]
TOTAL THIS MO. 400 CLEAR (SCALE 0-3) 10
DPTR FM NORMAL -18 PTCLDY (SCALE 4-7) 9
TOTAL FM JUL 1 5394 CLOUDY (SCALE 8-10) 5
DPTR FM NORMAL -1119
[CDD (BASE 65) ]
TOTAL THIS MO. 0
DPTR FM NORMAL 0 [PRESSURE DATA]
TOTAL FM JAN 1 0 HIGHEST SLP M ON M
DPTR FM NORMAL -1 LOWEST SLP 29.35 ON 17
[REMARKS]