000
CXUS53 KARX 260930
CF6LSE
PRELIMINARY LOCAL CLIMATOLOGICAL DATA (WS FORM: F-6)

                                          STATION:   LA CROSSE WI
                                          MONTH:     MARCH
                                          YEAR:      2017
                                          LATITUDE:   43 52 N
                                          LONGITUDE:  91 15 W

  TEMPERATURE IN F:       :PCPN:    SNOW:  WIND      :SUNSHINE: SKY     :PK WND
================================================================================
1   2   3   4   5  6A  6B    7    8   9   10  11  12  13   14  15   16   17  18
                                     12Z  AVG MX 2MIN
DY MAX MIN AVG DEP HDD CDD  WTR  SNW DPTH SPD SPD DIR MIN PSBL S-S WX    SPD DR
================================================================================

 1  40  25  33   5  32   0 0.21  3.5    T 13.0 23 330   M    M   9 12     30 310
 2  31  18  25  -3  40   0    T    T    3 11.7 18 300   M    M   2        22 300
 3  30   7  19 -10  46   0 0.02  0.5    2  4.6 14 150   M    M   3 1      18 140
 4  44  26  35   6  30   0 0.00  0.0    2 11.9 21 130   M    M   2        26 120
 5  57  34  46  16  19   0 0.00  0.0    T  8.2 18 140   M    M   7        23 140
 6  66  51  59  29   6   0 0.36  0.0    0 14.9 38 240   M    M  10 13     53 240
 7  55  36  46  16  19   0    T  0.0    0 21.4 37 250   M    M   4        50 240
 8  42  32  37   6  28   0 0.00  0.0    0 23.0 41 290   M    M   1        53 280
 9  39  25  32   1  33   0 0.00  0.0    0 11.0 22 320   M    M   7        29 320
10  25  13  19 -13  46   0 0.00  0.0    0 14.2 24 330   M    M   0        30 330
11  26  13  20 -12  45   0 0.00  0.0    0  9.5 15  10   M    M   3        19 340
12  31  12  22 -11  43   0 0.29  3.5    0  5.1 16  80   M    M   4 1      22  80
13  28  17  23 -10  42   0 0.03  0.5    4  8.3 15  30   M    M  10 8      19  30
14  30   7  19 -15  46   0 0.00  0.0    4  7.2 16 340   M    M   2        20 350
15  35  11  23 -11  42   0 0.00  0.0    3  3.6 12 280   M    M   0        14 280
16  41  15  28  -6  37   0 0.04    T    1  7.7 15 150   M    M   5        18 190
17  53  35  44   9  21   0 0.02    T    T 11.3 26 290   M    M   7        34 290
18  44  28  36   1  29   0 0.00  0.0    0 11.1 22 320   M    M   2        27 330
19  58  26  42   6  23   0 0.00  0.0    0  8.9 21 190   M    M   2        29 170
20  65  32  49  13  16   0 0.00  0.0    0  6.1 20 340   M    M   1        24 340
21  46  28  37   0  28   0 0.00  0.0    0 12.0 24 330   M    M   0        30 330
22  43  22  33  -4  32   0 0.00  0.0    0  7.7 15 150   M    M   0        19 140
23  46  35  41   3  24   0 0.21    T    0 11.0 26 150   M    M   8 3      33 150
24  44  40  42   4  23   0 0.14  0.0    0  6.3 14  30   M    M   8 138    18  20
25  42  38  40   1  25   0 0.02  0.0    0 10.4 18  80   M    M   8 18     23  60
================================================================================
SM 1061  626       775   0  1.34     8.0 260.1          M      105
================================================================================
AV 42.4 25.0                              10.4 FASTST   M    M   4    MAX(MPH)
                                 MISC ---->  # 41 290               # 53  240
================================================================================
NOTES:
# LAST OF SEVERAL OCCURRENCES

COLUMN 17 PEAK WIND IN M.P.H.

PRELIMINARY LOCAL CLIMATOLOGICAL DATA (WS FORM: F-6) , PAGE 2

                                          STATION:  LA CROSSE WI
                                          MONTH:    MARCH
                                          YEAR:     2017
                                          LATITUDE:   43 52 N
                                          LONGITUDE:  91 15 W

[TEMPERATURE DATA]      [PRECIPITATION DATA]       SYMBOLS USED IN COLUMN 16

AVERAGE MONTHLY: 33.7   TOTAL FOR MONTH:   1.34    1 = FOG OR MIST
DPTR FM NORMAL:   0.6   DPTR FM NORMAL:   -0.22    2 = FOG REDUCING VISIBILITY
HIGHEST:    66 ON  6    GRTST 24HR  0.36 ON  6- 6      TO 1/4 MILE OR LESS
LOWEST:      7 ON 14, 3                            3 = THUNDER
                        SNOW, ICE PELLETS, HAIL    4 = ICE PELLETS
                        TOTAL MONTH:   8.0 INCHES  5 = HAIL
                        GRTST 24HR   3.5 ON 12-12  6 = FREEZING RAIN OR DRIZZLE
                        GRTST DEPTH:   4 ON 14,13  7 = DUSTSTORM OR SANDSTORM:
                                                       VSBY 1/2 MILE OR LESS
                                                   8 = SMOKE OR HAZE
[NO. OF DAYS WITH]      [WEATHER - DAYS WITH]      9 = BLOWING SNOW
                                                   X = TORNADO
MAX 32 OR BELOW:   7    0.01 INCH OR MORE:  10
MAX 90 OR ABOVE:   0    0.10 INCH OR MORE:   5
MIN 32 OR BELOW:  18    0.50 INCH OR MORE:   0
MIN  0 OR BELOW:   0    1.00 INCH OR MORE:   0

[HDD (BASE 65) ]
TOTAL THIS MO.   775    CLEAR  (SCALE 0-3)  11
DPTR FM NORMAL   -21    PTCLDY (SCALE 4-7)  11
TOTAL FM JUL 1  5055    CLOUDY (SCALE 8-10)  3
DPTR FM NORMAL -1250

[CDD (BASE 65) ]
TOTAL THIS MO.     0
DPTR FM NORMAL     0    [PRESSURE DATA]
TOTAL FM JAN 1     0    HIGHEST SLP M ON M
DPTR FM NORMAL     0    LOWEST  SLP 29.22 ON  6

[REMARKS]
