000
CXUS54 KHGX 251415
CF6LVJ
PRELIMINARY LOCAL CLIMATOLOGICAL DATA (WS FORM: F-6)

                                          STATION:   HOUSTON/CLOVER_FIELD
                                          MONTH:     MAY
                                          YEAR:      2016
                                          LATITUDE:   29 31 N
                                          LONGITUDE:  95 14 W

  TEMPERATURE IN F:       :PCPN:    SNOW:  WIND      :SUNSHINE: SKY     :PK WND
================================================================================
1   2   3   4   5  6A  6B    7    8   9   10  11  12  13   14  15   16   17  18
                                     12Z  AVG MX 2MIN
DY MAX MIN AVG DEP HDD CDD  WTR  SNW DPTH SPD SPD DIR MIN PSBL S-S WX    SPD DR
================================================================================

 1  82  76  79   6   0  14    T  0.0    0  7.6 16 110   M    M  10 1      22  90
 2  78  65  72  -1   0   7 0.29  0.0    0 10.0 21 360   M    M   8 13     29  10
 3  80  62  71  -2   0   6 0.00  0.0    0  8.1 15  10   M    M   4        19 350
 4  85  57  71  -2   0   6 0.00  0.0    0  4.4 15 310   M    M   0        22 310
 5  89  61  75   1   0  10 0.00  0.0    0  4.2 17 340   M    M   0        23 350
 6  85  58  72  -2   0   7 0.00  0.0    0  3.2 14 120   M    M   0        18  90
 7  83  60  72  -2   0   7 0.00  0.0    0  5.8 16 170   M    M   0        24 130
 8  80  67  74   0   0   9 0.00  0.0    0  8.7 20 160   M    M   2        27 140
 9  84  73  79   5   0  14 0.01  0.0    0 14.6 31 150   M    M   5        42 140
10  87  76  82   7   0  17 0.00  0.0    0 10.4 18 150   M    M   9 1      25 150
11  88  74  81   6   0  16 0.04  0.0    0  7.8 22 170   M    M   5 13     29 170
12  89  75  82   7   0  17    T  0.0    0  3.8 14 140   M    M   5 13     18 140
13  90  72  81   6   0  16 0.52  0.0    0  3.9 15 250   M    M   2 13     20 260
14  89  70  80   4   0  15 0.09  0.0    0  4.9 14 300   M    M   5 123    19 300
15  83  71  77   1   0  12 0.15  0.0    0  6.0 14 100   M    M   5 1      17  80
16  78  67  73  -3   0   8 0.44  0.0    0  7.6 18 130   M    M   6 1      23 130
17  86  69  78   2   0  13    T  0.0    0  3.6 15 340   M    M   5 138    19 340
18  87  72  80   3   0  15 0.16  0.0    0  7.2 15  40   M    M   5 1      21  10
19  74  67  71  -6   0   6 1.07  0.0    0 10.5 18  70   M    M  10 13     25  70
20  87  68  78   1   0  13 0.00  0.0    0  4.8 13  60   M    M   5 8      16 350
21  87  73  80   3   0  15 0.91  0.0    0  6.3 15  80   M    M   8 13     21  80
22  85  74  80   2   0  15 0.00  0.0    0  7.2 18 130   M    M   6 1      24  90
23  86  72  79   1   0  14 0.00  0.0    0  7.6 17 130   M    M   4        21 140
24  89  77  83   5   0  18 0.00  0.0    0 10.7 18 140   M    M   4        24 130
================================================================================
SM 2031 1656         0 290  3.68     0.0 168.9          M      113
================================================================================
AV 84.6 69.0                               7.0 FASTST   M    M   5    MAX(MPH)
                                 MISC ---->  # 31 150               # 42  140
================================================================================
NOTES:
# LAST OF SEVERAL OCCURRENCES

COLUMN 17 PEAK WIND IN M.P.H.

PRELIMINARY LOCAL CLIMATOLOGICAL DATA (WS FORM: F-6) , PAGE 2

                                          STATION:  HOUSTON/CLOVER_FIELD
                                          MONTH:    MAY
                                          YEAR:     2016
                                          LATITUDE:   29 31 N
                                          LONGITUDE:  95 14 W

[TEMPERATURE DATA]      [PRECIPITATION DATA]       SYMBOLS USED IN COLUMN 16

AVERAGE MONTHLY: 76.8   TOTAL FOR MONTH:   3.68    1 = FOG OR MIST
DPTR FM NORMAL:   1.5   DPTR FM NORMAL:   -0.14    2 = FOG REDUCING VISIBILITY
HIGHEST:    90 ON 13    GRTST 24HR  1.07 ON 19-19      TO 1/4 MILE OR LESS
LOWEST:     57 ON  4                               3 = THUNDER
                        SNOW, ICE PELLETS, HAIL    4 = ICE PELLETS
                        TOTAL MONTH:   0.0 INCH    5 = HAIL
                        GRTST 24HR     0.0         6 = FREEZING RAIN OR DRIZZLE
                        GRTST DEPTH:   0           7 = DUSTSTORM OR SANDSTORM:
                                                       VSBY 1/2 MILE OR LESS
                                                   8 = SMOKE OR HAZE
[NO. OF DAYS WITH]      [WEATHER - DAYS WITH]      9 = BLOWING SNOW
                                                   X = TORNADO
MAX 32 OR BELOW:   0    0.01 INCH OR MORE:  10
MAX 90 OR ABOVE:   1    0.10 INCH OR MORE:   7
MIN 32 OR BELOW:   0    0.50 INCH OR MORE:   3
MIN  0 OR BELOW:   0    1.00 INCH OR MORE:   1

[HDD (BASE 65) ]
TOTAL THIS MO.     0    CLEAR  (SCALE 0-3)   6
DPTR FM NORMAL     0    PTCLDY (SCALE 4-7)  15
TOTAL FM JUL 1   784    CLOUDY (SCALE 8-10)  3
DPTR FM NORMAL  -506

[CDD (BASE 65) ]
TOTAL THIS MO.   290
DPTR FM NORMAL    42    [PRESSURE DATA]
TOTAL FM JAN 1   713    HIGHEST SLP M ON M
DPTR FM NORMAL   220    LOWEST  SLP 29.74 ON  9

[REMARKS]
