000
CXUS56 KMTR 301000
CF6LVK
PRELIMINARY LOCAL CLIMATOLOGICAL DATA (WS FORM: F-6)

                                          STATION:   LIVERMORE AIRPORT
                                          MONTH:     JUNE
                                          YEAR:      2015
                                          LATITUDE:   37 42 N
                                          LONGITUDE: 121 49 W

  TEMPERATURE IN F:       :PCPN:    SNOW:  WIND      :SUNSHINE: SKY     :PK WND
================================================================================
1   2   3   4   5  6A  6B    7    8   9   10  11  12  13   14  15   16   17  18
                                     12Z  AVG MX 2MIN
DY MAX MIN AVG DEP HDD CDD  WTR  SNW DPTH SPD SPD DIR MIN PSBL S-S WX    SPD DR
================================================================================

 1  77  55  66   1   0   1 0.00  0.0    0  9.8 22 270   M    M   5        28 280
 2  77  56  67   2   0   2 0.00  0.0    0  8.4 16 290   M    M   4        29 330
 3  75  54  65   0   0   0 0.00  0.0    0  9.7 18 200   M    M   3        24 200
 4  81  55  68   3   0   3 0.00  0.0    0  7.7 18 250   M    M   1        22 250
 5  88  55  72   7   0   7 0.00  0.0    0  8.0 18 290   M    M   0        22 300
 6  86  58  72   6   0   7 0.00  0.0    0  9.1 20 290   M    M   1 1      24 300
 7  96  58  77  11   0  12 0.00  0.0    0  5.7 15 300   M    M   1        18 280
 8 106  64  85  19   0  20 0.00  0.0    0  3.8 14  40   M    M   0 8      18  40
 9  89  67  78  12   0  13 0.00  0.0    M  8.1 25 290   M    M   2 8      31 290
10  74  64  69   3   0   4 0.27  0.0    0  3.1 14 280   M    M   7 1      15 270
11  92  61  77  11   0  12 0.00  0.0    0  6.2 20 280   M    M   1 18     23 280
12 101  63  82  15   0  17 0.00  0.0    0  5.8 18 280   M    M   0 8      22 270
13  94  59  77  10   0  12 0.00  0.0    0  9.2 21 280   M    M   0        26 280
14  82  56  69   2   0   4 0.00  0.0    0 11.4 22 290   M    M   0        25 290
15  76  54  65  -2   0   0 0.00  0.0    0 11.8 21 290   M    M   2        24 290
16  90  53  72   4   0   7 0.00  0.0    0  7.8 14 280   M    M   0         M  M
17  94  54  74   6   0   9 0.00  0.0    0  6.6 17 290   M    M   0        20 280
18  88  54  71   3   0   6 0.00  0.0    0  8.7 18 270   M    M   0        21 270
19  92  53  73   5   0   8 0.00  0.0    0  8.0 17 280   M    M   0        21 290
20  94  54  74   5   0   9 0.00  0.0    0  6.8 17 280   M    M   0        21 300
21  83  56  70   1   0   5 0.00  0.0    0 10.4 23 290   M    M   1        28 270
22  83  53  68  -1   0   3 0.00  0.0    0  8.7 18 290   M    M   0        22 290
23  88  54  71   2   0   6 0.00  0.0    0  7.8 21 290   M    M   0        23 280
24  93  56  75   5   0  10 0.00  0.0    0  8.0 16 300   M    M   0        20 290
25 101  60  81  11   0  16 0.00  0.0    0  6.1 20 290   M    M   0        22 290
26  99  63  81  11   0  16 0.00  0.0    0  7.4 22 280   M    M   0        25 280
27  91  60  76   6   0  11 0.00  0.0    0  9.0 18 290   M    M   2        23 290
28  84  61  73   3   0   8 0.00  0.0    0 12.0 22 280   M    M   0        26 280
29  94  60  77   6   0  12 0.00  0.0    0  8.2 15 290   M    M   3        18 300
================================================================================
SM 2568 1670         0 240  0.27     0.0 233.3          M       33
================================================================================
AV 88.6 57.6                               8.0 FASTST   M    M   1    MAX(MPH)
                                 MISC ---->  # 25 290               # 31  290
================================================================================
NOTES:
# LAST OF SEVERAL OCCURRENCES

COLUMN 17 PEAK WIND IN M.P.H.

PRELIMINARY LOCAL CLIMATOLOGICAL DATA (WS FORM: F-6) , PAGE 2

                                          STATION:  LIVERMORE AIRPORT
                                          MONTH:    JUNE
                                          YEAR:     2015
                                          LATITUDE:   37 42 N
                                          LONGITUDE: 121 49 W

[TEMPERATURE DATA]      [PRECIPITATION DATA]       SYMBOLS USED IN COLUMN 16

AVERAGE MONTHLY: 73.1   TOTAL FOR MONTH:   0.27    1 = FOG OR MIST
DPTR FM NORMAL:   5.6   DPTR FM NORMAL:    0.23    2 = FOG REDUCING VISIBILITY
HIGHEST:   106 ON  8    GRTST 24HR  0.27 ON 10-10      TO 1/4 MILE OR LESS
LOWEST:     53 ON 22,19                            3 = THUNDER
                        SNOW, ICE PELLETS, HAIL    4 = ICE PELLETS
                        TOTAL MONTH:   0.0 INCH    5 = HAIL
                        GRTST 24HR     0.0         6 = FREEZING RAIN OR DRIZZLE
                        GRTST DEPTH:   0           7 = DUSTSTORM OR SANDSTORM:
                                                       VSBY 1/2 MILE OR LESS
                                                   8 = SMOKE OR HAZE
[NO. OF DAYS WITH]      [WEATHER - DAYS WITH]      9 = BLOWING SNOW
                                                   X = TORNADO
MAX 32 OR BELOW:   0    0.01 INCH OR MORE:   1
MAX 90 OR ABOVE:  14    0.10 INCH OR MORE:   1
MIN 32 OR BELOW:   0    0.50 INCH OR MORE:   0
MIN  0 OR BELOW:   0    1.00 INCH OR MORE:   0

[HDD (BASE 65) ]
TOTAL THIS MO.     0    CLEAR  (SCALE 0-3)  26
DPTR FM NORMAL   -31    PTCLDY (SCALE 4-7)   3
TOTAL FM JUL 1  1558    CLOUDY (SCALE 8-10)  0
DPTR FM NORMAL -1221

[CDD (BASE 65) ]
TOTAL THIS MO.   240
DPTR FM NORMAL   136    [PRESSURE DATA]
TOTAL FM JAN 1   278    HIGHEST SLP M ON M
DPTR FM NORMAL   121    LOWEST  SLP 29.73 ON M

[REMARKS]
