000
CXUS55 KBYZ 281055
CF6LVM
PRELIMINARY LOCAL CLIMATOLOGICAL DATA (WS FORM: F-6)

                                          STATION:   LIVINGSTON MT
                                          MONTH:     AUGUST
                                          YEAR:      2015
                                          LATITUDE:   45 41 N
                                          LONGITUDE: 110 26 W

  TEMPERATURE IN F:       :PCPN:    SNOW:  WIND      :SUNSHINE: SKY     :PK WND
================================================================================
1   2   3   4   5  6A  6B    7    8   9   10  11  12  13   14  15   16   17  18
                                     12Z  AVG MX 2MIN
DY MAX MIN AVG DEP HDD CDD  WTR  SNW DPTH SPD SPD DIR MIN PSBL S-S WX    SPD DR
================================================================================

 1  96  47  72   4   0   7 0.00    M    M 10.3 29 280   M    M   0        37 260
 2  93  50  72   4   0   7 0.00    M    M  9.1 16  70   M    M   0        23  80
 3  89  51  70   2   0   5 0.00    M    M  9.2 29 250   M    M   1 3      35 250
 4  82  59  71   3   0   6 0.03    M    M 11.5 29 230   M    M   3 3      36 240
 5  85  53  69   1   0   4 0.29    M    M 10.2 28 280   M    M   4 3      37 270
 6  82  53  68   0   0   3 0.00    M    M 18.1 31 220   M    M   3        39 220
 7  84  43  64  -4   1   0 0.00    M    M  8.2 22 110   M    M   0        28 110
 8  64  51  58 -10   7   0 0.38    M    M  6.6 18 120   M    M   7 1      23 110
 9  85  48  67   0   0   2 0.00    M    M 13.0 24 230   M    M   0        31 240
10  89  48  69   2   0   4 0.00    M    M  7.1 17 170   M    M   0        21  80
11  95  52  74   7   0   9 0.00    M    M  5.4 13 300   0    0   0         M  M
12  90  57  74   7   0   9 0.43    M    M  9.5 47 270   M    M   3 13     61 270
13  94  56  75   8   0  10 0.00    M    M 11.8 25 270   M    M   0        33 270
14  95  59  77  11   0  12 0.00    M    M 12.8 43 220   M    M   0        53 210
15  86  60  73   7   0   8 0.00    M    M 16.6 40 210   M    M   2 8      49 210
16  76  51  64  -2   1   0 0.00    M    M 10.5 22  80   M    M   0 8      27  80
17  69  43  56 -10   9   0    T    M    M  7.2 36 320   M    M   4 3      49 310
18  68  40  54 -12  11   0 0.01    M    M  8.5 20 320   M    M   6        24 320
19  81  38  60  -5   5   0 0.00    M    M 12.4 25 250   M    M   1 8      31 250
20  83  51  67   2   0   2 0.00    M    M  9.9 21 240   M    M   8 8      26 290
21  88  49  69   4   0   4 0.01    M    M 17.8 32 330   M    M   3 38     46 210
22  66  34  50 -14  15   0 0.03    M    M 10.2 29 330   M    M   4 1      36 320
23  84  30  57  -7   8   0 0.00    M    M  4.3 16 330   M    M   0 8      19 340
24  93  41  67   3   0   2 0.00    M    M  6.0 14 320   M    M   0 8      17 320
25  94  45  70   6   0   5 0.02    M    M  7.3 18 210   M    M   0 3      24 220
26  90  46  68   5   0   3 0.00    M    M  9.4 25 200   M    M   0        32 200
27  85  56  71   8   0   6 0.01    M    M 12.2 36 300   M    M   1 8      57 330
================================================================================
SM 2286 1311        57 108  1.21    M    275.1            0     50
================================================================================
AV 84.7 48.6                              10.2 FASTST    0   0   2    MAX(MPH)
                                 MISC ---->  # 47 270               # 61  270
================================================================================
NOTES:
# LAST OF SEVERAL OCCURRENCES

COLUMN 17 PEAK WIND IN M.P.H.

PRELIMINARY LOCAL CLIMATOLOGICAL DATA (WS FORM: F-6) , PAGE 2

                                          STATION:  LIVINGSTON MT
                                          MONTH:    AUGUST
                                          YEAR:     2015
                                          LATITUDE:   45 41 N
                                          LONGITUDE: 110 26 W

[TEMPERATURE DATA]      [PRECIPITATION DATA]       SYMBOLS USED IN COLUMN 16

AVERAGE MONTHLY: 66.6   TOTAL FOR MONTH:   1.21    1 = FOG OR MIST
DPTR FM NORMAL:   0.5   DPTR FM NORMAL:    0.24    2 = FOG REDUCING VISIBILITY
HIGHEST:    96 ON  1    GRTST 24HR  0.43 ON 12-12      TO 1/4 MILE OR LESS
LOWEST:     30 ON 23                               3 = THUNDER
                        SNOW, ICE PELLETS, HAIL    4 = ICE PELLETS
                        TOTAL MONTH:    M          5 = HAIL
                        GRTST 24HR    M  ON   M    6 = FREEZING RAIN OR DRIZZLE
                        GRTST DEPTH:  M  ON   M    7 = DUSTSTORM OR SANDSTORM:
                                                       VSBY 1/2 MILE OR LESS
                                                   8 = SMOKE OR HAZE
[NO. OF DAYS WITH]      [WEATHER - DAYS WITH]      9 = BLOWING SNOW
                                                   X = TORNADO
MAX 32 OR BELOW:   0    0.01 INCH OR MORE:   9
MAX 90 OR ABOVE:   9    0.10 INCH OR MORE:   3
MIN 32 OR BELOW:   1    0.50 INCH OR MORE:   0
MIN  0 OR BELOW:   0    1.00 INCH OR MORE:   0

[HDD (BASE 65) ]
TOTAL THIS MO.    57    CLEAR  (SCALE 0-3)  20
DPTR FM NORMAL     7    PTCLDY (SCALE 4-7)   7
TOTAL FM JUL 1    67    CLOUDY (SCALE 8-10)  0
DPTR FM NORMAL   -33

[CDD (BASE 65) ]
TOTAL THIS MO.   108
DPTR FM NORMAL    25    [PRESSURE DATA]
TOTAL FM JAN 1   323    HIGHEST SLP  0.00 ON M
DPTR FM NORMAL   111    LOWEST  SLP  0.00 ON M

[REMARKS]
