000
CXUS55 KBYZ 231055
CF6LVM
PRELIMINARY LOCAL CLIMATOLOGICAL DATA (WS FORM: F-6)

                                          STATION:   LIVINGSTON MT
                                          MONTH:     MAY
                                          YEAR:      2017
                                          LATITUDE:   45 41 N
                                          LONGITUDE: 110 26 W

  TEMPERATURE IN F:       :PCPN:    SNOW:  WIND      :SUNSHINE: SKY     :PK WND
================================================================================
1   2   3   4   5  6A  6B    7    8   9   10  11  12  13   14  15   16   17  18
                                     12Z  AVG MX 2MIN
DY MAX MIN AVG DEP HDD CDD  WTR  SNW DPTH SPD SPD DIR MIN PSBL S-S WX    SPD DR
================================================================================

 1  58  38  48   2  17   0    T    M    M 12.6 26 260   M    M   9        36 290
 2  53  36  45  -2  20   0 0.04    M    M 11.4 25 300   M    M   9        32 250
 3  68  27  48   1  17   0 0.00    M    M 13.9 26 240   M    M   0        32 250
 4  78  39  59  12   6   0 0.00    M    M  9.5 21 240   M    M   0        26 240
 5  83  39  61  13   4   0 0.00    M    M  6.4 23 200   M    M   0        26 200
 6  80  44  62  14   3   0 0.00    M    M 11.1 35 210   M    M   0        42 190
 7  70  44  57   9   8   0 0.13    M    M 11.4 28 330   M    M   6        35 340
 8  63  40  52   4  13   0 0.00    M    M  9.3 17  80   M    M   4        22  90
 9  67  30  49   0  16   0    T    M    M  6.7 26 300   M    M   2        37 300
10  72  32  52   3  13   0 0.00    M    M  6.6 15  70   M    M   0        19  70
11  81  37  59  10   6   0 0.00    M    M  7.2 33 270   M    M   1        40 270
12  80  41  61  11   4   0 0.02    M    M  9.4 41 260   M    M   2        53 220
13  52  34  43  -7  22   0 0.08    M    M 12.5 29 250   M    M   8 1      36 260
14  59  33  46  -4  19   0 0.00    M    M 11.2 23 220   M    M   6        30 210
15  57  34  46  -4  19   0 0.28    M    M  5.1 16 300   M    M   6 1      21 110
16  64  33  49  -2  16   0 0.00    M    M  8.2 28 290   M    M   5 12     38 220
17  49  33  41 -10  24   0 2.40    M    M 13.9 33 250   M    M  10 126    39 250
18  51  30  41 -10  24   0 0.15    M    M 11.5 20 100   M    M   7 1      24  70
19  60  23  42 -10  23   0 0.00    M    M  2.9  9 170   M    M   0 1      14 330
20  63  31  47  -5  18   0 0.05    M    M  9.5 26  80   M    M   3 1      31  80
21  66  36  51  -1  14   0 0.02    M    M  8.4 24 270   M    M   4        28 270
22  65  38  52   0  13   0 0.00    M    M  8.4 23  80   M    M   6        29  80
================================================================================
SM 1439  772       319   0  3.17    M    207.1          M       88
================================================================================
AV 65.4 35.1                               9.4 FASTST   M    M   4    MAX(MPH)
                                 MISC ---->  # 41 260               # 53  220
================================================================================
NOTES:
# LAST OF SEVERAL OCCURRENCES

COLUMN 17 PEAK WIND IN M.P.H.

PRELIMINARY LOCAL CLIMATOLOGICAL DATA (WS FORM: F-6) , PAGE 2

                                          STATION:  LIVINGSTON MT
                                          MONTH:    MAY
                                          YEAR:     2017
                                          LATITUDE:   45 41 N
                                          LONGITUDE: 110 26 W

[TEMPERATURE DATA]      [PRECIPITATION DATA]       SYMBOLS USED IN COLUMN 16

AVERAGE MONTHLY: 50.3   TOTAL FOR MONTH:   3.17    1 = FOG OR MIST
DPTR FM NORMAL:   0.8   DPTR FM NORMAL:    1.38    2 = FOG REDUCING VISIBILITY
HIGHEST:    83 ON  5    GRTST 24HR  2.40 ON 17-17      TO 1/4 MILE OR LESS
LOWEST:     23 ON 19                               3 = THUNDER
                        SNOW, ICE PELLETS, HAIL    4 = ICE PELLETS
                        TOTAL MONTH:    M          5 = HAIL
                        GRTST 24HR    M  ON   M    6 = FREEZING RAIN OR DRIZZLE
                        GRTST DEPTH:  M  ON   M    7 = DUSTSTORM OR SANDSTORM:
                                                       VSBY 1/2 MILE OR LESS
                                                   8 = SMOKE OR HAZE
[NO. OF DAYS WITH]      [WEATHER - DAYS WITH]      9 = BLOWING SNOW
                                                   X = TORNADO
MAX 32 OR BELOW:   0    0.01 INCH OR MORE:   9
MAX 90 OR ABOVE:   0    0.10 INCH OR MORE:   4
MIN 32 OR BELOW:   6    0.50 INCH OR MORE:   1
MIN  0 OR BELOW:   0    1.00 INCH OR MORE:   1

[HDD (BASE 65) ]
TOTAL THIS MO.   319    CLEAR  (SCALE 0-3)   9
DPTR FM NORMAL   -25    PTCLDY (SCALE 4-7)   9
TOTAL FM JUL 1  6892    CLOUDY (SCALE 8-10)  4
DPTR FM NORMAL  -400

[CDD (BASE 65) ]
TOTAL THIS MO.     0
DPTR FM NORMAL     0    [PRESSURE DATA]
TOTAL FM JAN 1     0    HIGHEST SLP M ON M
DPTR FM NORMAL     0    LOWEST  SLP 29.43 ON 13

[REMARKS]
