000
CXUS53 KDMX 260920
CF6LWD
PRELIMINARY LOCAL CLIMATOLOGICAL DATA (WS FORM: F-6)

                                          STATION:   LAMONI IA
                                          MONTH:     MAY
                                          YEAR:      2017
                                          LATITUDE:   40 37 N
                                          LONGITUDE:  93 56 W

  TEMPERATURE IN F:       :PCPN:    SNOW:  WIND      :SUNSHINE: SKY     :PK WND
================================================================================
1   2   3   4   5  6A  6B    7    8   9   10  11  12  13   14  15   16   17  18
                                     12Z  AVG MX 2MIN
DY MAX MIN AVG DEP HDD CDD  WTR  SNW DPTH SPD SPD DIR MIN PSBL S-S WX    SPD DR
================================================================================

 1  46  41  44 -12  21   0 0.02  0.0    0 15.0 30 300   M    M   8 1      38 310
 2  65  40  53  -4  12   0 0.00  0.0    0  9.5 17 300   M    M   1        25 290
 3  56  43  50  -7  15   0 0.00  0.0    0  4.6 10 140   M    M   1        17 100
 4  68  38  53  -4  12   0 0.00  0.0    0 12.0 25 350   M    M   1 8      33 350
 5  75  44  60   2   5   0 0.00  0.0    0 10.1 20 330   M    M   0        26 300
 6  72  50  61   3   4   0 0.00  0.0    0  8.7 21 350   M    M   0        26 360
 7  78  44  61   3   4   0 0.00  0.0    0  6.2 12 180   M    M   0        16 140
 8  82  56  69  10   0   4 0.41  0.0    0 11.2 23 200   M    M   1 13     30 210
 9  81  60  71  12   0   6 0.00  0.0    0  6.3 17 230   M    M   1        24 230
10  80  61  71  12   0   6 0.89  0.0    0  7.7 24 310   M    M   6 13     34 330
11  71  54  63   3   2   0    T  0.0    0  9.0 20  30   M    M   6 1      25  30
12  72  46  59  -1   6   0 0.00  0.0    0  9.7 20  40   M    M   0        27  40
13  78  51  65   5   0   0 0.00  0.0    0  8.1 18 200   M    M   0        23 210
14  82  56  69   9   0   4 0.00  0.0    0 12.4 24 200   M    M   0        32 190
15  88  63  76  15   0  11 0.00  0.0    0 12.2 22 180   M    M   0        30 180
16  86  60  73  12   0   8 0.38  0.0    0 14.8 30 270   M    M   1 13     40 270
17  78  59  69   7   0   4 0.44  0.0    0 14.5 38 250   M    M   2 13     56 210
18  72  53  63   1   2   0 0.59  0.0    0 12.2 23  50   M    M   7 13     31 250
19  60  49  55  -7  10   0 0.49  0.0    0 10.9 21  60   M    M   9 13     30  60
20  71  49  60  -2   5   0 0.15  0.0    0 11.9 25 230   M    M  10 12     33 220
21  64  44  54  -9  11   0 0.00  0.0    0 13.8 25 290   M    M   6        31 290
22  63  48  56  -7   9   0    T  0.0    0 12.0 28 220   M    M   3        34 230
23  62  46  54 -10  11   0    T  0.0    0  9.8 20 310   M    M   6 12     24 310
24  64  44  54 -10  11   0 0.04  0.0    0  7.9 20 350   M    M   6 1      26 350
25  73  44  59  -5   6   0 0.00  0.0    0  5.8 18 100   M    M   0 1      29  80
================================================================================
SM 1787 1243       146  43  3.41     0.0 256.3          M       75
================================================================================
AV 71.5 49.7                              10.3 FASTST   M    M   3    MAX(MPH)
                                 MISC ---->  # 38 250               # 56  210
================================================================================
NOTES:
# LAST OF SEVERAL OCCURRENCES

COLUMN 17 PEAK WIND IN M.P.H.

PRELIMINARY LOCAL CLIMATOLOGICAL DATA (WS FORM: F-6) , PAGE 2

                                          STATION:  LAMONI IA
                                          MONTH:    MAY
                                          YEAR:     2017
                                          LATITUDE:   40 37 N
                                          LONGITUDE:  93 56 W

[TEMPERATURE DATA]      [PRECIPITATION DATA]       SYMBOLS USED IN COLUMN 16

AVERAGE MONTHLY: 60.6   TOTAL FOR MONTH:   3.41    1 = FOG OR MIST
DPTR FM NORMAL:   0.4   DPTR FM NORMAL:   -0.85    2 = FOG REDUCING VISIBILITY
HIGHEST:    88 ON 15    GRTST 24HR  1.07 ON 18-19      TO 1/4 MILE OR LESS
LOWEST:     38 ON  4                               3 = THUNDER
                        SNOW, ICE PELLETS, HAIL    4 = ICE PELLETS
                        TOTAL MONTH:   0.0 INCH    5 = HAIL
                        GRTST 24HR     0.0         6 = FREEZING RAIN OR DRIZZLE
                        GRTST DEPTH:   0           7 = DUSTSTORM OR SANDSTORM:
                                                       VSBY 1/2 MILE OR LESS
                                                   8 = SMOKE OR HAZE
[NO. OF DAYS WITH]      [WEATHER - DAYS WITH]      9 = BLOWING SNOW
                                                   X = TORNADO
MAX 32 OR BELOW:   0    0.01 INCH OR MORE:   9
MAX 90 OR ABOVE:   0    0.10 INCH OR MORE:   7
MIN 32 OR BELOW:   0    0.50 INCH OR MORE:   2
MIN  0 OR BELOW:   0    1.00 INCH OR MORE:   0

[HDD (BASE 65) ]
TOTAL THIS MO.   146    CLEAR  (SCALE 0-3)  15
DPTR FM NORMAL    -4    PTCLDY (SCALE 4-7)   8
TOTAL FM JUL 1  4861    CLOUDY (SCALE 8-10)  2
DPTR FM NORMAL -1184

[CDD (BASE 65) ]
TOTAL THIS MO.    43
DPTR FM NORMAL    13    [PRESSURE DATA]
TOTAL FM JAN 1    56    HIGHEST SLP M ON M
DPTR FM NORMAL    19    LOWEST  SLP 29.31 ON 17

[REMARKS]
