000
CXUS53 KDMX 210920
CF6LWD
PRELIMINARY LOCAL CLIMATOLOGICAL DATA (WS FORM: F-6)

                                          STATION:   LAMONI IA
                                          MONTH:     DECEMBER
                                          YEAR:      2014
                                          LATITUDE:   40 37 N
                                          LONGITUDE:  93 56 W

  TEMPERATURE IN F:       :PCPN:    SNOW:  WIND      :SUNSHINE: SKY     :PK WND
================================================================================
1   2   3   4   5  6A  6B    7    8   9   10  11  12  13   14  15   16   17  18
                                     12Z  AVG MX 2MIN
DY MAX MIN AVG DEP HDD CDD  WTR  SNW DPTH SPD SPD DIR MIN PSBL S-S WX    SPD DR
================================================================================

 1  21  12  17 -15  48   0 0.00  0.0    M  9.4 22 360   M    M   2        30  10
 2  37  11  24  -7  41   0 0.00  0.0    M  9.6 20 200   M    M   2        25 210
 3  39  23  31   0  34   0 0.00  0.0    M  8.2 18  10   M    M   0        23 350
 4  34  26  30   0  35   0 0.00  0.0    M  6.6 12 150   M    M   8 12     15 150
 5  43  32  38   8  27   0 0.00  0.0    M  5.5 14 140   M    M   9 12     16 140
 6  36  29  33   3  32   0 0.00  0.0    M  7.2 14  10   M    M   8 18     20  20
 7  36  30  33   4  32   0 0.00  0.0    M  9.6 15 170   M    M  10 1      21 130
 8  48  32  40  11  25   0 0.00  0.0    M 13.5 26 310   M    M   5 1      32 300
 9  36  23  30   2  35   0 0.00  0.0    M  6.5 23 340   M    M   5        29 350
10  32  24  28   0  37   0 0.00  0.0    M  5.2  9 150   M    M   9 1      13 110
11  36  31  34   6  31   0 0.00  0.0    M  4.6  9 190   M    M  10 18     12 190
12  50  34  42  15  23   0 0.00  0.0    M  7.5 12 190   M    M   7 128    15 170
13  53  41  47  20  18   0 0.00  0.0    M  9.2 16 180   M    M  10 1      22 180
14  56  49  53  26  12   0 0.01    M    M  9.7 15 150   M    M   8 1      21 150
15  54  33  44  17  21   0 0.38  0.0    M 12.9 32 320   M    M  10 1      40 310
16  33  19  26   0  39   0    T    M    M 16.7 33 310   M    M   8        40 310
17  29  16  23  -3  42   0 0.00  0.0    M  5.4 13 310   M    M   7        15 310
18  30  24  27   1  38   0 0.11    M    M  3.3  8  60   M    M  10 1      11  80
19  33  28  31   5  34   0    T    M    M  4.6 13 200   M    M  10 1      16 210
20  37  30  34   8  31   0    T    M    M  7.6 17 180   M    M  10 12     22 180
================================================================================
SM  773  547       635   0  0.50     0.0 162.8          M      148
================================================================================
AV 38.7 27.4                               8.1 FASTST   M    M   7    MAX(MPH)
                                 MISC ---->  # 33 310               # 40  310
================================================================================
NOTES:
# LAST OF SEVERAL OCCURRENCES

COLUMN 17 PEAK WIND IN M.P.H.

PRELIMINARY LOCAL CLIMATOLOGICAL DATA (WS FORM: F-6) , PAGE 2

                                          STATION:  LAMONI IA
                                          MONTH:    DECEMBER
                                          YEAR:     2014
                                          LATITUDE:   40 37 N
                                          LONGITUDE:  93 56 W

[TEMPERATURE DATA]      [PRECIPITATION DATA]       SYMBOLS USED IN COLUMN 16

AVERAGE MONTHLY: 33.0   TOTAL FOR MONTH:   0.50    1 = FOG OR MIST
DPTR FM NORMAL:   4.8   DPTR FM NORMAL:   -0.51    2 = FOG REDUCING VISIBILITY
HIGHEST:    56 ON 14    GRTST 24HR  0.39 ON 14-15      TO 1/4 MILE OR LESS
LOWEST:     11 ON  2                               3 = THUNDER
                        SNOW, ICE PELLETS, HAIL    4 = ICE PELLETS
                        TOTAL MONTH:   0.0 INCH    5 = HAIL
                        GRTST 24HR     0.0         6 = FREEZING RAIN OR DRIZZLE
                        GRTST DEPTH:  M  ON   M    7 = DUSTSTORM OR SANDSTORM:
                                                       VSBY 1/2 MILE OR LESS
                                                   8 = SMOKE OR HAZE
[NO. OF DAYS WITH]      [WEATHER - DAYS WITH]      9 = BLOWING SNOW
                                                   X = TORNADO
MAX 32 OR BELOW:   4    0.01 INCH OR MORE:   3
MAX 90 OR ABOVE:   0    0.10 INCH OR MORE:   2
MIN 32 OR BELOW:  16    0.50 INCH OR MORE:   0
MIN  0 OR BELOW:   0    1.00 INCH OR MORE:   0

[HDD (BASE 65) ]
TOTAL THIS MO.   635    CLEAR  (SCALE 0-3)   3
DPTR FM NORMAL  -103    PTCLDY (SCALE 4-7)   6
TOTAL FM JUL 1  1995    CLOUDY (SCALE 8-10) 11
DPTR FM NORMAL     9

[CDD (BASE 65) ]
TOTAL THIS MO.     0
DPTR FM NORMAL     0    [PRESSURE DATA]
TOTAL FM JAN 1   907    HIGHEST SLP M ON M
DPTR FM NORMAL   -39    LOWEST  SLP 29.55 ON 15

[REMARKS]
