000
CXUS56 KTFX 241205
CF6LWT
PRELIMINARY LOCAL CLIMATOLOGICAL DATA (WS FORM: F-6)

                                          STATION:   LEWISTOWN MT
                                          MONTH:     APRIL
                                          YEAR:      2014
                                          LATITUDE:   47  2 N
                                          LONGITUDE: 109 28 W

  TEMPERATURE IN F:       :PCPN:    SNOW:  WIND      :SUNSHINE: SKY     :PK WND
================================================================================
1   2   3   4   5  6A  6B    7    8   9   10  11  12  13   14  15   16   17  18
                                     12Z  AVG MX 2MIN
DY MAX MIN AVG DEP HDD CDD  WTR  SNW DPTH SPD SPD DIR MIN PSBL S-S WX    SPD DR
================================================================================

 1  41  18  30  -8  35   0 0.00    M    0  6.7 14 130   M    M   6        17 120
 2  42  22  32  -6  33   0    T    M    0  4.6 15 360   M    M   6 12     19 350
 3  46  19  33  -5  32   0 0.00    M    0  6.6 18 260   M    M   4 12     21 260
 4  55  26  41   3  24   0    T    M    0 12.0 26 220   M    M   3        41 200
 5  50  28  39   0  26   0 0.00    M    0 11.9 23 300   M    M   7        29 280
 6  48  30  39   0  26   0 0.16    M    0 10.7 39 320   M    M   7 1      55 310
 7  59  28  44   5  21   0 0.01    M    0  9.0 20 300   M    M   2 1      27 320
 8  69  34  52  13  13   0 0.00    M    0 15.0 32 270   M    M   0        40 280
 9  57  34  46   6  19   0    T    M    0 10.2 31 310   M    M   5        43 310
10  60  29  45   5  20   0 0.00    M    0 12.6 31 300   M    M   0        40 290
11  61  29  45   5  20   0    T    M    0 12.0 25 300   M    M   6        37 300
12  42  22  32  -8  33   0 0.08    M    0 11.6 21 300   M    M   9 12     25 300
13  36   8  22 -19  43   0    T    M    M  9.5 26 300   M    M   5 1      37 300
14  53  16  35  -6  30   0 0.00    M    M  8.1 20 270   M    M   0        25 300
15  52  34  43   2  22   0    T    M    0 13.8 31 300   M    M   7        40 300
16  45  29  37  -5  28   0 0.08    M    T  5.3 13 100   M    M  10 1      16 320
17  54  25  40  -2  25   0    T    M    0  8.2 18 230   M    M   7        24 230
18  57  34  46   4  19   0 0.02    M    0 13.0 40 300   M    M   6        55 290
19  62  28  45   3  20   0 0.00    M    0  9.3 20 250   M    M   0        24 250
20  58  35  47   5  18   0 0.00    M    0 16.0 38 270   M    M   1        46 270
21  66  26  46   3  19   0 0.00    M    0  7.7 16  90   M    M   0        20 100
22  73  41  57  14   8   0 0.24    M    0 10.7 38 230   M    M   3 13     49 240
23  52  35  44   1  21   0 0.04    M    0 20.8 37 250   M    M   6 18     43 250
================================================================================
SM 1238  630       555   0  0.63    M    245.3          M      100
================================================================================
AV 53.8 27.4                              10.7 FASTST   M    M   4    MAX(MPH)
                                 MISC ---->  # 40 300               # 55  310
================================================================================
NOTES:
# LAST OF SEVERAL OCCURRENCES

COLUMN 17 PEAK WIND IN M.P.H.

PRELIMINARY LOCAL CLIMATOLOGICAL DATA (WS FORM: F-6) , PAGE 2

                                          STATION:  LEWISTOWN MT
                                          MONTH:    APRIL
                                          YEAR:     2014
                                          LATITUDE:   47  2 N
                                          LONGITUDE: 109 28 W

[TEMPERATURE DATA]      [PRECIPITATION DATA]       SYMBOLS USED IN COLUMN 16

AVERAGE MONTHLY: 40.6   TOTAL FOR MONTH:   0.63    1 = FOG OR MIST
DPTR FM NORMAL:   0.2   DPTR FM NORMAL:   -0.38    2 = FOG REDUCING VISIBILITY
HIGHEST:    73 ON 22    GRTST 24HR  0.28 ON 22-23      TO 1/4 MILE OR LESS
LOWEST:      8 ON 13                               3 = THUNDER
                        SNOW, ICE PELLETS, HAIL    4 = ICE PELLETS
                        TOTAL MONTH:    M          5 = HAIL
                        GRTST 24HR    M  ON   M    6 = FREEZING RAIN OR DRIZZLE
                        GRTST DEPTH:   T           7 = DUSTSTORM OR SANDSTORM:
                                                       VSBY 1/2 MILE OR LESS
                                                   8 = SMOKE OR HAZE
[NO. OF DAYS WITH]      [WEATHER - DAYS WITH]      9 = BLOWING SNOW
                                                   X = TORNADO
MAX 32 OR BELOW:   0    0.01 INCH OR MORE:   7
MAX 90 OR ABOVE:   0    0.10 INCH OR MORE:   2
MIN 32 OR BELOW:  16    0.50 INCH OR MORE:   0
MIN  0 OR BELOW:   0    1.00 INCH OR MORE:   0

[HDD (BASE 65) ]
TOTAL THIS MO.   555    CLEAR  (SCALE 0-3)   8
DPTR FM NORMAL   -10    PTCLDY (SCALE 4-7)  13
TOTAL FM JUL 1  7728    CLOUDY (SCALE 8-10)  2
DPTR FM NORMAL   364

[CDD (BASE 65) ]
TOTAL THIS MO.     0
DPTR FM NORMAL     0    [PRESSURE DATA]
TOTAL FM JAN 1     0    HIGHEST SLP M ON M
DPTR FM NORMAL     0    LOWEST  SLP 29.37 ON 22

[REMARKS]
