000
CXUS56 KTFX 291205
CF6LWT
PRELIMINARY LOCAL CLIMATOLOGICAL DATA (WS FORM: F-6)

                                          STATION:   LEWISTOWN MT
                                          MONTH:     AUGUST
                                          YEAR:      2015
                                          LATITUDE:   47  2 N
                                          LONGITUDE: 109 28 W

  TEMPERATURE IN F:       :PCPN:    SNOW:  WIND      :SUNSHINE: SKY     :PK WND
================================================================================
1   2   3   4   5  6A  6B    7    8   9   10  11  12  13   14  15   16   17  18
                                     12Z  AVG MX 2MIN
DY MAX MIN AVG DEP HDD CDD  WTR  SNW DPTH SPD SPD DIR MIN PSBL S-S WX    SPD DR
================================================================================

 1  94  53  74   7   0   9 0.00    M    0  7.8 23 290   M    M   0        32 280
 2  85  56  71   4   0   6 0.00    M    0 10.7 17 110   M    M   0        21 110
 3  91  60  76   9   0  11 0.00    M    0 12.6 22 110   M    M   0        27 120
 4  77  55  66  -1   0   1 0.03    M    0  7.8 26 230   M    M   3        35 230
 5  78  51  65  -2   0   0 0.08    M    0  7.4 21 220   M    M   4 3      26 220
 6  82  50  66  -1   0   1 0.00    M    0 12.7 26 250   M    M   2        37 250
 7  79  43  61  -6   4   0 0.00    M    0  5.7 13  20   M    M   0        19 330
 8  75  50  63  -4   2   0 0.03    M    0  6.8 26 220   M    M   4        30 220
 9  83  54  69   2   0   4 0.00    M    0  5.8 16  80   M    M   2        19  90
10  91  54  73   6   0   8 0.00    M    0  8.1 17 120   M    M   1        27 160
11  94  57  76  10   0  11 0.00    M    0  5.6 12  20   M    M   0        17  10
12  92  60  76  10   0  11    T    M    0  5.3  8 160   M    M   0 3      28 310
13  97  58  78  12   0  13 0.00    M    0  5.4 13 180   M    M   0        15 210
14  98  64  81  15   0  16 0.11    M    0  9.8 40 250   M    M   1 3      48 250
15  79  54  67   1   0   2 0.00    M    0 10.3 24 300   M    M   2 8      34 290
16  66  50  58  -8   7   0 0.10    M    0  5.7 13 120   M    M  10        14 120
17  61  46  54 -11  11   0 0.10    M    0  4.8 17 300   M    M   2 1      24 310
18  63  43  53 -12  12   0 0.30    M    0  5.9 13 280   M    M   5 1      19 330
19  79  40  60  -5   5   0 0.00    M    0  5.6 15 250   M    M   0        18 250
20  81  50  66   2   0   1 0.00    M    0  6.5 14 300   M    M   7 8      19 270
21  86  44  65   1   0   0 0.01    M    0  8.9 29 300   M    M  10 38     35 300
22  61  37  49 -15  16   0 0.11    M    0 13.0 25 300   M    M   6 1      33 300
23  78  33  56  -8   9   0 0.00    M    0  6.7 13 110   M    M   0        15 100
24  91  47  69   6   0   4 0.00    M    0  6.3 12 120   M    M   0        16 320
25  92  49  71   8   0   6 0.00    M    0  5.9 14 120   M    M   1 8      19 110
26  89  56  73  10   0   8 0.00    M    0  4.9 10 100   M    M   0 8      12 160
27  86  56  71   9   0   6 0.00    M    0  5.8 20 250   M    M   4 8      24 250
28  88  54  71   9   0   6 0.00    M    0  6.0 16 270   M    M   4 8      19 260
================================================================================
SM 2316 1424        66 124  0.87    M    207.8          M       68
================================================================================
AV 82.7 50.9                               7.4 FASTST   M    M   2    MAX(MPH)
                                 MISC ---->  # 40 250               # 48  250
================================================================================
NOTES:
# LAST OF SEVERAL OCCURRENCES

COLUMN 17 PEAK WIND IN M.P.H.

PRELIMINARY LOCAL CLIMATOLOGICAL DATA (WS FORM: F-6) , PAGE 2

                                          STATION:  LEWISTOWN MT
                                          MONTH:    AUGUST
                                          YEAR:     2015
                                          LATITUDE:   47  2 N
                                          LONGITUDE: 109 28 W

[TEMPERATURE DATA]      [PRECIPITATION DATA]       SYMBOLS USED IN COLUMN 16

AVERAGE MONTHLY: 66.8   TOTAL FOR MONTH:   0.87    1 = FOG OR MIST
DPTR FM NORMAL:   1.4   DPTR FM NORMAL:   -0.70    2 = FOG REDUCING VISIBILITY
HIGHEST:    98 ON 14    GRTST 24HR  0.35 ON 17-18      TO 1/4 MILE OR LESS
LOWEST:     33 ON 23                               3 = THUNDER
                        SNOW, ICE PELLETS, HAIL    4 = ICE PELLETS
                        TOTAL MONTH:    M          5 = HAIL
                        GRTST 24HR    M  ON   M    6 = FREEZING RAIN OR DRIZZLE
                        GRTST DEPTH:   0           7 = DUSTSTORM OR SANDSTORM:
                                                       VSBY 1/2 MILE OR LESS
                                                   8 = SMOKE OR HAZE
[NO. OF DAYS WITH]      [WEATHER - DAYS WITH]      9 = BLOWING SNOW
                                                   X = TORNADO
MAX 32 OR BELOW:   0    0.01 INCH OR MORE:   9
MAX 90 OR ABOVE:   9    0.10 INCH OR MORE:   5
MIN 32 OR BELOW:   0    0.50 INCH OR MORE:   0
MIN  0 OR BELOW:   0    1.00 INCH OR MORE:   0

[HDD (BASE 65) ]
TOTAL THIS MO.    66    CLEAR  (SCALE 0-3)  19
DPTR FM NORMAL    -3    PTCLDY (SCALE 4-7)   7
TOTAL FM JUL 1    99    CLOUDY (SCALE 8-10)  2
DPTR FM NORMAL   -43

[CDD (BASE 65) ]
TOTAL THIS MO.   124
DPTR FM NORMAL    39    [PRESSURE DATA]
TOTAL FM JAN 1   300    HIGHEST SLP M ON M
DPTR FM NORMAL   105    LOWEST  SLP 29.55 ON 21

[REMARKS]
