000
CXUS55 KPUB 261159
CF6LXV
PRELIMINARY LOCAL CLIMATOLOGICAL DATA (WS FORM: F-6)

                                          STATION:   LEADVILLE CO
                                          MONTH:     FEBRUARY
                                          YEAR:      2015
                                          LATITUDE:   39 15 N
                                          LONGITUDE: 106 18 W

  TEMPERATURE IN F:       :PCPN:    SNOW:  WIND      :SUNSHINE: SKY     :PK WND
================================================================================
1   2   3   4   5  6A  6B    7    8   9   10  11  12  13   14  15   16   17  18
                                     12Z  AVG MX 2MIN
DY MAX MIN AVG DEP HDD CDD  WTR  SNW DPTH SPD SPD DIR MIN PSBL S-S WX    SPD DR
================================================================================

 1  23   9  16  -1  49   0    T    M    M 16.5 26 300   M    M   5        35 340
 2  30  20  25   8  40   0 0.06    M    M 10.4 28 300   M    M   8 18     39 310
 3  37  23  30  13  35   0 0.01    M    M 10.6 24 350   M    M   7 18     30 360
 4  31  27  29  12  36   0 0.14    M    M 10.8 24 290   M    M   9 12     35 280
 5  42  24  33  16  32   0 0.00  0.0    M 10.4 24 300   M    M   0        33 310
 6  49  30  40  23  25   0 0.00  0.0    M 10.2 18 260   M    M   0        27  10
 7  46  24  35  18  30   0 0.00  0.0    M  8.4 25 300   M    M   2        33 330
 8  44  15  30  13  35   0    T    M    M  7.1 18 300   M    M   5        26 300
 9  48  12  30  13  35   0 0.00  0.0    M  5.5 24 290   M    M   0        33 290
10  38  20  29  12  36   0    T    M    M  8.3 22 280   M    M   6 1      28 280
11  38  14  26   9  39   0 0.03    M    M  5.5 15  10   M    M   4 1      19  20
12  40  12  26   8  39   0 0.00  0.0    0  8.3 18 290   M    M   1        24 270
13  46  13  30  12  35   0 0.00  0.0    M  6.5 15 360   M    M   0        21 360
14  49  13  31  13  34   0 0.00  0.0    M  6.8 20 310   M    M   0        28 310
15  37   7  22   4  43   0 0.03    M    M  7.4 25 280   M    M   6 1      35 290
16  21  -3   9  -9  56   0 0.14    M    M  5.3 17 340   M    M   7 18     25 340
17  19  -1   9  -9  56   0 0.01    M    M 11.1 25 300   M    M   5 189    33 300
18  34  14  24   6  41   0 0.00  0.0    M 12.5 25 300   M    M   3 18     31 300
19  41  11  26   8  39   0 0.00  0.0    M  9.7 25 300   M    M   0        36 290
20  30  10  20   1  45   0 0.09    M    M  7.9 31 300   M    M   7 128    44 300
21  25   8  17  -2  48   0 0.04    M    M  2.6 15 310   M    M   8 1      19 320
22  11  -2   5 -14  60   0 0.32    M    M 12.5 20 190   M    M  10 1      23 190
23  27  -3  12  -7  53   0 0.10    M    M  4.4 15 340   M    M   7 1      21 330
24  32  -6  13  -7  52   0 0.00  0.0    M  4.7 16 340   M    M   0        22 340
25  27  10  19  -1  46   0 0.18    M    M 10.1 22  10   M    M  10 128    32 320
================================================================================
SM  865  301      1039   0  1.15     0.0 213.5          M      110
================================================================================
AV 34.6 12.0                               8.5 FASTST   M    M   4    MAX(MPH)
                                 MISC ---->  # 31 300               # 44  300
================================================================================
NOTES:
# LAST OF SEVERAL OCCURRENCES

COLUMN 17 PEAK WIND IN M.P.H.

PRELIMINARY LOCAL CLIMATOLOGICAL DATA (WS FORM: F-6) , PAGE 2

                                          STATION:  LEADVILLE CO
                                          MONTH:    FEBRUARY
                                          YEAR:     2015
                                          LATITUDE:   39 15 N
                                          LONGITUDE: 106 18 W

[TEMPERATURE DATA]      [PRECIPITATION DATA]       SYMBOLS USED IN COLUMN 16

AVERAGE MONTHLY: 23.3   TOTAL FOR MONTH:   1.15    1 = FOG OR MIST
DPTR FM NORMAL:   5.4   DPTR FM NORMAL:    0.53    2 = FOG REDUCING VISIBILITY
HIGHEST:    49 ON 14, 6 GRTST 24HR  0.40 ON 22-23      TO 1/4 MILE OR LESS
LOWEST:     -6 ON 24                               3 = THUNDER
                        SNOW, ICE PELLETS, HAIL    4 = ICE PELLETS
                        TOTAL MONTH:   0.0 INCH    5 = HAIL
                        GRTST 24HR     0.0         6 = FREEZING RAIN OR DRIZZLE
                        GRTST DEPTH:   0           7 = DUSTSTORM OR SANDSTORM:
                                                       VSBY 1/2 MILE OR LESS
                                                   8 = SMOKE OR HAZE
[NO. OF DAYS WITH]      [WEATHER - DAYS WITH]      9 = BLOWING SNOW
                                                   X = TORNADO
MAX 32 OR BELOW:  11    0.01 INCH OR MORE:  12
MAX 90 OR ABOVE:   0    0.10 INCH OR MORE:   5
MIN 32 OR BELOW:  25    0.50 INCH OR MORE:   0
MIN  0 OR BELOW:   5    1.00 INCH OR MORE:   0

[HDD (BASE 65) ]
TOTAL THIS MO.  1039    CLEAR  (SCALE 0-3)  10
DPTR FM NORMAL  -138    PTCLDY (SCALE 4-7)  12
TOTAL FM JUL 1  6994    CLOUDY (SCALE 8-10)  3
DPTR FM NORMAL  -580

[CDD (BASE 65) ]
TOTAL THIS MO.     0
DPTR FM NORMAL     0    [PRESSURE DATA]
TOTAL FM JAN 1     0    HIGHEST SLP M ON M
DPTR FM NORMAL     0    LOWEST  SLP 29.63 ON 20

[REMARKS]
