000
CXUS54 KLZK 211330
CF6LZK
PRELIMINARY LOCAL CLIMATOLOGICAL DATA (WS FORM: F-6)

                                          STATION:   North Little Rock
                                          MONTH:     AUGUST
                                          YEAR:      2014
                                          LATITUDE:   34 50 N
                                          LONGITUDE:  92 16 W

  TEMPERATURE IN F:       :PCPN:    SNOW:  WIND      :SUNSHINE: SKY     :PK WND
================================================================================
1   2   3   4   5  6A  6B    7    8   9   10  11  12  13   14  15   16   17  18
                                     12Z  AVG MX 2MIN
DY MAX MIN AVG DEP HDD CDD  WTR  SNW DPTH SPD SPD DIR MIN PSBL S-S WX    SPD DR
================================================================================

 1  80  67  74  -9   0   9 0.00  0.0    0   M   M   M   M    M   M         M  M
 2  88  69  79  -4   0  14 0.00  0.0    0   M   M   M   M    M   M         M  M
 3  89  69  79  -4   0  14 0.00  0.0    0   M   M   M   M    M   M         M  M
 4  89  68  79  -4   0  14 0.00  0.0    0   M   M   M   M    M   M         M  M
 5  90  69  80  -3   0  15 0.00  0.0    0   M   M   M   M    M   M         M  M
 6  92  73  83   0   0  18 0.00  0.0    0   M   M   M   M    M   M         M  M
 7  86  76  81  -2   0  16    T  0.0    0   M   M   M   M    M   M         M  M
 8  89  73  81  -2   0  16 0.71  0.0    0   M   M   M   M    M   M 3       M  M
 9  85  71  78  -5   0  13 0.73  0.0    0   M   M   M   M    M   M 3       M  M
10  87  71  79  -4   0  14    T  0.0    0   M   M   M   M    M   M         M  M
11  87  76  82  -1   0  17 0.00  0.0    0   M   M   M   M    M   M         M  M
12  84  71  78  -5   0  13 0.00  0.0    0   M   M   M   M    M   M         M  M
13  86  65  76  -7   0  11 0.00  0.0    0   M   M   M   M    M   M         M  M
14  88  65  77  -5   0  12 0.00  0.0    0   M   M   M   M    M   M         M  M
15  87  69  78  -4   0  13 0.00  0.0    0   M   M   M   M    M   M         M  M
16  92  69  81  -1   0  16 0.00  0.0    0   M   M   M   M    M   M         M  M
17  92  73  83   1   0  18 0.74  0.0    0   M   M   M   M    M   M 3       M  M
18  88  71  80  -2   0  15 0.05  0.0    0   M   M   M   M    M   M         M  M
19  94  70  82   0   0  17 0.02  0.0    0   M   M   M   M    M   M         M  M
20  93  75  84   2   0  19 0.00  0.0    0   M   M   M   M    M   M         M  M
================================================================================
SM 1766 1410         0 294  2.25     0.0     M          M        M
================================================================================
AV 88.3 70.5                                 M FASTST   M    M   5    MAX(MPH)
                                 MISC ---->     M   M                  M    M
================================================================================
NOTES:
# LAST OF SEVERAL OCCURRENCES

COLUMN 17 PEAK WIND IN M.P.H.

PRELIMINARY LOCAL CLIMATOLOGICAL DATA (WS FORM: F-6) , PAGE 2

                                          STATION:  North Little Rock
                                          MONTH:    AUGUST
                                          YEAR:     2014
                                          LATITUDE:   34 50 N
                                          LONGITUDE:  92 16 W

[TEMPERATURE DATA]      [PRECIPITATION DATA]       SYMBOLS USED IN COLUMN 16

AVERAGE MONTHLY: 79.4   TOTAL FOR MONTH:   2.25    1 = FOG OR MIST
DPTR FM NORMAL:  -3.2   DPTR FM NORMAL:    0.45    2 = FOG REDUCING VISIBILITY
HIGHEST:    94 ON 19    GRTST 24HR  0.74 ON 17-17      TO 1/4 MILE OR LESS
LOWEST:     65 ON 14,13                            3 = THUNDER
                        SNOW, ICE PELLETS, HAIL    4 = ICE PELLETS
                        TOTAL MONTH:   0.0 INCH    5 = HAIL
                        GRTST 24HR     0.0         6 = FREEZING RAIN OR DRIZZLE
                        GRTST DEPTH:   0           7 = DUSTSTORM OR SANDSTORM:
                                                       VSBY 1/2 MILE OR LESS
                                                   8 = SMOKE OR HAZE
[NO. OF DAYS WITH]      [WEATHER - DAYS WITH]      9 = BLOWING SNOW
                                                   X = TORNADO
MAX 32 OR BELOW:   0    0.01 INCH OR MORE:   5
MAX 90 OR ABOVE:   6    0.10 INCH OR MORE:   3
MIN 32 OR BELOW:   0    0.50 INCH OR MORE:   3
MIN  0 OR BELOW:   0    1.00 INCH OR MORE:   0

[HDD (BASE 65) ]
TOTAL THIS MO.     0    CLEAR  (SCALE 0-3)   0
DPTR FM NORMAL     0    PTCLDY (SCALE 4-7)   0
TOTAL FM JUL 1     0    CLOUDY (SCALE 8-10)  0
DPTR FM NORMAL     0

[CDD (BASE 65) ]
TOTAL THIS MO.   294
DPTR FM NORMAL   -60    [PRESSURE DATA]
TOTAL FM JAN 1  1311    HIGHEST SLP M ON M
DPTR FM NORMAL  -293    LOWEST  SLP M ON M

[REMARKS]
