000
CXUS55 KABR 271400
CF6MBG
PRELIMINARY LOCAL CLIMATOLOGICAL DATA (WS FORM: F-6)

                                          STATION:   MOBRIDGE SD
                                          MONTH:     SEPTEMBER
                                          YEAR:      2016
                                          LATITUDE:   45 32 N
                                          LONGITUDE: 100 25 W

  TEMPERATURE IN F:       :PCPN:    SNOW:  WIND      :SUNSHINE: SKY     :PK WND
================================================================================
1   2   3   4   5  6A  6B    7    8   9   10  11  12  13   14  15   16   17  18
                                     12Z  AVG MX 2MIN
DY MAX MIN AVG DEP HDD CDD  WTR  SNW DPTH SPD SPD DIR MIN PSBL S-S WX    SPD DR
================================================================================

 1  87  65  76   9   0  11 0.00  0.0    0 16.7 26 160   M    M   0        34 150
 2  85  66  76   9   0  11 0.00  0.0    0 23.5 36 170   M    M   1        45 170
 3  91  67  79  13   0  14 0.00  0.0    0 17.0 26 180   M    M   0        33 170
 4  77  60  69   3   0   4    T  0.0    0 11.7 24  10   M    M   6 3      30  10
 5  68  58  63  -3   2   0 0.00  0.0    0  6.7 18  10   M    M   9 1      23  20
 6  72  55  64  -1   1   0 0.02  0.0    0  7.4 18 350   M    M   4        23 350
 7  77  50  64  -1   1   0 0.10  0.0    0  9.7 23 310   M    M   3 3      31 310
 8  79  45  62  -2   3   0 0.00  0.0    0  6.0 17 160   M    M   2        21 160
 9  66  52  59  -5   6   0 0.11  0.0    0 13.3 28 330   M    M   3        34 330
10  77  46  62  -1   3   0 0.00  0.0    0  9.1 20 150   M    M   0        24 160
11  91  50  71   8   0   6 0.00  0.0    0 10.6 23  10   M    M   0        31  10
12  66  50  58  -4   7   0 0.00  0.0    0 17.8 30 360   M    M   2        38 350
13  55  43  49 -13  16   0 0.00  0.0    0  4.4 13  50   M    M   7        17  30
14  73  46  60  -2   5   0 0.00  0.0    0 14.5 24 170   M    M   3        32 160
15  79  58  69   8   0   4 0.01  0.0    0  8.8 21 130   M    M   5 13     25 130
16  65  47  56  -5   9   0 0.01    M    0 10.6 26 330   M    M   7 18     33 320
17  84  42  63   3   2   0 0.00  0.0    0  8.3 20 150   M    M   1 12     23 150
18  88  59  74  14   0   9 0.00  0.0    0  8.3 23 330   M    M   1        31 330
19  83  50  67   8   0   2 0.05  0.0    0  6.6 18 300   M    M   2 8      24 310
20  81  54  68   9   0   3 0.02  0.0    0 13.8 25 360   M    M   1 3      36 200
21  75  57  66   8   0   1 0.00  0.0    0 15.5 29  60   M    M   4        36  80
22  65  53  59   1   6   0 0.00  0.0    0 14.2 26  90   M    M   8        34  90
23  72  58  65   8   0   0 0.28  0.0    0 19.6 36 110   M    M   8 13     43 100
24  78  54  66   9   0   1 0.00  0.0    0 16.1 24 260   M    M   1        30 160
25  67  44  56   0   9   0 0.00  0.0    0 21.4 36 310   M    M   4        48 310
26  73  42  58   2   7   0 0.00  0.0    0  9.9 24 310   M    M   0        30 320
================================================================================
SM 1974 1371        77  66  0.60     0.0 321.5          M       82
================================================================================
AV 75.9 52.7                              12.4 FASTST   M    M   3    MAX(MPH)
                                 MISC ---->  # 36 170               # 48  310
================================================================================
NOTES:
# LAST OF SEVERAL OCCURRENCES

COLUMN 17 PEAK WIND IN M.P.H.

PRELIMINARY LOCAL CLIMATOLOGICAL DATA (WS FORM: F-6) , PAGE 2

                                          STATION:  MOBRIDGE SD
                                          MONTH:    SEPTEMBER
                                          YEAR:     2016
                                          LATITUDE:   45 32 N
                                          LONGITUDE: 100 25 W

[TEMPERATURE DATA]      [PRECIPITATION DATA]       SYMBOLS USED IN COLUMN 16

AVERAGE MONTHLY: 64.3   TOTAL FOR MONTH:   0.60    1 = FOG OR MIST
DPTR FM NORMAL:   2.6   DPTR FM NORMAL:   -0.74    2 = FOG REDUCING VISIBILITY
HIGHEST:    91 ON 11, 3 GRTST 24HR  0.28 ON 23-23      TO 1/4 MILE OR LESS
LOWEST:     42 ON 26,17                            3 = THUNDER
                        SNOW, ICE PELLETS, HAIL    4 = ICE PELLETS
                        TOTAL MONTH:   0.0 INCH    5 = HAIL
                        GRTST 24HR     0.0         6 = FREEZING RAIN OR DRIZZLE
                        GRTST DEPTH:   0           7 = DUSTSTORM OR SANDSTORM:
                                                       VSBY 1/2 MILE OR LESS
                                                   8 = SMOKE OR HAZE
[NO. OF DAYS WITH]      [WEATHER - DAYS WITH]      9 = BLOWING SNOW
                                                   X = TORNADO
MAX 32 OR BELOW:   0    0.01 INCH OR MORE:   8
MAX 90 OR ABOVE:   2    0.10 INCH OR MORE:   3
MIN 32 OR BELOW:   0    0.50 INCH OR MORE:   0
MIN  0 OR BELOW:   0    1.00 INCH OR MORE:   0

[HDD (BASE 65) ]
TOTAL THIS MO.    77    CLEAR  (SCALE 0-3)  15
DPTR FM NORMAL   -68    PTCLDY (SCALE 4-7)   9
TOTAL FM JUL 1    91    CLOUDY (SCALE 8-10)  2
DPTR FM NORMAL   -87

[CDD (BASE 65) ]
TOTAL THIS MO.    66
DPTR FM NORMAL     6    [PRESSURE DATA]
TOTAL FM JAN 1   944    HIGHEST SLP M ON M
DPTR FM NORMAL   303    LOWEST  SLP 29.55 ON  5

[REMARKS]
