000
CXUS55 KABR 211400
CF6MBG
PRELIMINARY LOCAL CLIMATOLOGICAL DATA (WS FORM: F-6)

                                          STATION:   MOBRIDGE SD
                                          MONTH:     JANUARY
                                          YEAR:      2018
                                          LATITUDE:   45 32 N
                                          LONGITUDE: 100 25 W

  TEMPERATURE IN F:       :PCPN:    SNOW:  WIND      :SUNSHINE: SKY     :PK WND
================================================================================
1   2   3   4   5  6A  6B    7    8   9   10  11  12  13   14  15   16   17  18
                                     12Z  AVG MX 2MIN
DY MAX MIN AVG DEP HDD CDD  WTR  SNW DPTH SPD SPD DIR MIN PSBL S-S WX    SPD DR
================================================================================

 1  -8 -30 -19 -35  84   0 0.00  0.0    4  3.1  9 360   M    M   1        10 360
 2  28 -19   5 -11  60   0    T    T    4 11.6 29 330   M    M   3 8      36 340
 3  21   0  11  -5  54   0    T    T    4  4.6 15  10   M    M   5 8      20 350
 4  20   5  13  -3  52   0    T    T    4  7.5 15 100   M    M   4        17  90
 5  16   7  12  -4  53   0 0.00  0.0    3 10.8 17 130   M    M   8        20 150
 6  24   8  16   0  49   0 0.01    T    3 13.5 23 150   M    M   7 18     27 150
 7  40  23  32  16  33   0    T  0.0    1  8.1 22 310   M    M   4 18     25 320
 8  38  15  27  11  38   0 0.00  0.0    1  4.8 12 320   M    M   1        14 330
 9  39  18  29  13  36   0 0.00  0.0    T  4.8 10 120   M    M   0 12     11 120
10  35   5  20   4  45   0 0.03  1.5    T 15.1 33 330   M    M   8 128    44 340
11   5 -15  -5 -21  70   0 0.00  0.0    2 15.3 29 330   M    M   3        37 330
12   2 -15  -6 -22  71   0    T    T    2  5.2 10 360   M    M   8        13  70
13  13 -17  -2 -18  67   0 0.00  0.0    2  7.8 20 170   M    M   3        23 170
14  33   0  17   1  48   0 0.01    T    2 12.9 30 330   M    M   8 18     37 320
15   1 -10  -4 -20  69   0 0.00  0.0    0 16.1 29 330   M    M   2        34 330
16  15 -18  -1 -17  66   0 0.00  0.0    2  7.4 16 190   M    M   0        20 190
17  44   3  24   8  41   0 0.00  0.0    2  7.0 17 300   M    M   0        22 300
18  42  18  30  14  35   0 0.00  0.0    1  5.5 10 130   M    M   0        12 150
19  47  22  35  19  30   0 0.00  0.0    T  6.0 15 310   M    M   2        18 310
20  47  31  39  23  26   0 0.00  0.0    0  3.5 12 330   M    M   7        14 320
================================================================================
SM  502   31      1027   0  0.05     1.5 170.6          M       74
================================================================================
AV 25.1  1.6                               8.5 FASTST   M    M   4    MAX(MPH)
                                 MISC ---->  # 33 330               # 44  340
================================================================================
NOTES:
# LAST OF SEVERAL OCCURRENCES

COLUMN 17 PEAK WIND IN M.P.H.

PRELIMINARY LOCAL CLIMATOLOGICAL DATA (WS FORM: F-6) , PAGE 2

                                          STATION:  MOBRIDGE SD
                                          MONTH:    JANUARY
                                          YEAR:     2018
                                          LATITUDE:   45 32 N
                                          LONGITUDE: 100 25 W

[TEMPERATURE DATA]      [PRECIPITATION DATA]       SYMBOLS USED IN COLUMN 16

AVERAGE MONTHLY: 13.3   TOTAL FOR MONTH:   0.05    1 = FOG OR MIST
DPTR FM NORMAL:  -2.7   DPTR FM NORMAL:   -0.14    2 = FOG REDUCING VISIBILITY
HIGHEST:    47 ON 20,19 GRTST 24HR  0.03 ON 10-10      TO 1/4 MILE OR LESS
LOWEST:    -30 ON  1                               3 = THUNDER
                        SNOW, ICE PELLETS, HAIL    4 = ICE PELLETS
                        TOTAL MONTH:   1.5 INCHES  5 = HAIL
                        GRTST 24HR   1.5 ON 10-10  6 = FREEZING RAIN OR DRIZZLE
                        GRTST DEPTH:   4 ON  4, 3  7 = DUSTSTORM OR SANDSTORM:
                                                       VSBY 1/2 MILE OR LESS
                                                   8 = SMOKE OR HAZE
[NO. OF DAYS WITH]      [WEATHER - DAYS WITH]      9 = BLOWING SNOW
                                                   X = TORNADO
MAX 32 OR BELOW:  11    0.01 INCH OR MORE:   3
MAX 90 OR ABOVE:   0    0.10 INCH OR MORE:   0
MIN 32 OR BELOW:  20    0.50 INCH OR MORE:   0
MIN  0 OR BELOW:   9    1.00 INCH OR MORE:   0

[HDD (BASE 65) ]
TOTAL THIS MO.  1027    CLEAR  (SCALE 0-3)   9
DPTR FM NORMAL    47    PTCLDY (SCALE 4-7)  10
TOTAL FM JUL 1  3857    CLOUDY (SCALE 8-10)  1
DPTR FM NORMAL  -339

[CDD (BASE 65) ]
TOTAL THIS MO.     0
DPTR FM NORMAL     0    [PRESSURE DATA]
TOTAL FM JAN 1     0    HIGHEST SLP M ON M
DPTR FM NORMAL     0    LOWEST  SLP 29.44 ON 10

[REMARKS]
