000
CXUS55 KLIX 291000
CF6MCB
PRELIMINARY LOCAL CLIMATOLOGICAL DATA (WS FORM: F-6)

                                          STATION:   MCCOMB
                                          MONTH:     AUGUST
                                          YEAR:      2016
                                          LATITUDE:   31 10 N
                                          LONGITUDE:  90 28 W

  TEMPERATURE IN F:       :PCPN:    SNOW:  WIND      :SUNSHINE: SKY     :PK WND
================================================================================
1   2   3   4   5  6A  6B    7    8   9   10  11  12  13   14  15   16   17  18
                                     12Z  AVG MX 2MIN
DY MAX MIN AVG DEP HDD CDD  WTR  SNW DPTH SPD SPD DIR MIN PSBL S-S WX    SPD DR
================================================================================

 1  94  71  83   2   0  18 0.00  0.0    0  1.6  8 330   M    M   2 12     10 200
 2  96  74  85   4   0  20 0.00  0.0    0  3.0 12 330   M    M   2 1      15 320
 3  92  78  85   4   0  20 0.02  0.0    0  3.8 16 180   M    M   2 13     20 180
 4  96  73  85   4   0  20 0.46  0.0    0  5.9 21 110   M    M   3 138    32 100
 5  94  72  83   2   0  18 0.01  0.0    0  3.4 20 350   M    M   3 13     25 350
 6  93  72  83   2   0  18 0.47  0.0    0  4.4 21  60   M    M   3 13     33  50
 7  93  75  84   3   0  19 0.00  0.0    0  4.2 13 340   M    M   2 3      16 290
 8  88  75  82   1   0  17 0.00  0.0    0  5.1 15 320   M    M   7 1      18 320
 9  90  75  83   2   0  18    T  0.0    0  4.3 20 360   M    M   3 138    23 360
10  90  74  82   1   0  17 0.16  0.0    0  4.1 18 350   M    M   4 1      22 350
11  89  76  83   2   0  18 1.84  0.0    0  5.9 17 260   M    M   7 138    22 260
12  78  71  75  -6   0  10 2.46  0.0    0  7.5 16 200   M    M  10 13     23 210
13  79  71  75  -6   0  10 0.40  0.0    0 12.7 26 170   M    M   7 1      35 170
14  88  72  80  -1   0  15 0.18  0.0    0  7.4 28 160   M    M   3 13     37 160
15  90  74  82   1   0  17    T  0.0    0  7.7 17 160   M    M   5 1      23 150
16  90  74  82   1   0  17 0.62  0.0    0  3.8 30 170   M    M   4 138    37 160
17  91  74  83   2   0  18    T  0.0    0  3.8 18 160   M    M   4        20 160
18  91  73  82   1   0  17 0.00  0.0    0  1.8 24 160   M    M   2        33 160
19  88  72  80  -1   0  15 0.21  0.0    0  3.5 20 210   M    M   1 13     26 210
20  90  72  81   0   0  16 0.00  0.0    0  4.4 16 160   M    M   1 1      20 160
21  90  71  81   0   0  16 0.68  0.0    0  2.2 21 270   M    M   2 1238   24 270
22  92  71  82   1   0  17 0.00  0.0    0  2.2 12 290   M    M   5 123    16 280
23  93  74  84   4   0  19    T  0.0    0  1.7 10  10   M    M   1 18     14  20
24  95  73  84   4   0  19 0.00  0.0    0  1.2 15 160   M    M   1 13     19 160
25  92  74  83   3   0  18 0.77  0.0    0  4.1 21 140   M    M   1 138    27 130
26  91  72  82   2   0  17 0.00  0.0    0  3.2 12 140   M    M   1 1      16 150
27  92  72  82   2   0  17    T  0.0    0  3.0 14 120   M    M   2 1      19 110
28  90  74  82   2   0  17 0.19  0.0    0  3.5 10 120   M    M   1 18     17  90
================================================================================
SM 2535 2049         0 478  8.47     0.0 119.4          M       89
================================================================================
AV 90.5 73.2                               4.3 FASTST   M    M   3    MAX(MPH)
                                 MISC ---->  # 30 170               # 37  160
================================================================================
NOTES:
# LAST OF SEVERAL OCCURRENCES

COLUMN 17 PEAK WIND IN M.P.H.

PRELIMINARY LOCAL CLIMATOLOGICAL DATA (WS FORM: F-6) , PAGE 2

                                          STATION:  MCCOMB
                                          MONTH:    AUGUST
                                          YEAR:     2016
                                          LATITUDE:   31 10 N
                                          LONGITUDE:  90 28 W

[TEMPERATURE DATA]      [PRECIPITATION DATA]       SYMBOLS USED IN COLUMN 16

AVERAGE MONTHLY: 81.9   TOTAL FOR MONTH:   8.47    1 = FOG OR MIST
DPTR FM NORMAL:   1.1   DPTR FM NORMAL:    3.59    2 = FOG REDUCING VISIBILITY
HIGHEST:    96 ON  4, 2 GRTST 24HR  3.77 ON 11-12      TO 1/4 MILE OR LESS
LOWEST:     71 ON 22,21                            3 = THUNDER
                        SNOW, ICE PELLETS, HAIL    4 = ICE PELLETS
                        TOTAL MONTH:   0.0 INCH    5 = HAIL
                        GRTST 24HR     0.0         6 = FREEZING RAIN OR DRIZZLE
                        GRTST DEPTH:   0           7 = DUSTSTORM OR SANDSTORM:
                                                       VSBY 1/2 MILE OR LESS
                                                   8 = SMOKE OR HAZE
[NO. OF DAYS WITH]      [WEATHER - DAYS WITH]      9 = BLOWING SNOW
                                                   X = TORNADO
MAX 32 OR BELOW:   0    0.01 INCH OR MORE:  14
MAX 90 OR ABOVE:  22    0.10 INCH OR MORE:  12
MIN 32 OR BELOW:   0    0.50 INCH OR MORE:   5
MIN  0 OR BELOW:   0    1.00 INCH OR MORE:   2

[HDD (BASE 65) ]
TOTAL THIS MO.     0    CLEAR  (SCALE 0-3)  18
DPTR FM NORMAL     0    PTCLDY (SCALE 4-7)   9
TOTAL FM JUL 1     0    CLOUDY (SCALE 8-10)  1
DPTR FM NORMAL     0

[CDD (BASE 65) ]
TOTAL THIS MO.   478
DPTR FM NORMAL    36    [PRESSURE DATA]
TOTAL FM JAN 1  1908    HIGHEST SLP M ON M
DPTR FM NORMAL   184    LOWEST  SLP 29.79 ON 12

[REMARKS]
