000
CXUS55 KLIX 291000
CF6MCB
PRELIMINARY LOCAL CLIMATOLOGICAL DATA (WS FORM: F-6)

                                          STATION:   MCCOMB
                                          MONTH:     MARCH
                                          YEAR:      2015
                                          LATITUDE:   31 10 N
                                          LONGITUDE:  90 28 W

  TEMPERATURE IN F:       :PCPN:    SNOW:  WIND      :SUNSHINE: SKY     :PK WND
================================================================================
1   2   3   4   5  6A  6B    7    8   9   10  11  12  13   14  15   16   17  18
                                     12Z  AVG MX 2MIN
DY MAX MIN AVG DEP HDD CDD  WTR  SNW DPTH SPD SPD DIR MIN PSBL S-S WX    SPD DR
================================================================================

 1  64  51  58   3   7   0 2.53  0.0    0  7.3 14 100   M    M   9 138    21 100
 2  64  60  62   7   3   0 0.76  0.0    0  1.9  8 170   M    M   9 1      11 120
 3  76  61  69  13   0   4 0.43  0.0    0  6.0 17 180   M    M  10 12     22 170
 4  82  66  74  18   0   9 0.01  0.0    0  8.4 20 180   M    M   9 1      25 200
 5  65  27  46 -10  19   0 0.72    T    0 15.6 26 350   M    M   7 1      36 340
 6  53  23  38 -18  27   0 0.00  0.0    0  9.5 17 360   M    M   0        21  40
 7  66  29  48  -9  17   0 0.00  0.0    0  2.5  9  10   M    M   1        12  10
 8  71  40  56  -1   9   0    T    M    0  3.5 12 170   M    M   8        16  20
 9  65  51  58   1   7   0 0.08  0.0    0  4.7 12 140   M    M  10 1      15 130
10  74  63  69  12   0   4 0.65  0.0    0  6.6 13 210   M    M  10 13     19 180
11  71  60  66   8   0   1 0.02  0.0    0  6.9 13 350   M    M   8 1      15 350
12  76  60  68  10   0   3 0.07  0.0    0  8.6 16 140   M    M  10 18     22 140
13  72  57  65   7   0   0 1.12  0.0    0  8.7 18 150   M    M   8 1      25 140
14  73  57  65   7   0   0 0.00  0.0    0  3.6 12 250   M    M   7 1      15 280
15  78  55  67   9   0   2 0.00  0.0    0  1.9 12 140   M    M   1 1      15 150
16  82  55  69  10   0   4 0.00  0.0    0  3.3 14 220   M    M   0 1      18 240
17  83  57  70  11   0   5 0.00  0.0    0  4.9 16 340   M    M   1        20 320
18  78  63  71  12   0   6 0.04  0.0    0  2.9 10  70   M    M   5 123    14  60
19  78  63  71  12   0   6 0.10  0.0    0  3.1  9 260   M    M   6 12     14 310
20  83  62  73  13   0   8 0.00  0.0    0  4.5 13 290   M    M   6 12     17 270
21  76  60  68   8   0   3 1.25  0.0    0  4.3 14 280   M    M   8 1      19 270
22  79  58  69   9   0   4 0.06  0.0    0  8.8 18 320   M    M   8 1      22 310
23  66  53  60   0   5   0 0.00  0.0    0  7.4 17 340   M    M   9 1      23 340
24  74  48  61   1   4   0 0.00  0.0    0  3.9 13 190   M    M   6        16 190
25  79  59  69   9   0   4 0.00  0.0    0  6.1 15 160   M    M   5 1      18 160
26  74  52  63   2   2   0 0.30  0.0    0  6.8 22 350   M    M   6 13     30 360
27  67  43  55  -6  10   0 0.00  0.0    0  9.6 22 330   M    M   2        29 320
28  68  38  53  -8  12   0 0.00  0.0    0  3.7 10 150   M    M   0        16 160
================================================================================
SM 2037 1471       122  63  8.14    T    165.0          M      169
================================================================================
AV 72.8 52.5                               5.9 FASTST   M    M   6    MAX(MPH)
                                 MISC ---->  # 26 350               # 36  340
================================================================================
NOTES:
# LAST OF SEVERAL OCCURRENCES

COLUMN 17 PEAK WIND IN M.P.H.

PRELIMINARY LOCAL CLIMATOLOGICAL DATA (WS FORM: F-6) , PAGE 2

                                          STATION:  MCCOMB
                                          MONTH:    MARCH
                                          YEAR:     2015
                                          LATITUDE:   31 10 N
                                          LONGITUDE:  90 28 W

[TEMPERATURE DATA]      [PRECIPITATION DATA]       SYMBOLS USED IN COLUMN 16

AVERAGE MONTHLY: 62.6   TOTAL FOR MONTH:   8.14    1 = FOG OR MIST
DPTR FM NORMAL:   4.4   DPTR FM NORMAL:    2.88    2 = FOG REDUCING VISIBILITY
HIGHEST:    83 ON 20,17 GRTST 24HR  2.53 ON  1- 1      TO 1/4 MILE OR LESS
LOWEST:     23 ON  6                               3 = THUNDER
                        SNOW, ICE PELLETS, HAIL    4 = ICE PELLETS
                        TOTAL MONTH:    T          5 = HAIL
                        GRTST 24HR    T  ON  5- 5  6 = FREEZING RAIN OR DRIZZLE
                        GRTST DEPTH:   0           7 = DUSTSTORM OR SANDSTORM:
                                                       VSBY 1/2 MILE OR LESS
                                                   8 = SMOKE OR HAZE
[NO. OF DAYS WITH]      [WEATHER - DAYS WITH]      9 = BLOWING SNOW
                                                   X = TORNADO
MAX 32 OR BELOW:   0    0.01 INCH OR MORE:  15
MAX 90 OR ABOVE:   0    0.10 INCH OR MORE:   9
MIN 32 OR BELOW:   3    0.50 INCH OR MORE:   6
MIN  0 OR BELOW:   0    1.00 INCH OR MORE:   3

[HDD (BASE 65) ]
TOTAL THIS MO.   122    CLEAR  (SCALE 0-3)   7
DPTR FM NORMAL   -94    PTCLDY (SCALE 4-7)  11
TOTAL FM JUL 1  1914    CLOUDY (SCALE 8-10) 10
DPTR FM NORMAL    -6

[CDD (BASE 65) ]
TOTAL THIS MO.    63
DPTR FM NORMAL    36    [PRESSURE DATA]
TOTAL FM JAN 1    64    HIGHEST SLP M ON M
DPTR FM NORMAL    23    LOWEST  SLP 29.80 ON 26

[REMARKS]
