000
CXUS52 KFFC 281110
CF6MCN
PRELIMINARY LOCAL CLIMATOLOGICAL DATA (WS FORM: F-6)

                                          STATION:   MACON
                                          MONTH:     APRIL
                                          YEAR:      2016
                                          LATITUDE:   32 42 N
                                          LONGITUDE:  83 39 W

  TEMPERATURE IN F:       :PCPN:    SNOW:  WIND      :SUNSHINE: SKY     :PK WND
================================================================================
1   2   3   4   5  6A  6B    7    8   9   10  11  12  13   14  15   16   17  18
                                     12Z  AVG MX 2MIN
DY MAX MIN AVG DEP HDD CDD  WTR  SNW DPTH SPD SPD DIR MIN PSBL S-S WX    SPD DR
================================================================================

 1  71  64  68   8   0   3 5.42  0.0    0  4.8 29  40   M    M   9 13     33  30
 2  70  52  61   1   4   0 0.11  0.0    0  9.1 22 300   M    M   3 1      30 270
 3  73  47  60  -1   5   0 0.00  0.0    0  7.5 21 340   M    M   0        30 330
 4  79  41  60  -1   5   0 0.00  0.0    0  4.3 14 260   M    M   0        17 260
 5  75  50  63   2   2   0 0.00  0.0    0  7.1 15 360   M    M   0        27  10
 6  69  44  57  -4   8   0 0.04    M    0  7.6 18 260   M    M   2        24 280
 7  75  51  63   1   2   0 0.31  0.0    0  9.4 29 290   M    M   3 1      38 290
 8  71  49  60  -2   5   0 0.00  0.0    0  9.5 23 330   M    M   2        31 320
 9  69  41  55  -7  10   0 0.00  0.0    0  9.8 24 320   M    M   0        31 340
10  66  35  51 -11  14   0 0.00  0.0    0  5.8 16 110   M    M   0        20 110
11  76  45  61  -1   4   0 0.05  0.0    0  5.3 16 140   M    M   4 1      24 150
12  76  57  67   5   0   2 0.30  0.0    0  4.5 12 360   M    M   7 18     17 320
13  68  51  60  -3   5   0 0.00  0.0    0  6.3 16  80   M    M   7 1      20  90
14  68  52  60  -3   5   0 0.20  0.0    0  8.1 18  90   M    M   9 1      24 110
15  62  50  56  -7   9   0 0.55  0.0    0 11.9 22  70   M    M  10 18     26  50
16  74  51  63   0   2   0 0.08  0.0    0 11.0 21  60   M    M   5 1      26  70
17  74  43  59  -5   6   0 0.00  0.0    0  4.6 16  90   M    M   0        22  50
18  80  41  61  -3   4   0 0.00  0.0    0  3.5 13 100   M    M   0 1      19 100
19  85  43  64   0   1   0 0.00  0.0    0  1.2  9 210   M    M   0 1      13 230
20  69  55  62  -2   3   0 0.00  0.0    0  3.7 12 130   0    0   0         M  M
21   M   M   M   M   M   M    M  0.0    M   M   M   M   M    M   M         M  M
22  73  59  66   1   0   1 0.28  0.0    0  2.3  9 220   M    M   7 12     12 240
23  81  57  69   4   0   4 0.00  0.0    0  5.9 15  10   M    M   3 12     19 330
24  83  51  67   2   0   2 0.00  0.0    0  3.6 10 170   M    M   0 1      14  90
25  84  57  71   5   0   6 0.00  0.0    0  5.0 13 150   M    M   3 1      18 140
26  85  59  72   6   0   7 0.00  0.0    0  3.2 12 250   M    M   3        16 190
27  86  62  74   8   0   9 0.29  0.0    0  6.2 20 240   M    M   3 1      25 240
================================================================================
SM 1942 1307        94  34  7.63     0.0 161.2            0     80
================================================================================
AV 74.7 50.3                               6.2 FASTST    0   0   3    MAX(MPH)
                                 MISC ---->  # 29  40               # 38  290
================================================================================
NOTES:
# LAST OF SEVERAL OCCURRENCES

COLUMN 17 PEAK WIND IN M.P.H.

PRELIMINARY LOCAL CLIMATOLOGICAL DATA (WS FORM: F-6) , PAGE 2

                                          STATION:  MACON
                                          MONTH:    APRIL
                                          YEAR:     2016
                                          LATITUDE:   32 42 N
                                          LONGITUDE:  83 39 W

[TEMPERATURE DATA]      [PRECIPITATION DATA]       SYMBOLS USED IN COLUMN 16

AVERAGE MONTHLY: 62.5   TOTAL FOR MONTH:   7.63    1 = FOG OR MIST
DPTR FM NORMAL:  -0.6   DPTR FM NORMAL:    4.92    2 = FOG REDUCING VISIBILITY
HIGHEST:    86 ON 27    GRTST 24HR  5.42 ON  1- 1      TO 1/4 MILE OR LESS
LOWEST:     35 ON 10                               3 = THUNDER
                        SNOW, ICE PELLETS, HAIL    4 = ICE PELLETS
                        TOTAL MONTH:   0.0 INCH    5 = HAIL
                        GRTST 24HR     0.0         6 = FREEZING RAIN OR DRIZZLE
                        GRTST DEPTH:   0           7 = DUSTSTORM OR SANDSTORM:
                                                       VSBY 1/2 MILE OR LESS
                                                   8 = SMOKE OR HAZE
[NO. OF DAYS WITH]      [WEATHER - DAYS WITH]      9 = BLOWING SNOW
                                                   X = TORNADO
MAX 32 OR BELOW:   0    0.01 INCH OR MORE:  11
MAX 90 OR ABOVE:   0    0.10 INCH OR MORE:   8
MIN 32 OR BELOW:   0    0.50 INCH OR MORE:   2
MIN  0 OR BELOW:   0    1.00 INCH OR MORE:   1

[HDD (BASE 65) ]
TOTAL THIS MO.    94    CLEAR  (SCALE 0-3)  17
DPTR FM NORMAL   -12    PTCLDY (SCALE 4-7)   6
TOTAL FM JUL 1  1787    CLOUDY (SCALE 8-10)  3
DPTR FM NORMAL  -516

[CDD (BASE 65) ]
TOTAL THIS MO.    34
DPTR FM NORMAL   -18    [PRESSURE DATA]
TOTAL FM JAN 1    87    HIGHEST SLP  0.00 ON 20
DPTR FM NORMAL    14    LOWEST  SLP 29.72 ON  2

[REMARKS]
