000
CXUS52 KFFC 261110
CF6MCN
PRELIMINARY LOCAL CLIMATOLOGICAL DATA (WS FORM: F-6)

                                          STATION:   MACON
                                          MONTH:     JUNE
                                          YEAR:      2017
                                          LATITUDE:   32 42 N
                                          LONGITUDE:  83 39 W

  TEMPERATURE IN F:       :PCPN:    SNOW:  WIND      :SUNSHINE: SKY     :PK WND
================================================================================
1   2   3   4   5  6A  6B    7    8   9   10  11  12  13   14  15   16   17  18
                                     12Z  AVG MX 2MIN
DY MAX MIN AVG DEP HDD CDD  WTR  SNW DPTH SPD SPD DIR MIN PSBL S-S WX    SPD DR
================================================================================

 1  86  67  77   1   0  12 0.36  0.0    0  2.4 12  30   M    M   5 13     14  30
 2  89  67  78   2   0  13    T  0.0    0  2.8  8  50   M    M   2 12     11  50
 3  93  69  81   4   0  16 0.00  0.0    0  1.5 10 110   M    M   1        14 130
 4  87  69  78   1   0  13 1.23  0.0    0  3.2 21 170   M    M   3 13     28 170
 5  85  72  79   2   0  14 0.11  0.0    0  4.9 17 300   M    M   8 1      24 210
 6  79  72  76  -1   0  11 0.37  0.0    0  2.4 13 360   M    M   8 3      16  10
 7  77  64  71  -7   0   6 0.24  0.0    0  7.6 20  30   M    M   6 1      26  30
 8  83  62  73  -5   0   8 0.00  0.0    0  5.8 15  50   M    M   1        19  40
 9  88  60  74  -4   0   9 0.00  0.0    0  2.6  9 270   M    M   2 1      13 220
10  89  63  76  -2   0  11 0.00  0.0    0  3.7 12 130   M    M   1        17 110
11  87  70  79   1   0  14 0.44  0.0    0  6.3 22 130   M    M   6 1      28 130
12  85  71  78   0   0  13 0.07  0.0    0  3.4 13 170   M    M   5 13     16 120
13  86  70  78  -1   0  13 0.00  0.0    0  3.3 10 210   M    M   1        14 190
14  90  67  79   0   0  14 0.00  0.0    0  3.9 12 250   M    M   2 1      14 250
15  93  70  82   3   0  17 0.14  0.0    0  4.9 18 320   M    M   3 13     24 320
16  89  67  78  -1   0  13 0.00  0.0    0  4.6 10 270   M    M   3        16 300
17  92  70  81   2   0  16 0.00  0.0    0  4.6 15 210   M    M   1 3      21 220
18  91  70  81   1   0  16 0.00  0.0    0  5.3 14 240   M    M   4 3      22 210
19  91  70  81   1   0  16 0.00  0.0    0  4.1 20 170   M    M   2        24 170
20  76  72  74  -6   0   9 0.55  0.0    0  3.5  9 170   M    M   6 1      13 190
21  81  72  77  -3   0  12 0.39  0.0    0  5.0 12 140   M    M   8 1      16 150
22  90  72  81   1   0  16 0.48  0.0    0  5.4 29 230   M    M   3 13     40 230
23  92  71  82   2   0  17 0.00  0.0    0  8.6 18 210   M    M   2 1      24 200
24  88  74  81   1   0  16 0.17  0.0    0  5.6 20 310   M    M   7 13     26 320
25  88  69  79  -1   0  14 0.00  0.0    0  5.9 13 310   M    M   5 1      22 290
================================================================================
SM 2175 1720         0 329  4.55     0.0 111.3          M       95
================================================================================
AV 87.0 68.8                               4.5 FASTST   M    M   4    MAX(MPH)
                                 MISC ---->  # 29 230               # 40  230
================================================================================
NOTES:
# LAST OF SEVERAL OCCURRENCES

COLUMN 17 PEAK WIND IN M.P.H.

PRELIMINARY LOCAL CLIMATOLOGICAL DATA (WS FORM: F-6) , PAGE 2

                                          STATION:  MACON
                                          MONTH:    JUNE
                                          YEAR:     2017
                                          LATITUDE:   32 42 N
                                          LONGITUDE:  83 39 W

[TEMPERATURE DATA]      [PRECIPITATION DATA]       SYMBOLS USED IN COLUMN 16

AVERAGE MONTHLY: 77.9   TOTAL FOR MONTH:   4.55    1 = FOG OR MIST
DPTR FM NORMAL:  -0.6   DPTR FM NORMAL:    1.22    2 = FOG REDUCING VISIBILITY
HIGHEST:    93 ON 15, 3 GRTST 24HR  1.23 ON  4- 4      TO 1/4 MILE OR LESS
LOWEST:     60 ON  9                               3 = THUNDER
                        SNOW, ICE PELLETS, HAIL    4 = ICE PELLETS
                        TOTAL MONTH:   0.0 INCH    5 = HAIL
                        GRTST 24HR     0.0         6 = FREEZING RAIN OR DRIZZLE
                        GRTST DEPTH:   0           7 = DUSTSTORM OR SANDSTORM:
                                                       VSBY 1/2 MILE OR LESS
                                                   8 = SMOKE OR HAZE
[NO. OF DAYS WITH]      [WEATHER - DAYS WITH]      9 = BLOWING SNOW
                                                   X = TORNADO
MAX 32 OR BELOW:   0    0.01 INCH OR MORE:  12
MAX 90 OR ABOVE:   8    0.10 INCH OR MORE:  11
MIN 32 OR BELOW:   0    0.50 INCH OR MORE:   2
MIN  0 OR BELOW:   0    1.00 INCH OR MORE:   1

[HDD (BASE 65) ]
TOTAL THIS MO.     0    CLEAR  (SCALE 0-3)  13
DPTR FM NORMAL     0    PTCLDY (SCALE 4-7)  12
TOTAL FM JUL 1  1480    CLOUDY (SCALE 8-10)  0
DPTR FM NORMAL  -842

[CDD (BASE 65) ]
TOTAL THIS MO.   329
DPTR FM NORMAL   -11    [PRESSURE DATA]
TOTAL FM JAN 1   774    HIGHEST SLP M ON M
DPTR FM NORMAL   121    LOWEST  SLP 29.72 ON  6

[REMARKS]
