000
CXUS52 KFFC 311110
CF6MCN
PRELIMINARY LOCAL CLIMATOLOGICAL DATA (WS FORM: F-6)

                                          STATION:   MACON
                                          MONTH:     JANUARY
                                          YEAR:      2015
                                          LATITUDE:   32 42 N
                                          LONGITUDE:  83 39 W

  TEMPERATURE IN F:       :PCPN:    SNOW:  WIND      :SUNSHINE: SKY     :PK WND
================================================================================
1   2   3   4   5  6A  6B    7    8   9   10  11  12  13   14  15   16   17  18
                                     12Z  AVG MX 2MIN
DY MAX MIN AVG DEP HDD CDD  WTR  SNW DPTH SPD SPD DIR MIN PSBL S-S WX    SPD DR
================================================================================

 1  60  29  45  -1  20   0    T  0.0    0  1.1  7 310   M    M   0 1      24  20
 2  56  45  51   5  14   0 0.05  0.0    0  2.2 12  30   M    M   8 1      15  10
 3  64  51  58  12   7   0 0.22  0.0    0  3.6  9 100   M    M  10 12     10 190
 4  67  47  57  11   8   0 0.38  0.0    0  8.5 21 330   M    M   6 1      30 330
 5  56  33  45  -1  20   0 0.00  0.0    0  6.0 16 320   M    M   0        22 340
 6  62  27  45  -1  20   0 0.00  0.0    0  5.4 16 290   M    M   0        22 270
 7  49  22  36 -10  29   0 0.00  0.0    0 11.8 24 350   M    M   0        31 340
 8  34  14  24 -22  41   0 0.00  0.0    0  5.9 20 350   M    M   0        24 350
 9  47  20  34 -12  31   0 0.00  0.0    0  5.6 14 300   M    M   2        17 290
10  51  26  39  -7  26   0 0.00  0.0    0  5.7 15  30   M    M   0        18  30
11  50  27  39  -7  26   0 0.06  0.0    0  6.9 14  70   M    M   9 1      17  70
12  47  40  44  -2  21   0 0.06  0.0    0  2.8  9  40   M    M  10 12     12  30
13  51  43  47   1  18   0 0.01  0.0    0  5.8 13  60   M    M  10 12     16  70
14  43  40  42  -4  23   0 0.00  0.0    0  5.5 12  30   M    M  10 1      14  40
15  43  40  42  -4  23   0 0.05  0.0    0  1.7  7 320   M    M  10 1      18 220
16  60  32  46   0  19   0 0.00  0.0    0  4.1 12 310   M    M   1 1      15 330
17  61  27  44  -2  21   0 0.00  0.0    0  2.8 12 140   M    M   0        16 130
18  64  32  48   2  17   0 0.00  0.0    0  6.0 23 280   M    M   1 1      32 280
19  67  27  47   1  18   0 0.00  0.0    0  4.6 14 260   M    M   0        18 220
20  66  35  51   5  14   0 0.00  0.0    0  4.0 15 270   M    M   0        20 280
21  69  34  52   6  13   0 0.00  0.0    0  3.8 14 320   M    M   0 1      18 320
22  60  37  49   3  16   0 0.00  0.0    0  5.3 13  40   M    M   3        14  30
23  51  45  48   1  17   0 1.56    M    0  8.2 17 100   M    M  10 1      22  90
24  53  37  45  -2  20   0 0.05  0.0    0 10.3 24 300   M    M   5 1      32 290
25  59  28  44  -3  21   0 0.00  0.0    0  5.3 20 190   M    M   0        25 190
26  50  34  42  -5  23   0 0.00  0.0    0 11.0 24 300   M    M   6        33 310
27  56  28  42  -5  23   0 0.00  0.0    0  7.2 25 340   M    M   3 1      35 340
28  55  26  41  -6  24   0 0.00  0.0    0  2.8 14  30   M    M   0        18  40
29  58  27  43  -4  22   0 0.00  0.0    0  4.9 13 190   M    M   1 1      20 200
30  57  36  47   0  18   0 0.00  0.0    0 10.5 23 330   M    M   1        29 320
================================================================================
SM 1666  989       613   0  2.44     0.0 169.3          M      106
================================================================================
AV 55.5 33.0                               5.6 FASTST   M    M   4    MAX(MPH)
                                 MISC ---->  # 25 340               # 35  340
================================================================================
NOTES:
# LAST OF SEVERAL OCCURRENCES

COLUMN 17 PEAK WIND IN M.P.H.

PRELIMINARY LOCAL CLIMATOLOGICAL DATA (WS FORM: F-6) , PAGE 2

                                          STATION:  MACON
                                          MONTH:    JANUARY
                                          YEAR:     2015
                                          LATITUDE:   32 42 N
                                          LONGITUDE:  83 39 W

[TEMPERATURE DATA]      [PRECIPITATION DATA]       SYMBOLS USED IN COLUMN 16

AVERAGE MONTHLY: 44.2   TOTAL FOR MONTH:   2.44    1 = FOG OR MIST
DPTR FM NORMAL:  -2.0   DPTR FM NORMAL:   -1.65    2 = FOG REDUCING VISIBILITY
HIGHEST:    69 ON 21    GRTST 24HR  1.61 ON 23-24      TO 1/4 MILE OR LESS
LOWEST:     14 ON  8                               3 = THUNDER
                        SNOW, ICE PELLETS, HAIL    4 = ICE PELLETS
                        TOTAL MONTH:   0.0 INCH    5 = HAIL
                        GRTST 24HR     0.0         6 = FREEZING RAIN OR DRIZZLE
                        GRTST DEPTH:   0           7 = DUSTSTORM OR SANDSTORM:
                                                       VSBY 1/2 MILE OR LESS
                                                   8 = SMOKE OR HAZE
[NO. OF DAYS WITH]      [WEATHER - DAYS WITH]      9 = BLOWING SNOW
                                                   X = TORNADO
MAX 32 OR BELOW:   0    0.01 INCH OR MORE:   9
MAX 90 OR ABOVE:   0    0.10 INCH OR MORE:   3
MIN 32 OR BELOW:  15    0.50 INCH OR MORE:   1
MIN  0 OR BELOW:   0    1.00 INCH OR MORE:   1

[HDD (BASE 65) ]
TOTAL THIS MO.   613    CLEAR  (SCALE 0-3)  19
DPTR FM NORMAL    51    PTCLDY (SCALE 4-7)   4
TOTAL FM JUL 1  1600    CLOUDY (SCALE 8-10)  7
DPTR FM NORMAL   113

[CDD (BASE 65) ]
TOTAL THIS MO.     0
DPTR FM NORMAL     0    [PRESSURE DATA]
TOTAL FM JAN 1     0    HIGHEST SLP M ON M
DPTR FM NORMAL     0    LOWEST  SLP 29.67 ON 24

[REMARKS]
