000
CXUS52 KMLB 230710
CF6MCO
PRELIMINARY LOCAL CLIMATOLOGICAL DATA (WS FORM: F-6)
STATION: ORLANDO INTL
MONTH: APRIL
YEAR: 2024
LATITUDE: 28 25 N
LONGITUDE: 81 19 W
TEMPERATURE IN F: :PCPN: SNOW: WIND :SUNSHINE: SKY :PK WND
================================================================================
1 2 3 4 5 6A 6B 7 8 9 10 11 12 13 14 15 16 17 18
12Z AVG MX 2MIN
DY MAX MIN AVG DEP HDD CDD WTR SNW DPTH SPD SPD DIR MIN PSBL S-S WX SPD DR
================================================================================
1 86 60 73 3 0 8 0.00 0.0 0 6.3 15 140 M M 7 20 180
2 88 63 76 6 0 11 0.00 0.0 0 8.8 17 180 M M 7 1 26 170
3 88 62 75 5 0 10 0.81 0.0 0 14.4 33 210 M M 8 13 47 210
4 78 60 69 -1 0 4 0.00 0.0 0 10.7 21 250 M M 6 30 270
5 80 53 67 -3 0 2 0.00 0.0 0 9.6 22 260 M M 1 29 270
6 78 58 68 -2 0 3 0.00 0.0 0 6.9 14 60 M M 2 20 70
7 80 54 67 -4 0 2 0.00 0.0 0 7.9 17 60 M M 5 24 50
8 79 59 69 -2 0 4 0.00 0.0 0 8.3 17 100 M M 7 25 90
9 83 62 73 2 0 8 0.00 0.0 0 10.4 22 140 M M 8 32 100
10 88 67 78 7 0 13 0.00 0.0 0 12.8 22 150 M M 6 29 140
11 83 70 77 6 0 12 0.38 0.0 0 14.9 29 210 M M 7 13 43 200
12 81 62 72 0 0 7 0.00 0.0 0 13.1 23 270 M M 2 32 270
13 81 57 69 -3 0 4 0.00 0.0 0 7.2 18 20 M M 1 24 20
14 84 52 68 -4 0 3 0.00 0.0 0 4.2 16 120 M M 1 21 100
15 85 58 72 0 0 7 0.00 0.0 0 5.7 15 110 M M 3 30 90
16 85 61 73 1 0 8 0.00 0.0 0 8.0 18 100 M M 3 29 100
17 85 64 75 3 0 10 0.00 0.0 0 8.2 16 90 M M 5 27 80
18 88 65 77 4 0 12 0.00 0.0 0 4.6 16 110 M M 5 21 110
19 91 64 78 5 0 13 0.00 0.0 0 4.6 14 310 M M 3 18 310
20 91 67 79 6 0 14 0.00 0.0 0 4.8 12 110 M M 1 19 270
21 89 66 78 5 0 13 0.00 0.0 0 9.2 20 260 M M 7 28 260
22 78 60 69 -4 0 4 0.14 0.0 0 11.3 21 20 M M 7 13 30 40
================================================================================
SM 1849 1344 0 172 1.33 0.0 191.9 M 102
================================================================================
AV 84.0 61.1 8.7 FASTST M M 5 MAX(MPH)
MISC ----> 33 210 47 210
================================================================================
NOTES:
# LAST OF SEVERAL OCCURRENCES
COLUMN 17 PEAK WIND IN M.P.H.
PRELIMINARY LOCAL CLIMATOLOGICAL DATA (WS FORM: F-6) , PAGE 2
STATION: ORLANDO INTL
MONTH: APRIL
YEAR: 2024
LATITUDE: 28 25 N
LONGITUDE: 81 19 W
[TEMPERATURE DATA] [PRECIPITATION DATA] SYMBOLS USED IN COLUMN 16
AVERAGE MONTHLY: 72.6 TOTAL FOR MONTH: 1.33 1 = FOG OR MIST
DPTR FM NORMAL: 1.1 DPTR FM NORMAL: -0.57 2 = FOG REDUCING VISIBILITY
HIGHEST: 91 ON 20,19 GRTST 24HR 0.81 ON 3- 3 TO 1/4 MILE OR LESS
LOWEST: 52 ON 14 3 = THUNDER
SNOW, ICE PELLETS, HAIL 4 = ICE PELLETS
TOTAL MONTH: 0.0 INCH 5 = HAIL
GRTST 24HR 0.0 6 = FREEZING RAIN OR DRIZZLE
GRTST DEPTH: 0 7 = DUSTSTORM OR SANDSTORM:
VSBY 1/2 MILE OR LESS
8 = SMOKE OR HAZE
[NO. OF DAYS WITH] [WEATHER - DAYS WITH] 9 = BLOWING SNOW
X = TORNADO
MAX 32 OR BELOW: 0 0.01 INCH OR MORE: 3
MAX 90 OR ABOVE: 2 0.10 INCH OR MORE: 3
MIN 32 OR BELOW: 0 0.50 INCH OR MORE: 1
MIN 0 OR BELOW: 0 1.00 INCH OR MORE: 0
[HDD (BASE 65) ]
TOTAL THIS MO. 0 CLEAR (SCALE 0-3) 8
DPTR FM NORMAL -4 PTCLDY (SCALE 4-7) 12
TOTAL FM JUL 1 331 CLOUDY (SCALE 8-10) 2
DPTR FM NORMAL -188
[CDD (BASE 65) ]
TOTAL THIS MO. 172
DPTR FM NORMAL 22 [PRESSURE DATA]
TOTAL FM JAN 1 499 HIGHEST SLP M ON M
DPTR FM NORMAL 109 LOWEST SLP 29.64 ON 3
[REMARKS]