000
CXUS53 KDMX 290920
CF6MCW
PRELIMINARY LOCAL CLIMATOLOGICAL DATA (WS FORM: F-6)

                                          STATION:   MASON CITY IA
                                          MONTH:     JUNE
                                          YEAR:      2017
                                          LATITUDE:   43  9 N
                                          LONGITUDE:  93 20 W

  TEMPERATURE IN F:       :PCPN:    SNOW:  WIND      :SUNSHINE: SKY     :PK WND
================================================================================
1   2   3   4   5  6A  6B    7    8   9   10  11  12  13   14  15   16   17  18
                                     12Z  AVG MX 2MIN
DY MAX MIN AVG DEP HDD CDD  WTR  SNW DPTH SPD SPD DIR MIN PSBL S-S WX    SPD DR
================================================================================

 1  81  44  63  -1   2   0 0.00  0.0    0  3.6 12 260   M    M   0        16 230
 2  88  53  71   7   0   6 0.02  0.0    0 10.0 21 210   M    M   2 3      27 210
 3  92  66  79  15   0  14    T  0.0    0 13.3 23 240   M    M   1        32 240
 4  89  59  74   9   0   9 0.00  0.0    0  7.8 16 310   M    M   0        21 300
 5  85  53  69   4   0   4 0.00  0.0    0 10.6 20  20   M    M   0        32  30
 6  82  51  67   2   0   2 0.00  0.0    0  5.6 10  90   M    M   0        20  70
 7  85  50  68   2   0   3 0.00  0.0    0  7.2 16 180   M    M   0        21 230
 8  89  62  76  10   0  11 0.00  0.0    0 10.8 20 270   M    M   5 3      27 270
 9  90  56  73   7   0   8 0.01  0.0    0  8.2 23 210   M    M   1 138    28 220
10  94  69  82  15   0  17 0.00  0.0    0 18.8 36 220   M    M   2        44 210
11  95  74  85  18   0  20 0.12  0.0    0 16.5 38 310   M    M   4 38     45 310
12  86  67  77  10   0  12 0.03  0.0    0  8.7 23  10   M    M   6 3      30  20
13  93  68  81  13   0  16 0.02  0.0    0 17.3 33 260   M    M   2 3      43 270
14  84  64  74   6   0   9 0.33  0.0    0 10.3 26 240   M    M   0 13     34 240
15  90  58  74   6   0   9 0.00  0.0    0  6.9 17 290   M    M   0        22 300
16  90  59  75   6   0  10 0.26  0.0    0  6.8 23 200   M    M   3 13     33 220
17  79  59  69   0   0   4 0.01  0.0    0  6.8 22 310   M    M   6 12     28 310
18  74  57  66  -3   0   1    T  0.0    0 13.3 22 280   M    M   6        29 330
19  78  53  66  -3   0   1 0.00  0.0    0 14.0 30 310   M    M   1        37 330
20  80  52  66  -4   0   1 0.00  0.0    0 10.3 21 330   M    M   0        30 300
21  77  54  66  -4   0   1 0.21  0.0    0 11.5 25 160   M    M   3 13     30 150
22  78  66  72   2   0   7 1.57  0.0    0 10.7 21 350   M    M   9 13     27 110
23  72  54  63  -7   2   0 0.00  0.0    0 14.2 31 320   M    M   4        39 310
24  73  49  61 -10   4   0 0.01    M    0 15.0 32 300   M    M   2 3      41 300
25  70  48  59 -12   6   0 0.00  0.0    0 14.2 28 320   M    M   4        34 320
26  71  50  61 -10   4   0 0.00  0.0    0  9.2 20  10   M    M   2        26 330
27  77  46  62  -9   3   0 0.00  0.0    0  9.4 21 170   M    M   0        30 210
28  81  63  72   1   0   7 0.40  0.0    0 13.9 39 210   M    M   6 13     48 220
================================================================================
SM 2323 1604        21 172  2.99     0.0 304.9          M       69
================================================================================
AV 83.0 57.3                              10.9 FASTST   M    M   2    MAX(MPH)
                                 MISC ---->  # 39 210               # 48  220
================================================================================
NOTES:
# LAST OF SEVERAL OCCURRENCES

COLUMN 17 PEAK WIND IN M.P.H.

PRELIMINARY LOCAL CLIMATOLOGICAL DATA (WS FORM: F-6) , PAGE 2

                                          STATION:  MASON CITY IA
                                          MONTH:    JUNE
                                          YEAR:     2017
                                          LATITUDE:   43  9 N
                                          LONGITUDE:  93 20 W

[TEMPERATURE DATA]      [PRECIPITATION DATA]       SYMBOLS USED IN COLUMN 16

AVERAGE MONTHLY: 70.1   TOTAL FOR MONTH:   2.99    1 = FOG OR MIST
DPTR FM NORMAL:   2.2   DPTR FM NORMAL:   -1.82    2 = FOG REDUCING VISIBILITY
HIGHEST:    95 ON 11    GRTST 24HR  1.57 ON 22-22      TO 1/4 MILE OR LESS
LOWEST:     44 ON  1                               3 = THUNDER
                        SNOW, ICE PELLETS, HAIL    4 = ICE PELLETS
                        TOTAL MONTH:   0.0 INCH    5 = HAIL
                        GRTST 24HR     0.0         6 = FREEZING RAIN OR DRIZZLE
                        GRTST DEPTH:   0           7 = DUSTSTORM OR SANDSTORM:
                                                       VSBY 1/2 MILE OR LESS
                                                   8 = SMOKE OR HAZE
[NO. OF DAYS WITH]      [WEATHER - DAYS WITH]      9 = BLOWING SNOW
                                                   X = TORNADO
MAX 32 OR BELOW:   0    0.01 INCH OR MORE:  12
MAX 90 OR ABOVE:   7    0.10 INCH OR MORE:   6
MIN 32 OR BELOW:   0    0.50 INCH OR MORE:   1
MIN  0 OR BELOW:   0    1.00 INCH OR MORE:   1

[HDD (BASE 65) ]
TOTAL THIS MO.    21    CLEAR  (SCALE 0-3)  19
DPTR FM NORMAL   -23    PTCLDY (SCALE 4-7)   8
TOTAL FM JUL 1  6692    CLOUDY (SCALE 8-10)  1
DPTR FM NORMAL  -987

[CDD (BASE 65) ]
TOTAL THIS MO.   172
DPTR FM NORMAL    47    [PRESSURE DATA]
TOTAL FM JAN 1   197    HIGHEST SLP M ON M
DPTR FM NORMAL    37    LOWEST  SLP 29.50 ON 16

[REMARKS]
