000
CXUS54 KMAF 291100
CF6MDD
PRELIMINARY LOCAL CLIMATOLOGICAL DATA (WS FORM: F-6)

                                          STATION:   Midland Airpark
                                          MONTH:     JUNE
                                          YEAR:      2015
                                          LATITUDE:   32  2 N
                                          LONGITUDE: 102  6 W

  TEMPERATURE IN F:       :PCPN:    SNOW:  WIND      :SUNSHINE: SKY     :PK WND
================================================================================
1   2   3   4   5  6A  6B    7    8   9   10  11  12  13   14  15   16   17  18
                                     12Z  AVG MX 2MIN
DY MAX MIN AVG DEP HDD CDD  WTR  SNW DPTH SPD SPD DIR MIN PSBL S-S WX    SPD DR
================================================================================

 1  91  64  78   M   0  13 0.00  0.0    0 10.3 17 150   M    M   0        24 150
 2  93  67  80   M   0  15 0.00  0.0    0 10.7 18 150   M    M   0        25 170
 3  96  67  82   M   0  17 0.00  0.0    0 12.0 17 150   M    M   0        22 150
 4  93  68  81   M   0  16 0.00  0.0    0 14.4 21 140   M    M   1        27 140
 5  90  67  79   M   0  14 0.00  0.0    0 13.2 20 150   M    M   2        28 150
 6  91  68  80   M   0  15 0.00  0.0    0 11.1 16 170   M    M   2        23 150
 7  92  68  80   M   0  15 0.00  0.0    0 10.1 15 150   M    M   0        23 170
 8  93  71  82   M   0  17 0.00  0.0    0  6.7 13 120   M    M   0         M  M
 9  94  73  84   M   0  19 0.00  0.0    0  6.3 13 140   M    M   1        16 200
10  97  73  85   M   0  20 0.00  0.0    0 11.7 16 140   M    M   0        22 160
11 101  72  87   M   0  22 0.00  0.0    0 13.2 20 140   M    M   0        27 150
12  93  72  83   M   0  18 0.07  0.0    0 13.2 25 140   M    M   3 3      35 140
13  93  69  81   M   0  16 0.00  0.0    0 11.1 21 140   M    M   5        28 180
14  94  64  79   M   0  14 0.14  0.0    0  8.9 23 290   M    M   2 3      37 290
15  82  69  76   M   0  11 0.02  0.0    0  6.0 16 150   M    M   1        35 150
16  87  67  77   M   0  12 0.00  0.0    0  7.6 13 100   M    M   5        21 100
17  91  69  80   M   0  15 0.00  0.0    0  4.9  8  10   M    M   5         M  M
18  95  72  84   M   0  19 0.00  0.0    0  7.4 13 160   M    M   1        18 110
19  93  73  83   M   0  18 0.00  0.0    0  8.9 17 150   M    M   2        21 120
20  93  69  81   M   0  16 0.00  0.0    0 11.8 16 160   M    M   3        22 170
21  94  73  84   M   0  19 0.00  0.0    0 10.5 15 150   M    M   4        23 130
22  90  72  81   M   0  16 0.00  0.0    0 14.6 20 140   M    M   6        27 140
23  92  70  81   M   0  16 0.00  0.0    0 12.0 20 140   M    M   5 8      27 140
24  92  70  81   M   0  16 0.00  0.0    0 11.6 18 160   M    M   0        25 150
25  96  72  84   M   0  19 0.00  0.0    0 11.6 17 160   M    M   2        24 150
26  97  73  85   M   0  20 0.00  0.0    0  8.5 18 230   M    M   1 8      27 230
27  94  73  84   M   0  19 0.00  0.0    0  7.9 18  60   M    M   4        30  40
28  95  68  82   M   0  17 0.00  0.0    0  4.6 10 140   M    M   1        18 140
================================================================================
SM 2602 1953         0 464  0.23     0.0 280.8          M       56
================================================================================
AV 92.9 69.8                              10.0 FASTST   M    M   2    MAX(MPH)
                                 MISC ---->    25   M                 37    M
================================================================================
NOTES:
# LAST OF SEVERAL OCCURRENCES

COLUMN 17 PEAK WIND IN M.P.H.

PRELIMINARY LOCAL CLIMATOLOGICAL DATA (WS FORM: F-6) , PAGE 2

                                          STATION:  Midland Airpark
                                          MONTH:    JUNE
                                          YEAR:     2015
                                          LATITUDE:   32  2 N
                                          LONGITUDE: 102  6 W

[TEMPERATURE DATA]      [PRECIPITATION DATA]       SYMBOLS USED IN COLUMN 16

AVERAGE MONTHLY: 81.3   TOTAL FOR MONTH:   0.23    1 = FOG OR MIST
DPTR FM NORMAL:     M   DPTR FM NORMAL:       M    2 = FOG REDUCING VISIBILITY
HIGHEST:   101 ON 11    GRTST 24HR  0.14 ON 14-14      TO 1/4 MILE OR LESS
LOWEST:     64 ON 14, 1                            3 = THUNDER
                        SNOW, ICE PELLETS, HAIL    4 = ICE PELLETS
                        TOTAL MONTH:   0.0 INCH    5 = HAIL
                        GRTST 24HR     0.0         6 = FREEZING RAIN OR DRIZZLE
                        GRTST DEPTH:   0           7 = DUSTSTORM OR SANDSTORM:
                                                       VSBY 1/2 MILE OR LESS
                                                   8 = SMOKE OR HAZE
[NO. OF DAYS WITH]      [WEATHER - DAYS WITH]      9 = BLOWING SNOW
                                                   X = TORNADO
MAX 32 OR BELOW:   0    0.01 INCH OR MORE:   3
MAX 90 OR ABOVE:  26    0.10 INCH OR MORE:   1
MIN 32 OR BELOW:   0    0.50 INCH OR MORE:   0
MIN  0 OR BELOW:   0    1.00 INCH OR MORE:   0

[HDD (BASE 65) ]
TOTAL THIS MO.     0    CLEAR  (SCALE 0-3)  19
DPTR FM NORMAL     M    PTCLDY (SCALE 4-7)   9
TOTAL FM JUL 1  2377    CLOUDY (SCALE 8-10)  0
DPTR FM NORMAL     M

[CDD (BASE 65) ]
TOTAL THIS MO.   464
DPTR FM NORMAL     M    [PRESSURE DATA]
TOTAL FM JAN 1   890    HIGHEST SLP M ON M
DPTR FM NORMAL     M    LOWEST  SLP M ON M

[REMARKS]
