046
CXUS56 KPDT 291832
CF6MEH
PRELIMINARY LOCAL CLIMATOLOGICAL DATA (WS FORM: F-6)

                                          STATION:   MEACHAM OR
                                          MONTH:     APRIL
                                          YEAR:      2016
                                          LATITUDE:   45 30 N
                                          LONGITUDE: 118 24 W

  TEMPERATURE IN F:       :PCPN:    SNOW:  WIND      :SUNSHINE: SKY     :PK WND
================================================================================
1   2   3   4   5  6A  6B    7    8   9   10  11  12  13   14  15   16   17  18
                                     12Z  AVG MX 2MIN
DY MAX MIN AVG DEP HDD CDD  WTR  SNW DPTH SPD SPD DIR MIN PSBL S-S WX    SPD DR
================================================================================

 1  67  28  48  10  17   0 0.00  0.0    0  0.8  7  20   M    M   0        12 280
 2  67  30  49  11  16   0 0.00  0.0    0  1.1  8 260   M    M   0        14 290
 3  67  29  48   9  17   0 0.00  0.0    0  0.8  7 250   M    M   2        13 290
 4  48  35  42   3  23   0 0.28    M    0  3.7 12 280   M    M   8 1      22 270
 5  51  30  41   2  24   0 0.00  0.0    0  1.5  8 260   M    M   5        16 310
 6  68  28  48   9  17   0 0.00  0.0    0  1.1  8 320   M    M   0        14 330
 7  77  29  53  14  12   0 0.00  0.0    0  1.1 10  80   M    M   0        15  70
 8  80  32  56  17   9   0 0.00  0.0    0  0.6  8  20   M    M   0        12 350
 9  71  31  51  11  14   0 0.00  0.0    0  1.4  9 260   M    M   0        14 270
10  62  31  47   7  18   0 0.00  0.0    0  1.5  9 270   M    M   0        13 310
11  67  29  48   8  17   0 0.00  0.0    0  1.3  8 260   M    M   1        14 300
12  53  37  45   5  20   0 0.06    M    0  0.9  7 300   M    M   8        10 300
13  51  34  43   3  22   0 0.14  0.0    0  1.4  7  90   M    M   9 1      12 300
14  52  33  43   3  22   0 0.35    M    0  1.3  9 280   M    M   8 1      21 310
15  50  29  40   0  25   0 0.02    M    0  1.0  7 260   M    M   7 1      12 260
16  59  25  42   1  23   0 0.00  0.0    0  1.4  8  20   M    M   0        16  40
17  69  28  49   8  16   0 0.00  0.0    0  1.4  8  10   M    M   0        13  10
18  71  30  51  10  14   0 0.00  0.0    0  1.4  7  20   M    M   0        13  20
19  75  30  53  12  12   0 0.00  0.0    0  1.3  9  30   M    M   0        15  30
20  79  30  55  14  10   0 0.00  0.0    0  1.0  8 270   M    M   0        15 290
21  74  38  56  14   9   0 0.00  0.0    0  1.2  8  70   M    M   0        14 360
22  72  43  58  16   7   0 0.32    M    0  1.8 10 280   M    M   3 1      22 290
23  56  41  49   7  16   0 0.00  0.0    0  3.2 10 270   M    M   8        19 270
24  51  34  43   1  22   0 0.11  0.0    0  1.9  8 300   M    M   8        14 290
25  49  32  41  -1  24   0 0.00  0.0    0  1.8  8 280   M    M   8        15 290
26  55  33  44   1  21   0 0.00  0.0    0  1.3  8  20   M    M   6        16 350
27  52  33  43   0  22   0    T  0.0    0  0.9  6 300   M    M   8        11 340
28  56  41  49   6  16   0 0.00  0.0    0  2.1  6  99   M    M   8         M  M
================================================================================
SM 1749  903       485   0  1.28     0.0  40.2          M       97
================================================================================
AV 62.5 32.2                               1.4 FASTST   M    M   3    MAX(MPH)
                                 MISC ---->  # 12 280               # 22  270
================================================================================
NOTES:
# LAST OF SEVERAL OCCURRENCES

COLUMN 17 PEAK WIND IN M.P.H.

PRELIMINARY LOCAL CLIMATOLOGICAL DATA (WS FORM: F-6) , PAGE 2

                                          STATION:  MEACHAM OR
                                          MONTH:    APRIL
                                          YEAR:     2016
                                          LATITUDE:   45 30 N
                                          LONGITUDE: 118 24 W

[TEMPERATURE DATA]      [PRECIPITATION DATA]       SYMBOLS USED IN COLUMN 16

AVERAGE MONTHLY: 47.4   TOTAL FOR MONTH:   1.28    1 = FOG OR MIST
DPTR FM NORMAL:   6.9   DPTR FM NORMAL:   -1.65    2 = FOG REDUCING VISIBILITY
HIGHEST:    80 ON  8    GRTST 24HR  0.35 ON 13-14      TO 1/4 MILE OR LESS
LOWEST:     25 ON 16                               3 = THUNDER
                        SNOW, ICE PELLETS, HAIL    4 = ICE PELLETS
                        TOTAL MONTH:   0.0 INCH    5 = HAIL
                        GRTST 24HR     0.0         6 = FREEZING RAIN OR DRIZZLE
                        GRTST DEPTH:   0           7 = DUSTSTORM OR SANDSTORM:
                                                       VSBY 1/2 MILE OR LESS
                                                   8 = SMOKE OR HAZE
[NO. OF DAYS WITH]      [WEATHER - DAYS WITH]      9 = BLOWING SNOW
                                                   X = TORNADO
MAX 32 OR BELOW:   0    0.01 INCH OR MORE:   7
MAX 90 OR ABOVE:   0    0.10 INCH OR MORE:   5
MIN 32 OR BELOW:  17    0.50 INCH OR MORE:   0
MIN  0 OR BELOW:   0    1.00 INCH OR MORE:   0

[HDD (BASE 65) ]
TOTAL THIS MO.   485    CLEAR  (SCALE 0-3)  15
DPTR FM NORMAL  -202    PTCLDY (SCALE 4-7)   9
TOTAL FM JUL 1  6464    CLOUDY (SCALE 8-10)  4
DPTR FM NORMAL  -895

[CDD (BASE 65) ]
TOTAL THIS MO.     0
DPTR FM NORMAL     0    [PRESSURE DATA]
TOTAL FM JAN 1     0    HIGHEST SLP 30.30 ON 15
DPTR FM NORMAL     0    LOWEST  SLP 29.54 ON 22

[REMARKS]
