000
CXUS54 KBRO 010900
CF6MFE
PRELIMINARY LOCAL CLIMATOLOGICAL DATA (WS FORM: F-6)

                                          STATION:   MCALLEN
                                          MONTH:     AUGUST
                                          YEAR:      2015
                                          LATITUDE:   26 10 N
                                          LONGITUDE:  98 14 W

  TEMPERATURE IN F:       :PCPN:    SNOW:  WIND      :SUNSHINE: SKY     :PK WND
================================================================================
1   2   3   4   5  6A  6B    7    8   9   10  11  12  13   14  15   16   17  18
                                     12Z  AVG MX 2MIN
DY MAX MIN AVG DEP HDD CDD  WTR  SNW DPTH SPD SPD DIR MIN PSBL S-S WX    SPD DR
================================================================================

 1 102  79  91   3   0  26    T  0.0    0  5.9 18 110   M    M   1 8      23 110
 2 101  76  89   1   0  24 0.00  0.0    0  7.3 22 110   M    M   1        32 120
 3 104  80  92   4   0  27    T  0.0    0 12.4 25 130   M    M   0 8      30 140
 4 104  80  92   4   0  27 0.00  0.0    0 14.4 25 140   M    M   1        31 130
 5 104  81  93   5   0  28 0.00  0.0    0 13.9 25 140   M    M   1        33 130
 6 104  83  94   6   0  29 0.00  0.0    0 17.4 26 130   M    M   2        33 120
 7 103  83  93   5   0  28 0.00  0.0    0 16.9 28 130   M    M   1        33 130
 8 104  83  94   6   0  29 0.00  0.0    0 16.6 26 140   M    M   2 8      36 130
 9 104  81  93   5   0  28 0.00  0.0    0 13.5 23 140   M    M   2        31 140
10 105  78  92   4   0  27 0.00  0.0    0 11.1 22 130   M    M   0        29 130
11 104  80  92   4   0  27 0.00  0.0    0  8.0 23  90   M    M   1        29  90
12 105  80  93   5   0  28 0.00  0.0    0  6.1 21 110   M    M   0        24 100
13 106  78  92   4   0  27 0.00  0.0    0  6.2 23 100   M    M   0 8      27 110
14 105  81  93   5   0  28 0.00  0.0    0 10.1 20  90   M    M   0        25  80
15 104  80  92   4   0  27 0.00  0.0    0  7.3 20  80   M    M   1        25  80
16 103  79  91   3   0  26    T  0.0    0  6.1 20 100   M    M   1        24 100
17 104  78  91   3   0  26    T  0.0    0  9.8 25 140   M    M   2 3      32 110
18 103  82  93   5   0  28    T  0.0    0 15.7 26 130   M    M   2 8      34 130
19 106  77  92   4   0  27 0.18  0.0    0 16.0 31 330   M    M   3 38     39 340
20  86  75  81  -7   0  16 2.21  0.0    0  8.1 32 340   M    M   4 3      42 340
21  97  76  87   0   0  22 0.00  0.0    0  8.7 22 130   M    M   0 18     28 130
22  99  80  90   3   0  25 0.00  0.0    0 12.9 24 130   M    M   1 18     30 130
23 100  82  91   4   0  26 0.00  0.0    0 12.7 24 150   M    M   2 18     28 140
24  99  80  90   3   0  25 0.26  0.0    0  6.8 28 130   M    M   1 138    33 130
25 100  81  91   4   0  26 0.00  0.0    0  6.6 24 130   M    M   2 8      30 140
26  97  80  89   2   0  24 0.00  0.0    0  6.1 20  60   M    M   0        24  60
27  97  76  87   0   0  22 0.00  0.0    0  6.4 15  50   M    M   2        20  20
28  96  72  84  -3   0  19 0.00  0.0    0  6.2 16  80   M    M   1        19 110
29  98  74  86   0   0  21 0.00  0.0    0  6.6 18 110   M    M   1        24 110
30  98  78  88   2   0  23 0.00  0.0    0  9.3 25 140   M    M   1        30 140
31  97  77  87   1   0  22    T  0.0    0 10.4 29 110   M    M   1 3      36 110
================================================================================
SM 3139 2450         0 788  2.65     0.0 315.5          M       37
================================================================================
AV101.3 79.0                              10.2 FASTST   M    M   1    MAX(MPH)
                                 MISC ---->  # 32 340               # 42  340
================================================================================
NOTES:
# LAST OF SEVERAL OCCURRENCES

COLUMN 17 PEAK WIND IN M.P.H.

PRELIMINARY LOCAL CLIMATOLOGICAL DATA (WS FORM: F-6) , PAGE 2

                                          STATION:  MCALLEN
                                          MONTH:    AUGUST
                                          YEAR:     2015
                                          LATITUDE:   26 10 N
                                          LONGITUDE:  98 14 W

[TEMPERATURE DATA]      [PRECIPITATION DATA]       SYMBOLS USED IN COLUMN 16

AVERAGE MONTHLY: 90.1   TOTAL FOR MONTH:   2.65    1 = FOG OR MIST
DPTR FM NORMAL:   2.7   DPTR FM NORMAL:    0.44    2 = FOG REDUCING VISIBILITY
HIGHEST:   106 ON 19,13 GRTST 24HR  2.39 ON 19-20      TO 1/4 MILE OR LESS
LOWEST:     72 ON 28                               3 = THUNDER
                        SNOW, ICE PELLETS, HAIL    4 = ICE PELLETS
                        TOTAL MONTH:   0.0 INCH    5 = HAIL
                        GRTST 24HR     0.0         6 = FREEZING RAIN OR DRIZZLE
                        GRTST DEPTH:   0           7 = DUSTSTORM OR SANDSTORM:
                                                       VSBY 1/2 MILE OR LESS
                                                   8 = SMOKE OR HAZE
[NO. OF DAYS WITH]      [WEATHER - DAYS WITH]      9 = BLOWING SNOW
                                                   X = TORNADO
MAX 32 OR BELOW:   0    0.01 INCH OR MORE:   3
MAX 90 OR ABOVE:  30    0.10 INCH OR MORE:   3
MIN 32 OR BELOW:   0    0.50 INCH OR MORE:   1
MIN  0 OR BELOW:   0    1.00 INCH OR MORE:   1

[HDD (BASE 65) ]
TOTAL THIS MO.     0    CLEAR  (SCALE 0-3)  29
DPTR FM NORMAL     0    PTCLDY (SCALE 4-7)   2
TOTAL FM JUL 1     0    CLOUDY (SCALE 8-10)  0
DPTR FM NORMAL     0

[CDD (BASE 65) ]
TOTAL THIS MO.   788
DPTR FM NORMAL    94    [PRESSURE DATA]
TOTAL FM JAN 1  3427    HIGHEST SLP 30.09 ON 26
DPTR FM NORMAL   176    LOWEST  SLP 29.66 ON 19

[REMARKS]
#FINAL-08-15#
