000
CXUS56 KMFR 301000
CF6MFR
PRELIMINARY LOCAL CLIMATOLOGICAL DATA (WS FORM: F-6)

                                          STATION:   MEDFORD OR
                                          MONTH:     OCTOBER
                                          YEAR:      2014
                                          LATITUDE:   42 22 N
                                          LONGITUDE: 122 52 W

  TEMPERATURE IN F:       :PCPN:    SNOW:  WIND      :SUNSHINE: SKY     :PK WND
================================================================================
1   2   3   4   5  6A  6B    7    8   9   10  11  12  13   14  15   16   17  18
                                     12Z  AVG MX 2MIN
DY MAX MIN AVG DEP HDD CDD  WTR  SNW DPTH SPD SPD DIR MIN PSBL S-S WX    SPD DR
================================================================================

 1  75  42  59  -3   6   0 0.00  0.0    0  2.2  8 170   M    M   0        13 340
 2  82  45  64   2   1   0 0.00  0.0    0  1.4 10 180   M    M   0        12 180
 3  89  47  68   7   0   3 0.00  0.0    0  1.1  9 180   M    M   0        11 180
 4  91  48  70   9   0   5 0.00  0.0    0  1.8 10 190   M    M   0        13 190
 5  90  47  69   9   0   4 0.00  0.0    0  1.2 10 170   M    M   0        13 180
 6  90  48  69   9   0   4 0.00  0.0    0  1.2 10 190   M    M   0        12 180
 7  90  49  70  10   0   5 0.00  0.0    0  1.4  9 150   M    M   1        10 150
 8  84  44  64   5   1   0 0.00  0.0    0  1.9 12 290   M    M   0 8      14 290
 9  82  45  64   5   1   0 0.00  0.0    0  1.2  9 180   M    M   0        11 170
10  80  45  63   5   2   0 0.00  0.0    0  1.7  8 160   M    M   2        11 170
11  74  50  62   4   3   0 0.00  0.0    0  3.5 17  10   M    M   4        21  20
12  76  41  59   1   6   0 0.00  0.0    0  1.7  9 180   M    M   0        11 170
13  82  40  61   4   4   0 0.00  0.0    0  2.3  9 330   M    M   0        14 320
14  68  50  59   2   6   0 0.13  0.0    0  4.1 13 300   M    M   5        16 310
15  65  49  57   1   8   0 0.18  0.0    0  4.3 21 250   M    M   7 1      28 250
16  72  45  59   3   6   0 0.00  0.0    0  2.1  8 360   M    M   2        10 290
17  67  53  60   4   5   0 0.03  0.0    0  3.2  8 320   M    M   6        13  20
18  77  51  64   9   1   0 0.00  0.0    0  2.0  9 180   M    M   5 1      10 320
19  79  48  64   9   1   0 0.00  0.0    0  3.6 15 300   M    M   1        19 310
20  65  48  57   3   8   0 0.56  0.0    0  4.9 17 300   M    M   8 18     23 290
21  64  47  56   2   9   0    T  0.0    0  2.3  9 140   M    M   8        12 150
22  70  50  60   6   5   0 0.02  0.0    0  5.8 21 200   M    M   7        25 200
23  63  54  59   6   6   0 0.38  0.0    0  4.0 14 170   M    M   9 18     20 170
24  70  51  61   8   4   0 0.28  0.0    0  2.7  8 260   M    M   5 1      12 350
25  68  48  58   6   7   0 0.17  0.0    0 10.9 31 150   M    M   7 1      38 180
26  57  47  52   0  13   0 0.08  0.0    0  3.0 10 190   M    M   9 1      12 270
27  61  46  54   3  11   0 0.00  0.0    0  1.8  8 160   M    M   7        10 350
28  58  41  50  -1  15   0 0.01  0.0    0  1.7 10 320   M    M   7 1      13 290
29  60  50  55   4  10   0 0.03  0.0    0  1.9  9 120   M    M   9 1      12  80
================================================================================
SM 2149 1369       139  21  1.87     0.0  80.9          M      109
================================================================================
AV 74.1 47.2                               2.8 FASTST   M    M   4    MAX(MPH)
                                 MISC ---->  # 31 150               # 38  180
================================================================================
NOTES:
# LAST OF SEVERAL OCCURRENCES

COLUMN 17 PEAK WIND IN M.P.H.

PRELIMINARY LOCAL CLIMATOLOGICAL DATA (WS FORM: F-6) , PAGE 2

                                          STATION:  MEDFORD OR
                                          MONTH:    OCTOBER
                                          YEAR:     2014
                                          LATITUDE:   42 22 N
                                          LONGITUDE: 122 52 W

[TEMPERATURE DATA]      [PRECIPITATION DATA]       SYMBOLS USED IN COLUMN 16

AVERAGE MONTHLY: 60.7   TOTAL FOR MONTH:   1.87    1 = FOG OR MIST
DPTR FM NORMAL:   4.3   DPTR FM NORMAL:    0.87    2 = FOG REDUCING VISIBILITY
HIGHEST:    91 ON  4    GRTST 24HR  0.61 ON 23-24      TO 1/4 MILE OR LESS
LOWEST:     40 ON 13                               3 = THUNDER
                        SNOW, ICE PELLETS, HAIL    4 = ICE PELLETS
                        TOTAL MONTH:   0.0 INCH    5 = HAIL
                        GRTST 24HR     0.0         6 = FREEZING RAIN OR DRIZZLE
                        GRTST DEPTH:   0           7 = DUSTSTORM OR SANDSTORM:
                                                       VSBY 1/2 MILE OR LESS
                                                   8 = SMOKE OR HAZE
[NO. OF DAYS WITH]      [WEATHER - DAYS WITH]      9 = BLOWING SNOW
                                                   X = TORNADO
MAX 32 OR BELOW:   0    0.01 INCH OR MORE:  11
MAX 90 OR ABOVE:   4    0.10 INCH OR MORE:   6
MIN 32 OR BELOW:   0    0.50 INCH OR MORE:   1
MIN  0 OR BELOW:   0    1.00 INCH OR MORE:   0

[HDD (BASE 65) ]
TOTAL THIS MO.   139    CLEAR  (SCALE 0-3)  14
DPTR FM NORMAL  -122    PTCLDY (SCALE 4-7)  12
TOTAL FM JUL 1   151    CLOUDY (SCALE 8-10)  3
DPTR FM NORMAL  -179

[CDD (BASE 65) ]
TOTAL THIS MO.    21
DPTR FM NORMAL    13    [PRESSURE DATA]
TOTAL FM JAN 1  1238    HIGHEST SLP M ON M
DPTR FM NORMAL   411    LOWEST  SLP 29.58 ON 25

[REMARKS]
