000
CXUS56 KMFR 211000
CF6MHS
PRELIMINARY LOCAL CLIMATOLOGICAL DATA (WS FORM: F-6)

                                          STATION:   MT SHASTA CITY CA
                                          MONTH:     JANUARY
                                          YEAR:      2018
                                          LATITUDE:   41 19 N
                                          LONGITUDE: 122 19 W

  TEMPERATURE IN F:       :PCPN:    SNOW:  WIND      :SUNSHINE: SKY     :PK WND
================================================================================
1   2   3   4   5  6A  6B    7    8   9   10  11  12  13   14  15   16   17  18
                                     12Z  AVG MX 2MIN
DY MAX MIN AVG DEP HDD CDD  WTR  SNW DPTH SPD SPD DIR MIN PSBL S-S WX    SPD DR
================================================================================

 1  51  30  41   6  24   0 0.00    M    M  2.5  9 330   M    M   2 18     19 340
 2  50  30  40   5  25   0 0.00    M    M  2.0  6 320   M    M   0 18     11 330
 3  60  36  48  13  17   0 0.06    M    M  0.7  7 360   M    M   6 18     12 340
 4  47  43  45  10  20   0 0.86    M    M  1.8  7 110   M    M   8 1      14 110
 5  54  43  49  14  16   0 0.44    M    M  3.8  9 140   M    M  10 1      21 150
 6  49  30  40   5  25   0 0.00    M    M  2.4  8 300   M    M   5 1      15 320
 7  50  26  38   3  27   0 0.00    M    M  2.6 10 100   M    M   2 1      19  90
 8  45  40  43   8  22   0 0.46    M    M  1.2 10  90   M    M  10 1      17  90
 9  49  37  43   8  22   0 0.09    M    M  2.2 10 340   M    M   8 12     17 350
10  44  36  40   4  25   0 0.07    M    M  0.6  6 310   M    M  10 1      12 140
11  50  40  45   9  20   0    T    M    M  3.2 13  90   M    M   9        24  90
12  51  30  41   5  24   0 0.00    M    M  0.9  7 280   M    M   3 1      10 320
13  54  30  42   6  23   0 0.00    M    M  3.5  9 300   M    M   0 1      15 300
14  62  33  48  12  17   0 0.00    M    M  1.2  6  50   M    M   0 8      10 140
15  55  35  45   9  20   0 0.07    M    M  1.0  8 130   M    M   3 18     15 100
16  49  36  43   7  22   0 0.15    M    M  0.2  8  80   M    M   8 1      13  90
17  52  43  48  12  17   0 0.00    M    M  4.0 12 100   M    M   8        20  80
18  47  33  40   4  25   0 0.61    M    M  3.7 10  90   M    M  10 1      20  80
19  41  27  34  -2  31   0 0.00    M    M  0.4  5  90   M    M   6 1       9 140
20  43  26  35  -1  30   0 0.00    M    M  2.4  9  10   M    M   1        15  10
================================================================================
SM 1003  684       452   0  2.81    M     40.3          M      109
================================================================================
AV 50.2 34.2                               2.0 FASTST   M    M   5    MAX(MPH)
                                 MISC ---->  # 13  90               # 24   90
================================================================================
NOTES:
# LAST OF SEVERAL OCCURRENCES

COLUMN 17 PEAK WIND IN M.P.H.

PRELIMINARY LOCAL CLIMATOLOGICAL DATA (WS FORM: F-6) , PAGE 2

                                          STATION:  MT SHASTA CITY CA
                                          MONTH:    JANUARY
                                          YEAR:     2018
                                          LATITUDE:   41 19 N
                                          LONGITUDE: 122 19 W

[TEMPERATURE DATA]      [PRECIPITATION DATA]       SYMBOLS USED IN COLUMN 16

AVERAGE MONTHLY: 42.2   TOTAL FOR MONTH:   2.81    1 = FOG OR MIST
DPTR FM NORMAL:   6.6   DPTR FM NORMAL:   -1.89    2 = FOG REDUCING VISIBILITY
HIGHEST:    62 ON 14    GRTST 24HR  0.86 ON  4- 4      TO 1/4 MILE OR LESS
LOWEST:     26 ON 20, 7                            3 = THUNDER
                        SNOW, ICE PELLETS, HAIL    4 = ICE PELLETS
                        TOTAL MONTH:    M          5 = HAIL
                        GRTST 24HR    M  ON   M    6 = FREEZING RAIN OR DRIZZLE
                        GRTST DEPTH:  M  ON   M    7 = DUSTSTORM OR SANDSTORM:
                                                       VSBY 1/2 MILE OR LESS
                                                   8 = SMOKE OR HAZE
[NO. OF DAYS WITH]      [WEATHER - DAYS WITH]      9 = BLOWING SNOW
                                                   X = TORNADO
MAX 32 OR BELOW:   0    0.01 INCH OR MORE:   9
MAX 90 OR ABOVE:   0    0.10 INCH OR MORE:   5
MIN 32 OR BELOW:   8    0.50 INCH OR MORE:   2
MIN  0 OR BELOW:   0    1.00 INCH OR MORE:   0

[HDD (BASE 65) ]
TOTAL THIS MO.   452    CLEAR  (SCALE 0-3)   7
DPTR FM NORMAL  -138    PTCLDY (SCALE 4-7)   7
TOTAL FM JUL 1  2557    CLOUDY (SCALE 8-10)  6
DPTR FM NORMAL  -355

[CDD (BASE 65) ]
TOTAL THIS MO.     0
DPTR FM NORMAL     0    [PRESSURE DATA]
TOTAL FM JAN 1     0    HIGHEST SLP  0.00 ON M
DPTR FM NORMAL     0    LOWEST  SLP  0.00 ON  9

[REMARKS]
