000
CXUS52 KMFL 271818
CF6MIA
PRELIMINARY LOCAL CLIMATOLOGICAL DATA (WS FORM: F-6)

                                          STATION:   MIAMI
                                          MONTH:     JULY
                                          YEAR:      2015
                                          LATITUDE:   25 49 N
                                          LONGITUDE:  80 17 W

  TEMPERATURE IN F:       :PCPN:    SNOW:  WIND      :SUNSHINE: SKY     :PK WND
================================================================================
1   2   3   4   5  6A  6B    7    8   9   10  11  12  13   14  15   16   17  18
                                     12Z  AVG MX 2MIN
DY MAX MIN AVG DEP HDD CDD  WTR  SNW DPTH SPD SPD DIR MIN PSBL S-S WX    SPD DR
================================================================================

 1  92  78  85   1   0  20 0.00  0.0    0  7.4 15 120 643   78   5        20 110
 2  92  80  86   2   0  21 0.07  0.0    0  9.6 20 120 669   81   5 3      23 120
 3  92  75  84   0   0  19 0.24  0.0    0  8.1 25 330 612   74   7 3      36 330
 4  91  77  84   0   0  19 0.00  0.0    0  8.1 17 110 700   85   5        23 100
 5  91  82  87   3   0  22 0.03  0.0    0 10.6 17 100 681    M   4        23 130
 6  91  74  83  -1   0  18 0.52  0.0    0  8.7 16 130 584   71   7 38     22 340
 7  91  82  87   3   0  22 0.00  0.0    0  8.9 18 110 548   67   7 3      26 290
 8  91  80  86   2   0  21    T  0.0    0 10.0 18 110 631    M   6 3      24 130
 9  91  78  85   1   0  20 0.15  0.0    0 10.6 21 130   M    M   4        27  90
10  91  77  84   0   0  19 0.00  0.0    0 10.0 18  90 706   86   3        22  90
11  92  79  86   2   0  21 0.00  0.0    0  7.0 20 100 657   80   4        23 100
12  92  78  85   1   0  20 0.00  0.0    0  6.7 16 130 688   84   6        25 150
13  93  78  86   2   0  21 0.33  0.0    0  5.5 21 280 414   51   6 3      28 290
14  91  78  85   1   0  20 0.15  0.0    0  6.0 16 130 395   48   7 3      20 150
15  90  74  82  -2   0  17 0.44  0.0    0  4.9 23 280 339   42   8 13     34 280
16  87  78  83  -1   0  18 0.02  0.0    0  3.5 14 130 132   16   9 3      16 180
17  92  75  84   0   0  19    T  0.0    0  4.6 16 130 405    M   6 3      22 190
18  90  77  84   0   0  19 0.07  0.0    0  4.3 17 250 584   72   5 3      21 260
19  91  78  85   1   0  20 0.00  0.0    0  4.6 15 130 691   85   5        21 150
20  90  80  85   1   0  20    T  0.0    0  6.5 16 130 614   76   6        23 120
21  92  79  86   2   0  21 0.49  0.0    0  3.5 16 280 316   39   6 3      25 270
22  92  77  85   1   0  20 0.03  0.0    0  3.7 22 230 513    M   5 3      31 220
23  93  78  86   2   0  21 0.06  0.0    0  4.8 18 240 512   63   5        26 180
24  95  80  88   4   0  23 0.00  0.0    0  6.5 21 310 508    M   8        30 300
25  88  73  81  -3   0  16 1.07  0.0    0  7.0 25 260 305   38   8 1      33 240
26  85  76  81  -3   0  16 0.19  0.0    0  6.3 23 230 273   34   8 18     29 230
================================================================================
SM 2366 2021         0 513  3.86     0.0 177.4        13120    155
================================================================================
AV 91.0 77.7                               6.8 FASTST  525  64   6    MAX(MPH)
                                 MISC ---->  # 25 330               # 36  330
================================================================================
NOTES:
# LAST OF SEVERAL OCCURRENCES

COLUMN 17 PEAK WIND IN M.P.H.

PRELIMINARY LOCAL CLIMATOLOGICAL DATA (WS FORM: F-6) , PAGE 2

                                          STATION:  MIAMI
                                          MONTH:    JULY
                                          YEAR:     2015
                                          LATITUDE:   25 49 N
                                          LONGITUDE:  80 17 W

[TEMPERATURE DATA]      [PRECIPITATION DATA]       SYMBOLS USED IN COLUMN 16

AVERAGE MONTHLY: 84.4   TOTAL FOR MONTH:   3.86    1 = FOG OR MIST
DPTR FM NORMAL:   0.4   DPTR FM NORMAL:   -1.62    2 = FOG REDUCING VISIBILITY
HIGHEST:    95 ON 24    GRTST 24HR  1.15 ON 25-26      TO 1/4 MILE OR LESS
LOWEST:     73 ON 25                               3 = THUNDER
                        SNOW, ICE PELLETS, HAIL    4 = ICE PELLETS
                        TOTAL MONTH:   0.0 INCH    5 = HAIL
                        GRTST 24HR     0.0         6 = FREEZING RAIN OR DRIZZLE
                        GRTST DEPTH:   0           7 = DUSTSTORM OR SANDSTORM:
                                                       VSBY 1/2 MILE OR LESS
                                                   8 = SMOKE OR HAZE
[NO. OF DAYS WITH]      [WEATHER - DAYS WITH]      9 = BLOWING SNOW
                                                   X = TORNADO
MAX 32 OR BELOW:   0    0.01 INCH OR MORE:  15
MAX 90 OR ABOVE:  23    0.10 INCH OR MORE:   9
MIN 32 OR BELOW:   0    0.50 INCH OR MORE:   2
MIN  0 OR BELOW:   0    1.00 INCH OR MORE:   1

[HDD (BASE 65) ]
TOTAL THIS MO.     0    CLEAR  (SCALE 0-3)   0
DPTR FM NORMAL     0    PTCLDY (SCALE 4-7)  24
TOTAL FM JUL 1     0    CLOUDY (SCALE 8-10)  2
DPTR FM NORMAL     0

[CDD (BASE 65) ]
TOTAL THIS MO.   513
DPTR FM NORMAL    20    [PRESSURE DATA]
TOTAL FM JAN 1  2755    HIGHEST SLP M ON M
DPTR FM NORMAL   374    LOWEST  SLP 29.88 ON 26

[REMARKS]
