000
CXUS53 KDMX 160920
CF6MIW
PRELIMINARY LOCAL CLIMATOLOGICAL DATA (WS FORM: F-6)

                                          STATION:   MARSHALLTOWN IA
                                          MONTH:     APRIL
                                          YEAR:      2014
                                          LATITUDE:   42  6 N
                                          LONGITUDE:  92 55 W

  TEMPERATURE IN F:       :PCPN:    SNOW:  WIND      :SUNSHINE: SKY     :PK WND
================================================================================
1   2   3   4   5  6A  6B    7    8   9   10  11  12  13   14  15   16   17  18
                                     12Z  AVG MX 2MIN
DY MAX MIN AVG DEP HDD CDD  WTR  SNW DPTH SPD SPD DIR MIN PSBL S-S WX    SPD DR
================================================================================

 1  42  21  32 -12  33   0 0.00  0.0    0 15.2 36 260   M    M   6        45 260
 2  50  30  40  -4  25   0    T  0.0    0 15.1 31 100   M    M   5 1      37 100
 3  47  36  42  -2  23   0 0.18  0.0    0 14.5 28 100   M    M  10 138    32 100
 4  41  28  35 -10  30   0 0.05    M    M 20.1 37 330   M    M   9 1      49 330
 5  54  24  39  -6  26   0 0.00  0.0    0  6.9 14 190   M    M   1 1      19 210
 6  63  36  50   4  15   0    T  0.0    0  8.8 18 270   M    M   7        23 240
 7  62  35  49   3  16   0 0.09  0.0    0  7.9 26 310   M    M   7 3      31 310
 8  55  33  44  -2  21   0 0.00  0.0    0 14.0 23 340   M    M   2        35 320
 9  71  27  49   2  16   0 0.00  0.0    0 14.5 31 200   M    M   0        38 200
10  65  42  54   7  11   0 0.00  0.0    0 13.8 29 340   M    M   0        34 340
11  75  32  54   7  11   0 0.00  0.0    0  9.8 26 260   M    M   1        35 260
12  84  52  68  20   0   3 2.21  0.0    0 14.4 38  10   M    M   3 13     47  10
13  57  33  45  -3  20   0 1.83    M    0 22.0 40 350   M    M  10 123    50 360
14  37  26  32 -16  33   0 0.02    M    0 21.0 39 350   M    M   7 1      47 340
15  40  23  32 -17  33   0 0.00  0.0    0  9.1 17 130   M    M   0        22 120
================================================================================
SM  843  478       313   3  4.38     0.0 207.1          M       68
================================================================================
AV 56.2 31.9                              13.8 FASTST   M    M   5    MAX(MPH)
                                 MISC ---->  # 40 350               # 50  360
================================================================================
NOTES:
# LAST OF SEVERAL OCCURRENCES

COLUMN 17 PEAK WIND IN M.P.H.

PRELIMINARY LOCAL CLIMATOLOGICAL DATA (WS FORM: F-6) , PAGE 2

                                          STATION:  MARSHALLTOWN IA
                                          MONTH:    APRIL
                                          YEAR:     2014
                                          LATITUDE:   42  6 N
                                          LONGITUDE:  92 55 W

[TEMPERATURE DATA]      [PRECIPITATION DATA]       SYMBOLS USED IN COLUMN 16

AVERAGE MONTHLY: 44.0   TOTAL FOR MONTH:   4.38    1 = FOG OR MIST
DPTR FM NORMAL:  -2.2   DPTR FM NORMAL:    3.09    2 = FOG REDUCING VISIBILITY
HIGHEST:    84 ON 12    GRTST 24HR  3.96 ON 12-13      TO 1/4 MILE OR LESS
LOWEST:     21 ON  1                               3 = THUNDER
                        SNOW, ICE PELLETS, HAIL    4 = ICE PELLETS
                        TOTAL MONTH:   0.0 INCH    5 = HAIL
                        GRTST 24HR     0.0         6 = FREEZING RAIN OR DRIZZLE
                        GRTST DEPTH:   0           7 = DUSTSTORM OR SANDSTORM:
                                                       VSBY 1/2 MILE OR LESS
                                                   8 = SMOKE OR HAZE
[NO. OF DAYS WITH]      [WEATHER - DAYS WITH]      9 = BLOWING SNOW
                                                   X = TORNADO
MAX 32 OR BELOW:   0    0.01 INCH OR MORE:   6
MAX 90 OR ABOVE:   0    0.10 INCH OR MORE:   3
MIN 32 OR BELOW:   8    0.50 INCH OR MORE:   2
MIN  0 OR BELOW:   0    1.00 INCH OR MORE:   2

[HDD (BASE 65) ]
TOTAL THIS MO.   313    CLEAR  (SCALE 0-3)   6
DPTR FM NORMAL    32    PTCLDY (SCALE 4-7)   6
TOTAL FM JUL 1  7513    CLOUDY (SCALE 8-10)  3
DPTR FM NORMAL   931

[CDD (BASE 65) ]
TOTAL THIS MO.     3
DPTR FM NORMAL     3    [PRESSURE DATA]
TOTAL FM JAN 1     3    HIGHEST SLP M ON M
DPTR FM NORMAL     3    LOWEST  SLP 29.48 ON 12

[REMARKS]
