000
CXUS53 KDMX 180920
CF6MIW
PRELIMINARY LOCAL CLIMATOLOGICAL DATA (WS FORM: F-6)

                                          STATION:   MARSHALLTOWN IA
                                          MONTH:     SEPTEMBER
                                          YEAR:      2014
                                          LATITUDE:   42  6 N
                                          LONGITUDE:  92 55 W

  TEMPERATURE IN F:       :PCPN:    SNOW:  WIND      :SUNSHINE: SKY     :PK WND
================================================================================
1   2   3   4   5  6A  6B    7    8   9   10  11  12  13   14  15   16   17  18
                                     12Z  AVG MX 2MIN
DY MAX MIN AVG DEP HDD CDD  WTR  SNW DPTH SPD SPD DIR MIN PSBL S-S WX    SPD DR
================================================================================

 1  79  61  70   2   0   5 0.01  0.0    0 10.3 21 300   M    M   5 1      26 290
 2  78  59  69   2   0   4 0.00  0.0    0  5.1 14 290   M    M   1        16 290
 3  83  56  70   3   0   5 0.00  0.0    0 12.2 23 160   M    M   1        29 160
 4  90  72  81  14   0  16 0.00  0.0    0 13.6 25 200   M    M   2        32 200
 5  74  52  63  -3   2   0 0.22  0.0    0 10.4 22 330   M    M   6 1      31 330
 6  74  47  61  -5   4   0 0.00  0.0    0  5.2 10 320   M    M   0        15 330
 7  74  50  62  -4   3   0 0.00  0.0    0  5.4 15 170   M    M   1 1      19 190
 8  71  52  62  -4   3   0 0.04  0.0    0  8.8 22 180   M    M   3 3      30 180
 9  71  64  68   3   0   3 0.98  0.0    0 14.5 30 140   M    M   7 138    40 140
10  70  49  60  -5   5   0 0.12  0.0    0 15.7 29 140   M    M  10 1      36 140
11  60  46  53 -11  12   0 0.00  0.0    0  9.5 18  10   M    M   8        22  10
12  53  38  46 -18  19   0 0.33  0.0    0  8.2 20 350   M    M   8 1      26 350
13  59  34  47 -17  18   0 0.00  0.0    0  4.9 17 190   M    M   0 12     20 190
14  69  45  57  -6   8   0 0.00  0.0    0  7.3 16 220   M    M   5        21 220
15  61  41  51 -12  14   0    T  0.0    0  8.1 22  20   M    M   5        30  20
16  66  37  52 -10  13   0 0.00  0.0    0  3.8 10 210   M    M   0 1      16 240
17  72  44  58  -4   7   0 0.00  0.0    0  5.3  9 140   M    M   3        13 110
================================================================================
SM 1204  847       108  33  1.70     0.0 148.3          M       65
================================================================================
AV 70.8 49.8                               8.7 FASTST   M    M   4    MAX(MPH)
                                 MISC ---->  # 30 140               # 40  140
================================================================================
NOTES:
# LAST OF SEVERAL OCCURRENCES

COLUMN 17 PEAK WIND IN M.P.H.

PRELIMINARY LOCAL CLIMATOLOGICAL DATA (WS FORM: F-6) , PAGE 2

                                          STATION:  MARSHALLTOWN IA
                                          MONTH:    SEPTEMBER
                                          YEAR:     2014
                                          LATITUDE:   42  6 N
                                          LONGITUDE:  92 55 W

[TEMPERATURE DATA]      [PRECIPITATION DATA]       SYMBOLS USED IN COLUMN 16

AVERAGE MONTHLY: 60.3   TOTAL FOR MONTH:   1.70    1 = FOG OR MIST
DPTR FM NORMAL:  -4.7   DPTR FM NORMAL:   -0.26    2 = FOG REDUCING VISIBILITY
HIGHEST:    90 ON  4    GRTST 24HR  2.19 ON 31- 1      TO 1/4 MILE OR LESS
LOWEST:     34 ON 13                               3 = THUNDER
                        SNOW, ICE PELLETS, HAIL    4 = ICE PELLETS
                        TOTAL MONTH:   0.0 INCH    5 = HAIL
                        GRTST 24HR     0.0         6 = FREEZING RAIN OR DRIZZLE
                        GRTST DEPTH:   0           7 = DUSTSTORM OR SANDSTORM:
                                                       VSBY 1/2 MILE OR LESS
                                                   8 = SMOKE OR HAZE
[NO. OF DAYS WITH]      [WEATHER - DAYS WITH]      9 = BLOWING SNOW
                                                   X = TORNADO
MAX 32 OR BELOW:   0    0.01 INCH OR MORE:   6
MAX 90 OR ABOVE:   1    0.10 INCH OR MORE:   4
MIN 32 OR BELOW:   0    0.50 INCH OR MORE:   1
MIN  0 OR BELOW:   0    1.00 INCH OR MORE:   0

[HDD (BASE 65) ]
TOTAL THIS MO.   108    CLEAR  (SCALE 0-3)   8
DPTR FM NORMAL    61    PTCLDY (SCALE 4-7)   6
TOTAL FM JUL 1   126    CLOUDY (SCALE 8-10)  3
DPTR FM NORMAL    58

[CDD (BASE 65) ]
TOTAL THIS MO.    33
DPTR FM NORMAL   -15    [PRESSURE DATA]
TOTAL FM JAN 1   634    HIGHEST SLP M ON M
DPTR FM NORMAL   -70    LOWEST  SLP 29.51 ON 10

[REMARKS]
