000
CXUS53 KMKX 310900
CF6MKE
PRELIMINARY LOCAL CLIMATOLOGICAL DATA (WS FORM: F-6)

                                          STATION:   MILWAUKEE WI
                                          MONTH:     JANUARY
                                          YEAR:      2015
                                          LATITUDE:   42 57 N
                                          LONGITUDE:  87 54 W

  TEMPERATURE IN F:       :PCPN:    SNOW:  WIND      :SUNSHINE: SKY     :PK WND
================================================================================
1   2   3   4   5  6A  6B    7    8   9   10  11  12  13   14  15   16   17  18
                                     12Z  AVG MX 2MIN
DY MAX MIN AVG DEP HDD CDD  WTR  SNW DPTH SPD SPD DIR MIN PSBL S-S WX    SPD DR
================================================================================

 1  31  15  23   0  42   0 0.00  0.0    0 11.9 22 240   M    M   7        29 240
 2  32  17  25   2  40   0 0.00  0.0    0  4.2 10 220   M    M   6        14 280
 3  34  28  31   8  34   0 0.21  1.3    1  4.6 13 150   M    M  10 1468   15 140
 4  34  -2  16  -7  49   0 0.18  3.2    2 14.6 28 300   M    M   8 1689   38 300
 5   3  -6  -1 -23  66   0 0.09  1.4    4 10.4 18 300   M    M   5        24 310
 6  11   1   6 -16  59   0 0.02  0.3    5 11.3 25 320   M    M   5 89     34 320
 7   6  -5   1 -21  64   0 0.00  0.0    4 16.1 25 320   M    M   1        34 320
 8  17  -7   5 -17  60   0 0.18  3.8    4 16.6 29 310   M    M   8 89     39 330
 9   9   0   5 -17  60   0    T    T    8 14.3 24 310   M    M   3 89     38 310
10  22  -3  10 -12  55   0 0.00  0.0    8 12.0 22 230   M    M   6        29 230
11  30  17  24   2  41   0 0.00  0.0    8  7.5 13 230   M    M   6        17 220
12  23  12  18  -4  47   0    T  0.3    7 12.8 20 350   M    M   6        25 340
13  19  12  16  -6  49   0    T  0.3    8  7.2 18  80   M    M   9        22  80
14  20   4  12 -10  53   0    T    T    7  7.3 13 230   M    M   7 18     16 280
15  36  19  28   6  37   0 0.00  0.0    7 11.5 20 240   M    M   5        25 260
16  32  26  29   7  36   0 0.00  0.0    7 10.4 20 150   M    M   8        26 160
17  42  31  37  15  28   0    T  0.0    6 13.8 29 230   M    M   7 8      36 230
18  42  35  39  17  26   0    T    T    1  9.8 20 290   M    M   9        25 320
19  36  32  34  12  31   0    T    T    T  6.3 12  30   M    M  10 8      16  20
20  35  30  33  11  32   0 0.02  0.1    T 10.5 16  50   M    M  10 18     21  50
21  31  27  29   7  36   0 0.02  0.4    T  8.0 15 360   M    M  10 16     21  20
22  34  26  30   8  35   0 0.00  0.0    0  7.7 20 230   M    M   7 8      26 220
23  33  26  30   8  35   0    T    T    0 14.6 22 240   M    M   8 8      29 240
24  42  31  37  15  28   0 0.00  0.0    0  7.9 21  50   M    M   9        25  40
25  34  22  28   6  37   0    T  0.2    T 17.2 25  50   M    M   8        34  40
26  28  17  23   1  42   0 0.05  0.7    T  5.0 13 150   M    M   9 8      16 150
27  30  26  28   6  37   0    T  0.1    1  6.2 13  50   M    M   8 8      16  60
28  34  20  27   5  38   0 0.01  0.0    T 10.0 24 160   M    M   8        32 150
29  35  25  30   8  35   0    T    T    T 12.7 23 330   M    M   9 48     30 360
30  28  18  23   0  42   0 0.00  0.0    T  7.9 21 360   M    M   4        26  10
================================================================================
SM  843  494      1274   0  0.78    12.1 310.3          M      216
================================================================================
AV 28.1 16.5                              10.3 FASTST   M    M   7    MAX(MPH)
                                 MISC ---->  # 29 310               # 39  330
================================================================================
NOTES:
# LAST OF SEVERAL OCCURRENCES

COLUMN 17 PEAK WIND IN M.P.H.

PRELIMINARY LOCAL CLIMATOLOGICAL DATA (WS FORM: F-6) , PAGE 2

                                          STATION:  MILWAUKEE WI
                                          MONTH:    JANUARY
                                          YEAR:     2015
                                          LATITUDE:   42 57 N
                                          LONGITUDE:  87 54 W

[TEMPERATURE DATA]      [PRECIPITATION DATA]       SYMBOLS USED IN COLUMN 16

AVERAGE MONTHLY: 22.3   TOTAL FOR MONTH:   0.78    1 = FOG OR MIST
DPTR FM NORMAL:   0.1   DPTR FM NORMAL:   -0.92    2 = FOG REDUCING VISIBILITY
HIGHEST:    42 ON 24,18 GRTST 24HR  0.27 ON  3- 4      TO 1/4 MILE OR LESS
LOWEST:     -7 ON  8                               3 = THUNDER
                        SNOW, ICE PELLETS, HAIL    4 = ICE PELLETS
                        TOTAL MONTH:  12.1 INCHES  5 = HAIL
                        GRTST 24HR   3.8 ON   M    6 = FREEZING RAIN OR DRIZZLE
                        GRTST DEPTH:   8 ON 13,11  7 = DUSTSTORM OR SANDSTORM:
                                                       VSBY 1/2 MILE OR LESS
                                                   8 = SMOKE OR HAZE
[NO. OF DAYS WITH]      [WEATHER - DAYS WITH]      9 = BLOWING SNOW
                                                   X = TORNADO
MAX 32 OR BELOW:  17    0.01 INCH OR MORE:   9
MAX 90 OR ABOVE:   0    0.10 INCH OR MORE:   3
MIN 32 OR BELOW:  29    0.50 INCH OR MORE:   0
MIN  0 OR BELOW:   6    1.00 INCH OR MORE:   0

[HDD (BASE 65) ]
TOTAL THIS MO.  1274    CLEAR  (SCALE 0-3)   2
DPTR FM NORMAL   -10    PTCLDY (SCALE 4-7)  16
TOTAL FM JUL 1  3881    CLOUDY (SCALE 8-10) 12
DPTR FM NORMAL    37

[CDD (BASE 65) ]
TOTAL THIS MO.     0
DPTR FM NORMAL     0    [PRESSURE DATA]
TOTAL FM JAN 1     0    HIGHEST SLP M ON M
DPTR FM NORMAL     0    LOWEST  SLP 29.52 ON 17

[REMARKS]
