000
CXHW52 PHFO 251250
CF6MKK
PRELIMINARY LOCAL CLIMATOLOGICAL DATA (WS FORM: F-6)

                                          STATION:   MOLOKAI HI
                                          MONTH:     JUNE
                                          YEAR:      2017
                                          LATITUDE:   21  8 N
                                          LONGITUDE: 157  6 W

  TEMPERATURE IN F:       :PCPN:    SNOW:  WIND      :SUNSHINE: SKY     :PK WND
================================================================================
1   2   3   4   5  6A  6B    7    8   9   10  11  12  13   14  15   16   17  18
                                     12Z  AVG MX 2MIN
DY MAX MIN AVG DEP HDD CDD  WTR  SNW DPTH SPD SPD DIR MIN PSBL S-S WX    SPD DR
================================================================================

 1  84  70  77   1   0  12 0.00  0.0    M 11.2 24  50   M    M   M        35  60
 2  83  74  79   3   0  14 0.01  0.0    M 14.4 28  40   M    M   M 1      38  50
 3  85  74  80   4   0  15    T  0.0    M 14.9 24  50   M    M   M        33  40
 4  85  74  80   4   0  15    T  0.0    M 13.5 22  40   M    M   M        32  50
 5  86  74  80   4   0  15 0.00  0.0    M 13.0 21  50   M    M   M        29  50
 6  84  73  79   3   0  14    T  0.0    M 12.1 21  50   M    M   M        30  30
 7  85  74  80   4   0  15    T  0.0    M 12.5 21  40   M    M   M        31  40
 8  85  74  80   4   0  15    T  0.0    M 11.1 20  30   M    M   M        30  60
 9  86  73  80   4   0  15    T  0.0    M 10.5 20  40   M    M   M        26  40
10  84  73  79   3   0  14 0.01  0.0    M  8.6 22  50   M    M   M        29  50
11  87  74  81   5   0  16 0.04  0.0    M  9.7 21  50   M    M   M 1      26  60
12  86  75  81   5   0  16 0.02  0.0    M 11.5 22  50   M    M   M 1      28  60
13  86  74  80   4   0  15 0.04  0.0    M 12.5 24  50   M    M   M 1      33  60
14  84  74  79   2   0  14 0.04  0.0    M 10.2 23  50   M    M   M 1      30  50
15  88  74  81   4   0  16 0.00  0.0    M 10.5 17 360   M    M   M        24  50
16  87  71  79   2   0  14 0.00  0.0    M 10.6 24  50   M    M   M        33  50
17  87  72  80   3   0  15    T  0.0    M  9.4 18  60   M    M   M        24  40
18  87  74  81   4   0  16    T  0.0    M 11.0 22  50   M    M   M        28  50
19  86  71  79   2   0  14    T  0.0    M 10.6 21  50   M    M   M        30  50
20  88  68  78   1   0  13    T  0.0    M  8.2 23  60   M    M   M        29  50
21  89  72  81   4   0  16    T  0.0    M 11.0 21  50   M    M   M        28  50
22  86  74  80   3   0  15    T  0.0    M 11.0 23  60   M    M   M        32  40
23  87  72  80   3   0  15 0.04  0.0    M 10.8 21  50   M    M   M 1      26  50
24  88  72  80   3   0  15    T  0.0    M  8.1 18  50   M    M   M        26  50
================================================================================
SM 2063 1750         0 354  0.20     0.0 266.9          M        M
================================================================================
AV 86.0 72.9                              11.1 FASTST   M    M -nan   MAX(MPH)
                                 MISC ---->  # 28  40               # 38   50
================================================================================
NOTES:
# LAST OF SEVERAL OCCURRENCES

COLUMN 17 PEAK WIND IN M.P.H.

PRELIMINARY LOCAL CLIMATOLOGICAL DATA (WS FORM: F-6) , PAGE 2

                                          STATION:  MOLOKAI HI
                                          MONTH:    JUNE
                                          YEAR:     2017
                                          LATITUDE:   21  8 N
                                          LONGITUDE: 157  6 W

[TEMPERATURE DATA]      [PRECIPITATION DATA]       SYMBOLS USED IN COLUMN 16

AVERAGE MONTHLY: 79.4   TOTAL FOR MONTH:   0.20    1 = FOG OR MIST
DPTR FM NORMAL:   3.0   DPTR FM NORMAL:   -0.18    2 = FOG REDUCING VISIBILITY
HIGHEST:    89 ON 21    GRTST 24HR  0.04 ON 23-23      TO 1/4 MILE OR LESS
LOWEST:     68 ON 20                               3 = THUNDER
                        SNOW, ICE PELLETS, HAIL    4 = ICE PELLETS
                        TOTAL MONTH:   0.0 INCH    5 = HAIL
                        GRTST 24HR     0.0         6 = FREEZING RAIN OR DRIZZLE
                        GRTST DEPTH:  M  ON   M    7 = DUSTSTORM OR SANDSTORM:
                                                       VSBY 1/2 MILE OR LESS
                                                   8 = SMOKE OR HAZE
[NO. OF DAYS WITH]      [WEATHER - DAYS WITH]      9 = BLOWING SNOW
                                                   X = TORNADO
MAX 32 OR BELOW:   0    0.01 INCH OR MORE:   7
MAX 90 OR ABOVE:   0    0.10 INCH OR MORE:   0
MIN 32 OR BELOW:   0    0.50 INCH OR MORE:   0
MIN  0 OR BELOW:   0    1.00 INCH OR MORE:   0

[HDD (BASE 65) ]
TOTAL THIS MO.     0    CLEAR  (SCALE 0-3)   0
DPTR FM NORMAL     0    PTCLDY (SCALE 4-7)   0
TOTAL FM JUL 1     0    CLOUDY (SCALE 8-10)  0
DPTR FM NORMAL    -3

[CDD (BASE 65) ]
TOTAL THIS MO.   354
DPTR FM NORMAL    78    [PRESSURE DATA]
TOTAL FM JAN 1  1523    HIGHEST SLP M ON M
DPTR FM NORMAL   225    LOWEST  SLP 29.93 ON 23

[REMARKS]
