000
CXUS53 KMPX 011000
CF6MKT
PRELIMINARY LOCAL CLIMATOLOGICAL DATA (WS FORM: F-6)

                                          STATION:   MANKATO MN
                                          MONTH:     JUNE
                                          YEAR:      2015
                                          LATITUDE:   44 13 N
                                          LONGITUDE:  93 55 W

  TEMPERATURE IN F:       :PCPN:    SNOW:  WIND      :SUNSHINE: SKY     :PK WND
================================================================================
1   2   3   4   5  6A  6B    7    8   9   10  11  12  13   14  15   16   17  18
                                     12Z  AVG MX 2MIN
DY MAX MIN AVG DEP HDD CDD  WTR  SNW DPTH SPD SPD DIR MIN PSBL S-S WX    SPD DR
================================================================================

 1  72  52  62  -2   3   0    M    M    M  9.9 15 140   M    M   3        24 170
 2  79  55  67   3   0   2    M    M    M 13.9 20 160   M    M   0        28 170
 3  70  61  66   2   0   1    M    M    M  9.4 20 150   M    M   7 3      20 180
 4  70  57  64  -1   1   0    M    M    M  7.1  9 340   M    M   6         M  M
 5  75  57  66   1   0   1    M    M    M  8.2 15  50   M    M   3        18  50
 6  81  63  72   7   0   7    M    M    M 15.8 21 180   M    M   7 3      31 180
 7  79  64  72   6   0   7    M    M    M 11.1 15 240   M    M   5 3      20 190
 8  82  63  73   7   0   8    M    M    M  9.6 18 330   M    M   1        25 330
 9  95  63  79  13   0  14    M    M    M  7.4 16 280   M    M   1 3      20 280
10  79  61  70   3   0   5    M    M    M  8.8 12 360   M    M   1        18  10
11  68  59  64  -3   1   0    M    M    M 12.0 18  50   M    M  10        24  40
12  75  57  66  -1   0   1    M    M    M 10.1 15  90   M    M   4        18  90
13  73  63  68   0   0   3    M    M    M  7.0 12 120   M    M  10         M  M
14  84  64  74   6   0   9    M    M    M  4.3 10 220   M    M   5         M  M
15  75  59  67  -1   0   2    M    M    M  9.7 17 360   M    M   3 3      22 360
16  73  54  64  -4   1   0    M    M    M  7.6 18  60   M    M   2        25  60
17  75  61  68  -1   0   3    M    M    M  8.2 14 340   M    M   9        17 160
18  79  57  68  -1   0   3    M    M    M  6.2  9  30   M    M   0         M  M
19  81  61  71   2   0   6    M    M    M 10.6 17 160   M    M   1        22 160
20  82  64  73   4   0   8    M    M    M 13.1 20 320   M    M   4 3      24 210
21  84  63  74   4   0   9    M    M    M  5.0  9 130   M    M   1         M  M
22  81  63  72   2   0   7    M    M    M 15.0 28  50   M    M   4 3      37  50
23  75  57  66  -4   0   1    M    M    M  6.2 10 230   M    M   0         M  M
24  75  59  67  -3   0   2    M    M    M  5.8  9 130   M    M   2         M  M
25  81  61  71   0   0   6    M    M    M  5.1 12 360   M    M   1         M  M
26  77  59  68  -3   0   3    M    M    M  5.6 10  70   M    M   2 3       M  M
27  81  55  68  -3   0   3    M    M    M  4.9  9 190   M    M   1 3       M  M
28  81  64  73   2   0   8    M    M    M  7.1 17 130   M    M   6 3      22 130
29  81  63  72   1   0   7    M    M    M  7.6 14 280   M    M   0         M  M
30  75  63  69  -2   0   4    M    M    M  6.4  9  30   M    M   1         M  M
================================================================================
SM 2338 1802         6 130    M     M    258.7          M      100
================================================================================
AV 77.9 60.1                               8.6 FASTST   M    M   3    MAX(MPH)
                                 MISC ---->    28   M                 37    M
================================================================================
NOTES:
# LAST OF SEVERAL OCCURRENCES

COLUMN 17 PEAK WIND IN M.P.H.

PRELIMINARY LOCAL CLIMATOLOGICAL DATA (WS FORM: F-6) , PAGE 2

                                          STATION:  MANKATO MN
                                          MONTH:    JUNE
                                          YEAR:     2015
                                          LATITUDE:   44 13 N
                                          LONGITUDE:  93 55 W

[TEMPERATURE DATA]      [PRECIPITATION DATA]       SYMBOLS USED IN COLUMN 16

AVERAGE MONTHLY: 69.0   TOTAL FOR MONTH:      M    1 = FOG OR MIST
DPTR FM NORMAL:   1.0   DPTR FM NORMAL:       M    2 = FOG REDUCING VISIBILITY
HIGHEST:    95 ON  9    GRTST 24HR    M  ON   M        TO 1/4 MILE OR LESS
LOWEST:     52 ON  1                               3 = THUNDER
                        SNOW, ICE PELLETS, HAIL    4 = ICE PELLETS
                        TOTAL MONTH:    M          5 = HAIL
                        GRTST 24HR    M  ON   M    6 = FREEZING RAIN OR DRIZZLE
                        GRTST DEPTH:  M  ON   M    7 = DUSTSTORM OR SANDSTORM:
                                                       VSBY 1/2 MILE OR LESS
                                                   8 = SMOKE OR HAZE
[NO. OF DAYS WITH]      [WEATHER - DAYS WITH]      9 = BLOWING SNOW
                                                   X = TORNADO
MAX 32 OR BELOW:   0    0.01 INCH OR MORE:   0
MAX 90 OR ABOVE:   1    0.10 INCH OR MORE:   0
MIN 32 OR BELOW:   0    0.50 INCH OR MORE:   0
MIN  0 OR BELOW:   0    1.00 INCH OR MORE:   0

[HDD (BASE 65) ]
TOTAL THIS MO.     6    CLEAR  (SCALE 0-3)  17
DPTR FM NORMAL   -45    PTCLDY (SCALE 4-7)  10
TOTAL FM JUL 1  7515    CLOUDY (SCALE 8-10)  3
DPTR FM NORMAL  -299

[CDD (BASE 65) ]
TOTAL THIS MO.   130
DPTR FM NORMAL   -11    [PRESSURE DATA]
TOTAL FM JAN 1   150    HIGHEST SLP M ON M
DPTR FM NORMAL   -35    LOWEST  SLP M ON M

[REMARKS]
#FINAL-06-15#
