000
CXUS53 KDVN 241000
CF6MLI
PRELIMINARY LOCAL CLIMATOLOGICAL DATA (WS FORM: F-6)
STATION: MOLINE IL
MONTH: APRIL
YEAR: 2024
LATITUDE: 41 27 N
LONGITUDE: 90 31 W
TEMPERATURE IN F: :PCPN: SNOW: WIND :SUNSHINE: SKY :PK WND
================================================================================
1 2 3 4 5 6A 6B 7 8 9 10 11 12 13 14 15 16 17 18
12Z AVG MX 2MIN
DY MAX MIN AVG DEP HDD CDD WTR SNW DPTH SPD SPD DIR MIN PSBL S-S WX SPD DR
================================================================================
1 50 44 47 1 18 0 0.39 0.0 0 14.0 28 100 M M 10 13 36 110
2 45 33 39 -7 26 0 1.45 0.9 0 15.7 26 310 M M 10 12 39 310
3 39 34 37 -10 28 0 0.11 0.5 T 19.1 28 310 M M 10 18 39 300
4 47 36 42 -5 23 0 0.00 0.0 0 10.7 21 320 M M 10 31 330
5 53 31 42 -6 23 0 0.00 0.0 0 6.7 17 60 M M 7 28 70
6 57 25 41 -7 24 0 0.00 0.0 0 10.7 23 110 M M 0 32 90
7 59 42 51 3 14 0 0.34 0.0 0 17.8 30 110 M M 5 1 41 130
8 71 45 58 9 7 0 0.00 0.0 0 8.5 20 230 M M 2 29 220
9 64 41 53 4 12 0 0.00 0.0 0 7.2 18 310 M M 0 28 310
10 71 38 55 6 10 0 0.00 0.0 0 2.5 9 60 M M 1 14 90
11 68 48 58 8 7 0 0.08 0.0 0 11.2 28 290 M M 4 1 42 310
12 65 44 55 5 10 0 0.27 0.0 0 16.9 31 300 M M 3 1 45 300
13 79 36 58 8 7 0 0.00 0.0 0 8.7 20 180 M M 0 29 210
14 85 63 74 23 0 9 0.00 0.0 0 9.0 20 270 M M 0 25 270
15 79 48 64 13 1 0 0.00 0.0 0 9.4 18 60 M M 0 25 80
16 79 58 69 17 0 4 1.12 0.0 0 17.1 32 130 M M 4 13 46 130
17 69 44 57 5 8 0 T 0.0 0 14.8 32 270 M M 7 44 300
18 54 41 48 -4 17 0 0.62 0.0 0 7.6 15 330 M M 7 1 22 320
19 57 35 46 -7 19 0 0.00 0.0 0 13.5 29 280 M M 0 40 280
20 45 34 40 -13 25 0 0.00 0.0 0 12.4 23 300 M M 5 32 270
21 60 31 46 -8 19 0 0.00 0.0 0 7.7 22 270 M M 0 28 280
22 66 36 51 -3 14 0 0.00 0.0 0 11.6 26 210 M M 2 37 220
23 72 48 60 6 5 0 T 0.0 0 13.9 29 300 M M 2 42 270
================================================================================
SM 1434 935 317 13 4.38 1.4 266.7 M 89
================================================================================
AV 62.3 40.7 11.6 FASTST M M 4 MAX(MPH)
MISC ----> # 32 130 46 130
================================================================================
NOTES:
# LAST OF SEVERAL OCCURRENCES
COLUMN 17 PEAK WIND IN M.P.H.
PRELIMINARY LOCAL CLIMATOLOGICAL DATA (WS FORM: F-6) , PAGE 2
STATION: MOLINE IL
MONTH: APRIL
YEAR: 2024
LATITUDE: 41 27 N
LONGITUDE: 90 31 W
[TEMPERATURE DATA] [PRECIPITATION DATA] SYMBOLS USED IN COLUMN 16
AVERAGE MONTHLY: 51.5 TOTAL FOR MONTH: 4.38 1 = FOG OR MIST
DPTR FM NORMAL: 1.4 DPTR FM NORMAL: 1.61 2 = FOG REDUCING VISIBILITY
HIGHEST: 85 ON 14 GRTST 24HR 1.68 ON 1- 2 TO 1/4 MILE OR LESS
LOWEST: 25 ON 6 3 = THUNDER
SNOW, ICE PELLETS, HAIL 4 = ICE PELLETS
TOTAL MONTH: 1.4 INCHES 5 = HAIL
GRTST 24HR 0.9 ON 2- 2 6 = FREEZING RAIN OR DRIZZLE
GRTST DEPTH: T 7 = DUSTSTORM OR SANDSTORM:
VSBY 1/2 MILE OR LESS
8 = SMOKE OR HAZE
[NO. OF DAYS WITH] [WEATHER - DAYS WITH] 9 = BLOWING SNOW
X = TORNADO
MAX 32 OR BELOW: 0 0.01 INCH OR MORE: 8
MAX 90 OR ABOVE: 0 0.10 INCH OR MORE: 7
MIN 32 OR BELOW: 3 0.50 INCH OR MORE: 3
MIN 0 OR BELOW: 0 1.00 INCH OR MORE: 2
[HDD (BASE 65) ]
TOTAL THIS MO. 317 CLEAR (SCALE 0-3) 12
DPTR FM NORMAL -31 PTCLDY (SCALE 4-7) 7
TOTAL FM JUL 1 4783 CLOUDY (SCALE 8-10) 4
DPTR FM NORMAL -1003
[CDD (BASE 65) ]
TOTAL THIS MO. 13
DPTR FM NORMAL 13 [PRESSURE DATA]
TOTAL FM JAN 1 13 HIGHEST SLP M ON M
DPTR FM NORMAL 11 LOWEST SLP 29.39 ON 3
[REMARKS]