000
CXUS51 KCAR 190600
CF6MLT
PRELIMINARY LOCAL CLIMATOLOGICAL DATA (WS FORM: F-6)

                                          STATION:   MILLINOCKET ME
                                          MONTH:     OCTOBER
                                          YEAR:      2017
                                          LATITUDE:   45 39 N
                                          LONGITUDE:  68 41 W

  TEMPERATURE IN F:       :PCPN:    SNOW:  WIND      :SUNSHINE: SKY     :PK WND
================================================================================
1   2   3   4   5  6A  6B    7    8   9   10  11  12  13   14  15   16   17  18
                                     12Z  AVG MX 2MIN
DY MAX MIN AVG DEP HDD CDD  WTR  SNW DPTH SPD SPD DIR MIN PSBL S-S WX    SPD DR
================================================================================

 1  65  32  49  -2  16   0 0.00    M    M  6.5 18 300   M    M   0 1      28 300
 2  61  33  47  -3  18   0 0.00    M    M  5.9 17  30   M    M   0        24  30
 3  65  28  47  -3  18   0 0.00    M    M  2.8  8 240   M    M   1 12     16 210
 4  75  45  60  10   5   0 0.02    M    M  3.2 10 190   M    M   3 12     18 180
 5  68  55  62  13   3   0 0.02    M    M  5.8 16 300   M    M   4 1      23 280
 6  65  40  53   4  12   0 0.01    M    M  2.9 17 310   M    M   4 1      26 310
 7  65  38  52   4  13   0    T    M    M  2.8 10 180   M    M   9 12     19 150
 8  70  57  64  16   1   0 0.34    M    M  3.6 14 290   M    M   7 1      22 250
 9  64  54  59  11   6   0 1.22    M    M  2.8 10  90   M    M   6 1      13  90
10  73  57  65  18   0   0 0.00    M    M  6.6 20 310   M    M   5 1      26 310
11  58  37  48   1  17   0 0.00    M    M  4.7 14 340   M    M   0        20 330
12  59  30  45  -2  20   0 0.00    M    M  1.6  9 310   M    M   1 12     13 300
13  60  29  45  -1  20   0 0.00    M    M  3.8 12 180   M    M   3 12     21 180
14  64  50  57  11   8   0 0.00    M    M  2.8  9 230   M    M   8        17 260
15  66  53  60  14   5   0    T    M    M  4.6 16 190   M    M   8 1      28 180
16  66  36  51   6  14   0    T    M    M  9.0 24 300   M    M   8        36 290
17  53  28  41  -4  24   0 0.00    M    M  4.6 14 310   M    M   3        22 330
18  64  36  50   5  15   0 0.00    M    M  4.8 22 310   M    M   1        34 310
================================================================================
SM 1161  738       215   0  1.61    M     78.8          M       71
================================================================================
AV 64.5 41.0                               4.4 FASTST   M    M   4    MAX(MPH)
                                 MISC ---->  # 24 300               # 36  290
================================================================================
NOTES:
# LAST OF SEVERAL OCCURRENCES

COLUMN 17 PEAK WIND IN M.P.H.

PRELIMINARY LOCAL CLIMATOLOGICAL DATA (WS FORM: F-6) , PAGE 2

                                          STATION:  MILLINOCKET ME
                                          MONTH:    OCTOBER
                                          YEAR:     2017
                                          LATITUDE:   45 39 N
                                          LONGITUDE:  68 41 W

[TEMPERATURE DATA]      [PRECIPITATION DATA]       SYMBOLS USED IN COLUMN 16

AVERAGE MONTHLY: 52.8   TOTAL FOR MONTH:   1.61    1 = FOG OR MIST
DPTR FM NORMAL:   5.1   DPTR FM NORMAL:   -0.89    2 = FOG REDUCING VISIBILITY
HIGHEST:    75 ON  4    GRTST 24HR  1.22 ON  9- 9      TO 1/4 MILE OR LESS
LOWEST:     28 ON 17, 3                            3 = THUNDER
                        SNOW, ICE PELLETS, HAIL    4 = ICE PELLETS
                        TOTAL MONTH:    M          5 = HAIL
                        GRTST 24HR    M  ON   M    6 = FREEZING RAIN OR DRIZZLE
                        GRTST DEPTH:  M  ON   M    7 = DUSTSTORM OR SANDSTORM:
                                                       VSBY 1/2 MILE OR LESS
                                                   8 = SMOKE OR HAZE
[NO. OF DAYS WITH]      [WEATHER - DAYS WITH]      9 = BLOWING SNOW
                                                   X = TORNADO
MAX 32 OR BELOW:   0    0.01 INCH OR MORE:   5
MAX 90 OR ABOVE:   0    0.10 INCH OR MORE:   2
MIN 32 OR BELOW:   5    0.50 INCH OR MORE:   1
MIN  0 OR BELOW:   0    1.00 INCH OR MORE:   1

[HDD (BASE 65) ]
TOTAL THIS MO.   215    CLEAR  (SCALE 0-3)   8
DPTR FM NORMAL   -98    PTCLDY (SCALE 4-7)   7
TOTAL FM JUL 1   435    CLOUDY (SCALE 8-10)  3
DPTR FM NORMAL  -206

[CDD (BASE 65) ]
TOTAL THIS MO.     0
DPTR FM NORMAL     0    [PRESSURE DATA]
TOTAL FM JAN 1   263    HIGHEST SLP M ON M
DPTR FM NORMAL    -5    LOWEST  SLP 29.34 ON 15

[REMARKS]
